{"id":1776,"date":"2020-01-31T14:24:36","date_gmt":"2020-01-31T13:24:36","guid":{"rendered":"https:\/\/us.edu.pl\/wydzial\/wsne\/?page_id=1776"},"modified":"2020-01-31T14:24:36","modified_gmt":"2020-01-31T13:24:36","slug":"niemy-chor","status":"publish","type":"page","link":"https:\/\/us.edu.pl\/wydzial\/wsne\/niemy-chor\/","title":{"rendered":"Niemy Ch\u00f3r"},"content":{"rendered":"<p>Od grudnia 2016 roku w Cieszynie dzia\u0142a \u201e\u201eNiemy\u201d Ch\u00f3r Uniwersytetu \u015al\u0105skiego\u201d, kt\u00f3ry interpretuje utwory muzyczne w j\u0119zyku migowym. Ch\u00f3r dzia\u0142a pod Ko\u0142em Naukowym Pedagog\u00f3w na Wydziale Sztuki i Nauk o Edukacji w Cieszynie. Ch\u00f3rzy\u015bci to studenci, cz\u0142onkowie Ko\u0142a Naukowego Pedagog\u00f3w, absolwenci Uniwersytetu, pracownicy, to osoby z wadami s\u0142uchu, jak i s\u0142ysz\u0105ce.<br \/>\nOpiekunem i dyrygentem ch\u00f3ru jest mgr Anna Wojtas-Rduch, doktorantka Akademii Pedagogiki Specjalnej w Warszawie, t\u0142umacz j\u0119zyka migowego i surdopedagog.<br \/>\n&#8222;Niemy&#8221; Ch\u00f3r wykonuje utwory w wyst\u0119pach na \u017cywo, jak r\u00f3wnie\u017c w studenckich teledyskach realizowanych przez absolwentk\u0119 Uniwersytetu \u015al\u0105skiego Alicj\u0119 Drabik.<\/p>\n<p>1. <a href=\"https:\/\/www.youtube.com\/watch?v=wduDzTQ3IFM&amp;amp;t=6s\">&#8222;Merry Christmas Everyone&#8221;<\/a><br \/>\n2. <a href=\"https:\/\/www.youtube.com\/watch?v=WbUfHHWeBF0&amp;amp;t=85s\">&#8222;I want to break free&#8221;<\/a><br \/>\n3.<a href=\"https:\/\/www.youtube.com\/watch?v=Z6MEjA0mA4k&amp;amp;t=113s\"> &#8222;B\u00f3g w Betlejem znalaz\u0142 dom&#8221;<\/a><br \/>\n4.<a href=\"https:\/\/www.youtube.com\/watch?v=gIuIqMnT73s\"> &#8222;P\u00f3\u0142 kroku st\u0105d&#8221;<\/a><br \/>\n5. <a href=\"https:\/\/www.youtube.com\/watch?v=NdeanQ27V0s\">&#8222;Gore gwiozda&#8221;<\/a><br \/>\n6.<a href=\"https:\/\/www.youtube.com\/watch?v=Sv3DtKV7PdQ\"> &#8222;Or\u0142a cie\u0144&#8221;<\/a><br \/>\n7. <a href=\"https:\/\/www.youtube.com\/watch?v=YyEPT0BWiDE&amp;amp;t=5s\">&#8222;Cicha noc&#8221;<\/a><\/p>","protected":false},"excerpt":{"rendered":"<p>Od grudnia 2016 roku w Cieszynie dzia\u0142a \u201e\u201eNiemy\u201d Ch\u00f3r Uniwersytetu \u015al\u0105skiego\u201d, kt\u00f3ry interpretuje utwory muzyczne w j\u0119zyku migowym. Ch\u00f3r dzia\u0142a pod Ko\u0142em Naukowym Pedagog\u00f3w na Wydziale Sztuki i Nauk o Edukacji w Cieszynie. Ch\u00f3rzy\u015bci to studenci, cz\u0142onkowie Ko\u0142a Naukowego Pedagog\u00f3w, absolwenci Uniwersytetu, pracownicy, to osoby z wadami s\u0142uchu, jak i s\u0142ysz\u0105ce. Opiekunem i dyrygentem ch\u00f3ru [&#8230;]<\/p>\n<p><a class=\"btn btn-secondary understrap-read-more-link\" href=\"https:\/\/us.edu.pl\/wydzial\/wsne\/niemy-chor\/\">Read More&#8230;<\/a><\/p>\n","protected":false},"author":110,"featured_media":0,"parent":0,"menu_order":0,"comment_status":"closed","ping_status":"closed","template":"page-templates\/inner-page.php","meta":{"_expiration-date-status":"saved","_expiration-date":0,"_expiration-date-type":"","_expiration-date-categories":[],"_expiration-date-options":[]},"acf":[],"_links":{"self":[{"href":"https:\/\/us.edu.pl\/wydzial\/wsne\/wp-json\/wp\/v2\/pages\/1776"}],"collection":[{"href":"https:\/\/us.edu.pl\/wydzial\/wsne\/wp-json\/wp\/v2\/pages"}],"about":[{"href":"https:\/\/us.edu.pl\/wydzial\/wsne\/wp-json\/wp\/v2\/types\/page"}],"author":[{"embeddable":true,"href":"https:\/\/us.edu.pl\/wydzial\/wsne\/wp-json\/wp\/v2\/users\/110"}],"replies":[{"embeddable":true,"href":"https:\/\/us.edu.pl\/wydzial\/wsne\/wp-json\/wp\/v2\/comments?post=1776"}],"version-history":[{"count":1,"href":"https:\/\/us.edu.pl\/wydzial\/wsne\/wp-json\/wp\/v2\/pages\/1776\/revisions"}],"predecessor-version":[{"id":1777,"href":"https:\/\/us.edu.pl\/wydzial\/wsne\/wp-json\/wp\/v2\/pages\/1776\/revisions\/1777"}],"wp:attachment":[{"href":"https:\/\/us.edu.pl\/wydzial\/wsne\/wp-json\/wp\/v2\/media?parent=1776"}],"curies":[{"name":"wp","href":"https:\/\/api.w.org\/{rel}","templated":true}]}}

Niemy Chór

<p>Od grudnia 2016 roku w Cieszynie działa „„Niemy” Chór Uniwersytetu Śląskiego”, który interpretuje utwory muzyczne w języku migowym. Chór działa pod Kołem Naukowym Pedagogów na Wydziale Sztuki i Nauk o Edukacji w Cieszynie. Chórzyści to studenci, członkowie Koła Naukowego Pedagogów, absolwenci Uniwersytetu, pracownicy, to osoby z wadami słuchu, jak i słyszące.<br />
Opiekunem i dyrygentem chóru jest mgr Anna Wojtas-Rduch, doktorantka Akademii Pedagogiki Specjalnej w Warszawie, tłumacz języka migowego i surdopedagog.<br />
&#8222;Niemy&#8221; Chór wykonuje utwory w występach na żywo, jak również w studenckich teledyskach realizowanych przez absolwentkę Uniwersytetu Śląskiego Alicję Drabik.</p>
<p>1. <a href="https://www.youtube.com/watch?v=wduDzTQ3IFM&amp;amp;t=6s">&#8222;Merry Christmas Everyone&#8221;</a><br />
2. <a href="https://www.youtube.com/watch?v=WbUfHHWeBF0&amp;amp;t=85s">&#8222;I want to break free&#8221;</a><br />
3.<a href="https://www.youtube.com/watch?v=Z6MEjA0mA4k&amp;amp;t=113s"> &#8222;Bóg w Betlejem znalazł dom&#8221;</a><br />
4.<a href="https://www.youtube.com/watch?v=gIuIqMnT73s"> &#8222;Pół kroku stąd&#8221;</a><br />
5. <a href="https://www.youtube.com/watch?v=NdeanQ27V0s">&#8222;Gore gwiozda&#8221;</a><br />
6.<a href="https://www.youtube.com/watch?v=Sv3DtKV7PdQ"> &#8222;Orła cień&#8221;</a><br />
7. <a href="https://www.youtube.com/watch?v=YyEPT0BWiDE&amp;amp;t=5s">&#8222;Cicha noc&#8221;</a></p>

<p>Od grudnia 2016 roku w Cieszynie działa „„Niemy” Chór Uniwersytetu Śląskiego”, który interpretuje utwory muzyczne w języku migowym. Chór działa pod Kołem Naukowym Pedagogów na Wydziale Sztuki i Nauk o Edukacji w Cieszynie. Chórzyści to studenci, członkowie Koła Naukowego Pedagogów, absolwenci Uniwersytetu, pracownicy, to osoby z wadami słuchu, jak i słyszące. Opiekunem i dyrygentem chóru [&#8230;]</p>
<p><a class="btn btn-secondary understrap-read-more-link" href="https://us.edu.pl/wydzial/wsne/niemy-chor/">Read More&#8230;</a></p>
