{"id":1861,"date":"2020-02-07T15:19:46","date_gmt":"2020-02-07T14:19:46","guid":{"rendered":"https:\/\/us.edu.pl\/wydzial\/wsne\/?page_id=1861"},"modified":"2026-02-19T11:36:30","modified_gmt":"2026-02-19T10:36:30","slug":"administracja","status":"publish","type":"page","link":"https:\/\/us.edu.pl\/wydzial\/wsne\/o-wydziale\/administracja\/","title":{"rendered":"Administracja"},"content":{"rendered":"<p><\/p>\n<h4><strong>KANCLERZ UNIWERSYTETU \u015aL\u0104SKIEGO<\/strong><\/h4>\n<p><img class=\"alignnone wp-image-1949 size-thumbnail\" src=\"https:\/\/us.edu.pl\/wydzial\/wsne\/wp-content\/uploads\/sites\/20\/Nieprzypisane\/Dariusz-Laska-150x150.jpg\" alt=\"\" width=\"150\" height=\"150\" \/>\u00a0mgr Dariusz Laska<\/p>\n<p>pok. G1.7, tel. 338546318, dariusz.laska@us.edu.pl<\/p>\n<h4><strong>Administracja Wydzia\u0142u Sztuki i Nauk o Edukacji<\/strong><\/h4>\n<h4><strong>KIEROWNIK ORGANIZACYJNY WYDZIA\u0141U<\/strong><\/h4>\n<p><img class=\"alignnone wp-image-1950 size-thumbnail\" src=\"https:\/\/us.edu.pl\/wydzial\/wsne\/wp-content\/uploads\/sites\/20\/Nieprzypisane\/Ewa-Daczkowska-Klorczyk-150x150.jpg\" alt=\"\" width=\"150\" height=\"150\" \/>\u00a0mgr in\u017c. Ewa Daczkowska-Klorczyk<\/p>\n<p>pok. B3.2, tel. 338546341, ewa.daczkowska-klorczyk@us.edu.pl<\/p>\n<ul style=\"list-style-type: square;\">\n<li><strong><span style=\"font-size: 14pt;\"><a href=\"https:\/\/us.edu.pl\/wydzial\/wsne\/ksztalcenie\/student-wydzialu\/dziekanat\/\">Dziekanat Wydzia\u0142u Sztuki i Nauk o Edukacji<\/a><\/span><\/strong><\/li>\n<li><strong><span style=\"font-size: 14pt;\"><a href=\"https:\/\/us.edu.pl\/wydzial\/wsne\/biuro-ewaluacji-i-obslugi-instytutow\/\">Biuro Ewaluacji i Obs\u0142ugi Instytut\u00f3w<\/a><\/span><\/strong><\/li>\n<li><strong><span style=\"font-size: 14pt;\"><a href=\"https:\/\/us.edu.pl\/wydzial\/wsne\/zespol-ds-projektow-wydzialu-sztuki-i-nauk-o-edukacji\/\">Zesp\u00f3\u0142 ds. Projekt\u00f3w Wydzia\u0142u Sztuki i Nauk o Edukacji<\/a><\/span><\/strong><\/li>\n<li><strong><span style=\"font-size: 14pt;\"><a href=\"https:\/\/us.edu.pl\/wydzial\/wsne\/biuro-organizacyjne-wydzialu-sztuki-i-nauk-o-edukacji\/\">Biuro Organizacyjne Wydzia\u0142u Sztuki i Nauk o Edukacji<\/a><\/span><\/strong><\/li>\n<li><strong><span style=\"font-size: 14pt;\"><a href=\"https:\/\/us.edu.pl\/wydzial\/wsne\/biuro-ds-infrastruktury-artystyczno-badawczo-dydaktycznej-wydzialu-sztuki-i-nauk-o-edukacji\/\">Biuro ds. Infrastruktury Artystyczno-Badawczo-Dydaktycznej Wydzia\u0142u Sztuki i Nauk o Edukacji<\/a><\/span><\/strong><\/li>\n<\/ul>\n<p>&nbsp;<\/p>\n<h4><strong>Administracja Kampusu Cieszy\u0144skiego<\/strong><\/h4>\n<p><\/p>","protected":false},"excerpt":{"rendered":"<p>KANCLERZ UNIWERSYTETU \u015aL\u0104SKIEGO \u00a0mgr Dariusz Laska pok. G1.7, tel. 338546318, dariusz.laska@us.edu.pl Administracja Wydzia\u0142u Sztuki i Nauk o Edukacji KIEROWNIK ORGANIZACYJNY WYDZIA\u0141U \u00a0mgr in\u017c. Ewa Daczkowska-Klorczyk pok. B3.2, tel. 338546341, ewa.daczkowska-klorczyk@us.edu.pl Dziekanat Wydzia\u0142u Sztuki i Nauk o Edukacji Biuro Ewaluacji i Obs\u0142ugi Instytut\u00f3w Zesp\u00f3\u0142 ds. Projekt\u00f3w Wydzia\u0142u Sztuki i Nauk o Edukacji Biuro Organizacyjne Wydzia\u0142u Sztuki [&#8230;]<\/p>\n<p><a class=\"btn btn-secondary understrap-read-more-link\" href=\"https:\/\/us.edu.pl\/wydzial\/wsne\/o-wydziale\/administracja\/\">Read More&#8230;<\/a><\/p>\n","protected":false},"author":110,"featured_media":0,"parent":583,"menu_order":0,"comment_status":"closed","ping_status":"closed","template":"page-templates\/inner-page-with-bookmarks.php","meta":{"_expiration-date-status":"","_expiration-date":0,"_expiration-date-type":"","_expiration-date-categories":[],"_expiration-date-options":[]},"acf":[],"_links":{"self":[{"href":"https:\/\/us.edu.pl\/wydzial\/wsne\/wp-json\/wp\/v2\/pages\/1861"}],"collection":[{"href":"https:\/\/us.edu.pl\/wydzial\/wsne\/wp-json\/wp\/v2\/pages"}],"about":[{"href":"https:\/\/us.edu.pl\/wydzial\/wsne\/wp-json\/wp\/v2\/types\/page"}],"author":[{"embeddable":true,"href":"https:\/\/us.edu.pl\/wydzial\/wsne\/wp-json\/wp\/v2\/users\/110"}],"replies":[{"embeddable":true,"href":"https:\/\/us.edu.pl\/wydzial\/wsne\/wp-json\/wp\/v2\/comments?post=1861"}],"version-history":[{"count":10,"href":"https:\/\/us.edu.pl\/wydzial\/wsne\/wp-json\/wp\/v2\/pages\/1861\/revisions"}],"predecessor-version":[{"id":173627,"href":"https:\/\/us.edu.pl\/wydzial\/wsne\/wp-json\/wp\/v2\/pages\/1861\/revisions\/173627"}],"up":[{"embeddable":true,"href":"https:\/\/us.edu.pl\/wydzial\/wsne\/wp-json\/wp\/v2\/pages\/583"}],"wp:attachment":[{"href":"https:\/\/us.edu.pl\/wydzial\/wsne\/wp-json\/wp\/v2\/media?parent=1861"}],"curies":[{"name":"wp","href":"https:\/\/api.w.org\/{rel}","templated":true}]}}