{"id":2164,"date":"2020-03-02T13:33:53","date_gmt":"2020-03-02T12:33:53","guid":{"rendered":"https:\/\/us.edu.pl\/wydzial\/wsne\/?page_id=2164"},"modified":"2024-09-18T11:59:10","modified_gmt":"2024-09-18T09:59:10","slug":"zespol-ds-projektow-wydzialu-sztuki-i-nauk-o-edukacji","status":"publish","type":"page","link":"https:\/\/us.edu.pl\/wydzial\/wsne\/zespol-ds-projektow-wydzialu-sztuki-i-nauk-o-edukacji\/","title":{"rendered":"Zesp\u00f3\u0142 ds. Projekt\u00f3w Wydzia\u0142u Sztuki i Nauk o Edukacji"},"content":{"rendered":"<p>mgr Edyta Diakowska-Kohut<\/p>\n<p>Adres: ul. Bielska 62, 43-400 Cieszyn<\/p>\n<p>Pok\u00f3j: B3.3<\/p>\n<p>Telefon: 33 8546115<\/p>\n<p>Email: edyta.diakowska-kohut@us.edu.pl<\/p>\n<p>&nbsp;<\/p>\n<p>lic. Agata Korzistka-Moska\u0142a<\/p>\n<p>Adres: ul. Bielska 62, 43-400 Cieszyn<\/p>\n<p>Pok\u00f3j: B3.3<\/p>\n<p>tel. 33 8546 496<\/p>\n<p>Email: agata.korzistka-moskala@us.edu.pl<\/p>\n<p>&nbsp;<\/p>","protected":false},"excerpt":{"rendered":"<p>mgr Edyta Diakowska-Kohut Adres: ul. Bielska 62, 43-400 Cieszyn Pok\u00f3j: B3.3 Telefon: 33 8546115 Email: edyta.diakowska-kohut@us.edu.pl &nbsp; lic. Agata Korzistka-Moska\u0142a Adres: ul. Bielska 62, 43-400 Cieszyn Pok\u00f3j: B3.3 tel. 33 8546 496 Email: agata.korzistka-moskala@us.edu.pl &nbsp; [&#8230;]<\/p>\n<p><a class=\"btn btn-secondary understrap-read-more-link\" href=\"https:\/\/us.edu.pl\/wydzial\/wsne\/zespol-ds-projektow-wydzialu-sztuki-i-nauk-o-edukacji\/\">Read More&#8230;<\/a><\/p>\n","protected":false},"author":110,"featured_media":0,"parent":0,"menu_order":0,"comment_status":"closed","ping_status":"closed","template":"page-templates\/inner-page.php","meta":{"_expiration-date-status":"","_expiration-date":0,"_expiration-date-type":"","_expiration-date-categories":[],"_expiration-date-options":[]},"acf":[],"_links":{"self":[{"href":"https:\/\/us.edu.pl\/wydzial\/wsne\/wp-json\/wp\/v2\/pages\/2164"}],"collection":[{"href":"https:\/\/us.edu.pl\/wydzial\/wsne\/wp-json\/wp\/v2\/pages"}],"about":[{"href":"https:\/\/us.edu.pl\/wydzial\/wsne\/wp-json\/wp\/v2\/types\/page"}],"author":[{"embeddable":true,"href":"https:\/\/us.edu.pl\/wydzial\/wsne\/wp-json\/wp\/v2\/users\/110"}],"replies":[{"embeddable":true,"href":"https:\/\/us.edu.pl\/wydzial\/wsne\/wp-json\/wp\/v2\/comments?post=2164"}],"version-history":[{"count":6,"href":"https:\/\/us.edu.pl\/wydzial\/wsne\/wp-json\/wp\/v2\/pages\/2164\/revisions"}],"predecessor-version":[{"id":161931,"href":"https:\/\/us.edu.pl\/wydzial\/wsne\/wp-json\/wp\/v2\/pages\/2164\/revisions\/161931"}],"wp:attachment":[{"href":"https:\/\/us.edu.pl\/wydzial\/wsne\/wp-json\/wp\/v2\/media?parent=2164"}],"curies":[{"name":"wp","href":"https:\/\/api.w.org\/{rel}","templated":true}]}}