{"id":2175,"date":"2020-03-02T14:13:41","date_gmt":"2020-03-02T13:13:41","guid":{"rendered":"https:\/\/us.edu.pl\/wydzial\/wsne\/?page_id=2175"},"modified":"2024-05-14T09:56:37","modified_gmt":"2024-05-14T07:56:37","slug":"biblioteka-i-czytelnia","status":"publish","type":"page","link":"https:\/\/us.edu.pl\/wydzial\/wsne\/biblioteka-i-czytelnia\/","title":{"rendered":"Biblioteka i czytelnia"},"content":{"rendered":"<p>GODZINY PRACY<\/p>\n<div class=\"row\">\n<div class=\"col-xs-12 col-sm-6 col-md-6 col-lg-6\">\n<p><strong>Wypo\u017cyczalnia<\/strong><\/p>\n<p>poniedzia\u0142ek: 9.00\u201317.00<\/p>\n<p>wtorek: 9.00\u201317.00<\/p>\n<p>\u015broda: 9.00\u201317.00<\/p>\n<p>czwartek: 9.00\u201317.00<\/p>\n<p>pi\u0105tek: 9.00\u201316.00<\/p>\n<p>sobota: 9.00\u201315.00<\/p>\n<\/div>\n<div class=\"col-xs-12 col-sm-6 col-md-6 col-lg-6\">\n<p><strong>Czytelnia ksi\u0105\u017cek i czytelnia czasopism<\/strong><\/p>\n<p>poniedzia\u0142ek\u2013czwartek: 9.00\u201317.00<\/p>\n<p>pi\u0105tek: 9.00\u201316.00<\/p>\n<p>sobota: 9.00\u201315.00<\/p>\n<\/div>\n<\/div>\n<p>KONTAKT<\/p>\n<p>ul. Niemcewicza 8, 43-400 Cieszyn<\/p>\n<p><strong>Adres do korespondencji:<\/strong><\/p>\n<p lang=\"zxx\" xml:lang=\"zxx\">ul. Bielska 62<br \/>\n43 \u2013 400 Cieszyn<\/p>\n<p lang=\"zxx\" xml:lang=\"zxx\">Telefon centrali: (+48) \u2013 33 \u2013 8546 103,<\/p>\n<p lang=\"zxx\" xml:lang=\"zxx\"><strong>Wypo\u017cyczalnia<\/strong>: tel. 33 85 46\u00a0444<\/p>\n<div class=\"row\">\n<div class=\"col-xs-12 col-sm-6 col-md-6 col-lg-6\">\n<p><strong>Czytelnia<\/strong>: tel. 33 85 46\u00a0442<\/p>\n<p><strong>Czytelnia czasopism<\/strong>: tel. 33 85 46 443<\/p>\n<\/div>\n<div class=\"col-xs-12 col-sm-6 col-md-6 col-lg-6\">\n<p><strong>Kierownik biblioteki:<\/strong><\/p>\n<p>Aneta W\u0119glarzy<\/p>\n<p>tel. 33 85 46 440, e-mail: <a href=\"mailto:aneta.weglarzy@us.edu.pl\">aneta.weglarzy@us.edu.pl<\/a><\/p>\n<\/div>\n<\/div>\n<p><\/p>","protected":false},"excerpt":{"rendered":"<p>GODZINY PRACY Wypo\u017cyczalnia poniedzia\u0142ek: 9.00\u201317.00 wtorek: 9.00\u201317.00 \u015broda: 9.00\u201317.00 czwartek: 9.00\u201317.00 pi\u0105tek: 9.00\u201316.00 sobota: 9.00\u201315.00 Czytelnia ksi\u0105\u017cek i czytelnia czasopism poniedzia\u0142ek\u2013czwartek: 9.00\u201317.00 pi\u0105tek: 9.00\u201316.00 sobota: 9.00\u201315.00 KONTAKT ul. Niemcewicza 8, 43-400 Cieszyn Adres do korespondencji: ul. Bielska 62 43 \u2013 400 Cieszyn Telefon centrali: (+48) \u2013 33 \u2013 8546 103, Wypo\u017cyczalnia: tel. 33 85 46\u00a0444 [&#8230;]<\/p>\n<p><a class=\"btn btn-secondary understrap-read-more-link\" href=\"https:\/\/us.edu.pl\/wydzial\/wsne\/biblioteka-i-czytelnia\/\">Read More&#8230;<\/a><\/p>\n","protected":false},"author":110,"featured_media":0,"parent":0,"menu_order":0,"comment_status":"closed","ping_status":"closed","template":"page-templates\/inner-page.php","meta":{"_expiration-date-status":"","_expiration-date":0,"_expiration-date-type":"","_expiration-date-categories":[],"_expiration-date-options":[]},"acf":[],"_links":{"self":[{"href":"https:\/\/us.edu.pl\/wydzial\/wsne\/wp-json\/wp\/v2\/pages\/2175"}],"collection":[{"href":"https:\/\/us.edu.pl\/wydzial\/wsne\/wp-json\/wp\/v2\/pages"}],"about":[{"href":"https:\/\/us.edu.pl\/wydzial\/wsne\/wp-json\/wp\/v2\/types\/page"}],"author":[{"embeddable":true,"href":"https:\/\/us.edu.pl\/wydzial\/wsne\/wp-json\/wp\/v2\/users\/110"}],"replies":[{"embeddable":true,"href":"https:\/\/us.edu.pl\/wydzial\/wsne\/wp-json\/wp\/v2\/comments?post=2175"}],"version-history":[{"count":3,"href":"https:\/\/us.edu.pl\/wydzial\/wsne\/wp-json\/wp\/v2\/pages\/2175\/revisions"}],"predecessor-version":[{"id":161134,"href":"https:\/\/us.edu.pl\/wydzial\/wsne\/wp-json\/wp\/v2\/pages\/2175\/revisions\/161134"}],"wp:attachment":[{"href":"https:\/\/us.edu.pl\/wydzial\/wsne\/wp-json\/wp\/v2\/media?parent=2175"}],"curies":[{"name":"wp","href":"https:\/\/api.w.org\/{rel}","templated":true}]}}