{"id":2581,"date":"2020-04-07T14:06:16","date_gmt":"2020-04-07T12:06:16","guid":{"rendered":"https:\/\/us.edu.pl\/wydzial\/wsne\/?page_id=2581"},"modified":"2024-05-21T10:05:05","modified_gmt":"2024-05-21T08:05:05","slug":"scientific-programme-committee","status":"publish","type":"page","link":"https:\/\/us.edu.pl\/wydzial\/wsne\/scientific-programme-committee\/","title":{"rendered":"Scientific Programme Committee"},"content":{"rendered":"<p><\/p>\n<h3>Scientific Programme Committee<\/h3>\n<p>&nbsp;<\/p>\n<p>Xabier Basogain \u2013 University of the Basque Country, Spain,<br \/>\nFilipe Carrera \u2013 Lisbon University, Portugal,<br \/>\nSixto Cubo \u2013 University of Extremadura, Spain,<br \/>\nMartin Drlik \u2013 Constantine the Philosopher University in Nitra, Slovak Republic,<br \/>\nPrudencia Guti\u00e9rrez Esteban \u2013 University of Extremadura, Spain,<br \/>\nFranz Feiner \u2013 Catholic University College for Education, Graz, Austria,<br \/>\nZenon Gajdzica \u2013 University of Silesia in Katowice, Poland,<br \/>\nPedro Iasias, University of Aberta, Lisbone, Portugal,<br \/>\nTomayess Issa \u2013 Curtin University in Perth, Australia,<br \/>\nPiet Kommers \u2013 University of Twente, The Netherlands,<br \/>\nKate\u0159ina Kostol\u00e1nyov\u00e1 \u2013 University of Ostrava, Czech Republic,<br \/>\nStefan M. Kwiatkowski \u2013 Rector of the Maria Grzegorzewska Academy of Special Education, Poland<br \/>\nJosef Malach \u2013 University of Ostrava, Czech Republic,<br \/>\nElspeth McKay \u2013 Royal Melbourne Institute of Technology, Australia,<br \/>\nNatalia Morze \u2013 Borys Grinchenko Kyiv University, Ukraine,<br \/>\nTatiana Noskova \u2013 Herzen State Pedagogical University of Russia, St.Petersburg,<br \/>\nMaria Potes Barbas \u2013 Polytechnic Institute of Santar\u00e9m, the Open University in Lisbon, Portugal,<br \/>\nMa\u0142gorzata Przyby\u0142a-Kasperek \u2013 University of Silesia in Katowice, Poland<br \/>\nAnt\u00f3nio dos Reis \u2013 The Graal Institute, Portugal,<br \/>\nGeorge Siemens \u2013 Athabasca University, Canada<br \/>\nEugenia Smyrnova-Trybulska \u2013 University of Silesia in Katowice, Poland,<br \/>\nMaciej M.Sys\u0142o \u2013 University of Wroc\u0142aw; UMK Toru\u0144, Poland,<br \/>\nHalina Wid\u0142a \u2013 University of Silesia in Katowice, Poland,<br \/>\nZygmunt Wr\u00f3bel \u2013 University of Silesia in Katowice, Poland,<br \/>\nMiroslav Zhaldak \u2013 Dragomanov National Pedagogical University in Kyiv, Ukraine<\/p>","protected":false},"excerpt":{"rendered":"<p>Scientific Programme Committee &nbsp; Xabier Basogain \u2013 University of the Basque Country, Spain, Filipe Carrera \u2013 Lisbon University, Portugal, Sixto Cubo \u2013 University of Extremadura, Spain, Martin Drlik \u2013 Constantine the Philosopher University in Nitra, Slovak Republic, Prudencia Guti\u00e9rrez Esteban \u2013 University of Extremadura, Spain, Franz Feiner \u2013 Catholic University College for Education, Graz, Austria, [&#8230;]<\/p>\n<p><a class=\"btn btn-secondary understrap-read-more-link\" href=\"https:\/\/us.edu.pl\/wydzial\/wsne\/scientific-programme-committee\/\">Read More&#8230;<\/a><\/p>\n","protected":false},"author":110,"featured_media":0,"parent":0,"menu_order":0,"comment_status":"closed","ping_status":"closed","template":"page-templates\/inner-page.php","meta":{"_expiration-date-status":"","_expiration-date":0,"_expiration-date-type":"","_expiration-date-categories":[],"_expiration-date-options":[]},"acf":[],"_links":{"self":[{"href":"https:\/\/us.edu.pl\/wydzial\/wsne\/wp-json\/wp\/v2\/pages\/2581"}],"collection":[{"href":"https:\/\/us.edu.pl\/wydzial\/wsne\/wp-json\/wp\/v2\/pages"}],"about":[{"href":"https:\/\/us.edu.pl\/wydzial\/wsne\/wp-json\/wp\/v2\/types\/page"}],"author":[{"embeddable":true,"href":"https:\/\/us.edu.pl\/wydzial\/wsne\/wp-json\/wp\/v2\/users\/110"}],"replies":[{"embeddable":true,"href":"https:\/\/us.edu.pl\/wydzial\/wsne\/wp-json\/wp\/v2\/comments?post=2581"}],"version-history":[{"count":3,"href":"https:\/\/us.edu.pl\/wydzial\/wsne\/wp-json\/wp\/v2\/pages\/2581\/revisions"}],"predecessor-version":[{"id":161224,"href":"https:\/\/us.edu.pl\/wydzial\/wsne\/wp-json\/wp\/v2\/pages\/2581\/revisions\/161224"}],"wp:attachment":[{"href":"https:\/\/us.edu.pl\/wydzial\/wsne\/wp-json\/wp\/v2\/media?parent=2581"}],"curies":[{"name":"wp","href":"https:\/\/api.w.org\/{rel}","templated":true}]}}