{"id":2830,"date":"2020-04-29T13:47:50","date_gmt":"2020-04-29T11:47:50","guid":{"rendered":"https:\/\/us.edu.pl\/wydzial\/wsne\/?page_id=2830"},"modified":"2023-05-08T11:34:42","modified_gmt":"2023-05-08T09:34:42","slug":"edukacja-kulturalna-2","status":"publish","type":"page","link":"https:\/\/us.edu.pl\/wydzial\/wsne\/oferta-dydaktyczna\/edukacja-kulturalna-2\/","title":{"rendered":"Edukacja kulturalna"},"content":{"rendered":"<p>[vc_row][vc_column]\r\n                <div class=\"text-modules\">\r\n                    <div class=\"container\">\r\n                        <h3 class=\"page-title text__title\">Edukacja kulturalna<\/h3>\r\n                        <div class=\"text-modules__content\"><p><strong>STUDIA\u00a0 STACJONARNE\u00a0 II stopnia<\/strong><\/p>\n<p>Studia dla os\u00f3b zainteresowanych aktywno\u015bci\u0105 i dzia\u0142alno\u015bci\u0105 kulturaln\u0105 i artystyczn\u0105, inspirowaniem i organizowaniem kontakt\u00f3w z kultur\u0105 w r\u00f3\u017cnych jej dziedzinach, po\u015bredniczeniem w tych kontaktach oraz badawczym poznawaniem\u00a0 uwarunkowa\u0144 uczestnictwa w kulturze.<br \/>\nW programie studi\u00f3w szczeg\u00f3ln\u0105 wag\u0119 przyk\u0142ada si\u0119 do: pracy z publiczno\u015bci\u0105 w instytucjach kultury, umiej\u0119tno\u015bci rozpoznawania potencja\u0142u kulturalno-o\u015bwiatowego r\u00f3\u017cnych \u015brodowisk, tworzenia warunk\u00f3w do wsp\u00f3\u0142pracy i budowania sieci podmiot\u00f3w zwi\u0105zanych z kultur\u0105 i o\u015bwiat\u0105.<br \/>\nProgram obejmuje zaj\u0119cia teoretyczne, praktyczno \u2013 warsztatowe\u00a0 i projektowe. Student prowadzony jest przez tutora pomagaj\u0105cego budowa\u0107 indywidualn\u0105 \u015bcie\u017ck\u0119 kszta\u0142cenia (dob\u00f3r\u00a0 zaj\u0119\u0107 \u00a0do wyboru, w\u0142\u0105czanie w badania, konsultowanie plac\u00f3wek do realizacji praktyk).<\/p>\n<p><strong>Perspektywy zawodowe:<\/strong><\/p>\n<p>prowadzenie zada\u0144 zwi\u0105zanych z edukacj\u0105, animacj\u0105 i mediacj\u0105 kulturaln\u0105 w r\u00f3\u017cnych instytucjach kultury (w tym pa\u0144stwowych i samorz\u0105dowych) organizacjach pozarz\u0105dowych, instytucjach kulturalno-o\u015bwiatowych i o\u015bwiatowych, instytucjach wychowania pozaszkolnego i opieku\u0144czo-wychowawczych, a tak\u017ce innych podmiotach \u017cycia spo\u0142ecznego.<\/p>\n<p>&nbsp;<\/p>\n<p><strong>Szczeg\u00f3\u0142y w za\u0142\u0105czniku<\/strong><\/p>\n<p><a href=\"https:\/\/us.edu.pl\/wydzial\/wsne\/wp-content\/uploads\/sites\/20\/Nieprzypisane\/Edukacja-kulturalna-II-stopie\u0144.pdf\" class=\"mtli_attachment mtli_pdf\" data-mtli=\"mtli_filesize138,42kB\" class=\"mtli_attachment mtli_pdf\" data-mtli=\"mtli_filesize138,42kB\">Edukacja kulturalna &#8211; II stopie\u0144<\/a><\/p>\n<p>&nbsp;<\/p>\n<p><a href=\"https:\/\/irk.us.edu.pl\/irk\/application\/program?id=687\">https:\/\/irk.us.edu.pl\/irk\/application\/program?id=687<\/a><\/p>\n<style type=\"text\/css\">a[data-mtli~=\"mtli_filesize138,42kB\"]:after {content:\" (138,42 kB)\"}<\/style><\/div>\r\n                    <\/div>\r\n                <\/div>[\/vc_column][\/vc_row][vc_row][vc_column][vc_raw_html]JTNDYSUyMGhyZWYlM0QlMjJodHRwcyUzQSUyRiUyRmlyay51cy5lZHUucGwlMkZpcmslMkZhcHBsaWNhdGlvbiUyRnByb2dyYW0lM0ZpZCUzRDE3MzMlMjIlMjBzdHlsZSUzRCUyMmRpc3BsYXklM0ElMjBibG9jayUzQiUwQSUyMCUyMCUyMCUyMGJhY2tncm91bmQlM0ElMjAlMjMwMDJlNWElM0IlMEElMjAlMjAlMjAlMjB3aWR0aCUzQSUyMDIwMHB4JTNCJTBBJTIwJTIwJTIwJTIwcGFkZGluZyUzQSUyMDE1cHglMjAyMHB4JTNCJTBBJTIwJTIwJTIwJTIwdGV4dC1hbGlnbiUzQSUyMGNlbnRlciUzQiUwQSUyMCUyMCUyMCUyMGZvbnQtc2l6ZSUzQSUyMDEuOGVtJTNCJTBBJTIwJTIwJTIwJTIwbWFyZ2luJTNBJTIwMCUyMGF1dG8lM0IlMEElMjAlMjAlMjAlMjBjb2xvciUzQSUyMCUyM2ZmZiUzQiUyMiUzRSUyMFphcGlzeiUyMHNpJUM0JTk5JTIwJTNDJTJGYSUzRQ==[\/vc_raw_html][\/vc_column][\/vc_row]<\/p>\n<style type=\"text\/css\">a[data-mtli~=\"mtli_filesize138,42kB\"]:after {content:\" (138,42 kB)\"}<\/style>","protected":false},"excerpt":{"rendered":"<p>[vc_row][vc_column][\/vc_column][\/vc_row][vc_row][vc_column][vc_raw_html]JTNDYSUyMGhyZWYlM0QlMjJodHRwcyUzQSUyRiUyRmlyay51cy5lZHUucGwlMkZpcmslMkZhcHBsaWNhdGlvbiUyRnByb2dyYW0lM0ZpZCUzRDE3MzMlMjIlMjBzdHlsZSUzRCUyMmRpc3BsYXklM0ElMjBibG9jayUzQiUwQSUyMCUyMCUyMCUyMGJhY2tncm91bmQlM0ElMjAlMjMwMDJlNWElM0IlMEElMjAlMjAlMjAlMjB3aWR0aCUzQSUyMDIwMHB4JTNCJTBBJTIwJTIwJTIwJTIwcGFkZGluZyUzQSUyMDE1cHglMjAyMHB4JTNCJTBBJTIwJTIwJTIwJTIwdGV4dC1hbGlnbiUzQSUyMGNlbnRlciUzQiUwQSUyMCUyMCUyMCUyMGZvbnQtc2l6ZSUzQSUyMDEuOGVtJTNCJTBBJTIwJTIwJTIwJTIwbWFyZ2luJTNBJTIwMCUyMGF1dG8lM0IlMEElMjAlMjAlMjAlMjBjb2xvciUzQSUyMCUyM2ZmZiUzQiUyMiUzRSUyMFphcGlzeiUyMHNpJUM0JTk5JTIwJTNDJTJGYSUzRQ==[\/vc_raw_html][\/vc_column][\/vc_row] [&#8230;]<\/p>\n<p><a class=\"btn btn-secondary understrap-read-more-link\" href=\"https:\/\/us.edu.pl\/wydzial\/wsne\/oferta-dydaktyczna\/edukacja-kulturalna-2\/\">Read More&#8230;<\/a><\/p>\n","protected":false},"author":110,"featured_media":0,"parent":245,"menu_order":0,"comment_status":"closed","ping_status":"closed","template":"page-templates\/page-with-sidebar.php","meta":{"_expiration-date-status":"","_expiration-date":0,"_expiration-date-type":"","_expiration-date-categories":[],"_expiration-date-options":[]},"acf":[],"_links":{"self":[{"href":"https:\/\/us.edu.pl\/wydzial\/wsne\/wp-json\/wp\/v2\/pages\/2830"}],"collection":[{"href":"https:\/\/us.edu.pl\/wydzial\/wsne\/wp-json\/wp\/v2\/pages"}],"about":[{"href":"https:\/\/us.edu.pl\/wydzial\/wsne\/wp-json\/wp\/v2\/types\/page"}],"author":[{"embeddable":true,"href":"https:\/\/us.edu.pl\/wydzial\/wsne\/wp-json\/wp\/v2\/users\/110"}],"replies":[{"embeddable":true,"href":"https:\/\/us.edu.pl\/wydzial\/wsne\/wp-json\/wp\/v2\/comments?post=2830"}],"version-history":[{"count":9,"href":"https:\/\/us.edu.pl\/wydzial\/wsne\/wp-json\/wp\/v2\/pages\/2830\/revisions"}],"predecessor-version":[{"id":158143,"href":"https:\/\/us.edu.pl\/wydzial\/wsne\/wp-json\/wp\/v2\/pages\/2830\/revisions\/158143"}],"up":[{"embeddable":true,"href":"https:\/\/us.edu.pl\/wydzial\/wsne\/wp-json\/wp\/v2\/pages\/245"}],"wp:attachment":[{"href":"https:\/\/us.edu.pl\/wydzial\/wsne\/wp-json\/wp\/v2\/media?parent=2830"}],"curies":[{"name":"wp","href":"https:\/\/api.w.org\/{rel}","templated":true}]}}

<p>[vc_row][vc_column]
                <div class="text-modules">
                    <div class="container">
                        <h3 class="page-title text__title">Edukacja kulturalna</h3>
                        <div class="text-modules__content"><p><strong>STUDIA  STACJONARNE  II stopnia</strong></p>
<p>Studia dla osób zainteresowanych aktywnością i działalnością kulturalną i artystyczną, inspirowaniem i organizowaniem kontaktów z kulturą w różnych jej dziedzinach, pośredniczeniem w tych kontaktach oraz badawczym poznawaniem  uwarunkowań uczestnictwa w kulturze.<br />
W programie studiów szczególną wagę przykłada się do: pracy z publicznością w instytucjach kultury, umiejętności rozpoznawania potencjału kulturalno-oświatowego różnych środowisk, tworzenia warunków do współpracy i budowania sieci podmiotów związanych z kulturą i oświatą.<br />
Program obejmuje zajęcia teoretyczne, praktyczno – warsztatowe  i projektowe. Student prowadzony jest przez tutora pomagającego budować indywidualną ścieżkę kształcenia (dobór  zajęć  do wyboru, włączanie w badania, konsultowanie placówek do realizacji praktyk).</p>
<p><strong>Perspektywy zawodowe:</strong></p>
<p>prowadzenie zadań związanych z edukacją, animacją i mediacją kulturalną w różnych instytucjach kultury (w tym państwowych i samorządowych) organizacjach pozarządowych, instytucjach kulturalno-oświatowych i oświatowych, instytucjach wychowania pozaszkolnego i opiekuńczo-wychowawczych, a także innych podmiotach życia społecznego.</p>
<p>&nbsp;</p>
<p><strong>Szczegóły w załączniku</strong></p>
<p><a href="https://us.edu.pl/wydzial/wsne/wp-content/uploads/sites/20/Nieprzypisane/Edukacja-kulturalna-II-stopień.pdf" class="mtli_attachment mtli_pdf" data-mtli="mtli_filesize138,42kB" class="mtli_attachment mtli_pdf" data-mtli="mtli_filesize138,42kB">Edukacja kulturalna &#8211; II stopień</a></p>
<p>&nbsp;</p>
<p><a href="https://irk.us.edu.pl/irk/application/program?id=687">https://irk.us.edu.pl/irk/application/program?id=687</a></p>
<style type="text/css">a[data-mtli~="mtli_filesize138,42kB"]:after {content:" (138,42 kB)"}</style></div>
                    </div>
                </div>[/vc_column][/vc_row][vc_row][vc_column][vc_raw_html]JTNDYSUyMGhyZWYlM0QlMjJodHRwcyUzQSUyRiUyRmlyay51cy5lZHUucGwlMkZpcmslMkZhcHBsaWNhdGlvbiUyRnByb2dyYW0lM0ZpZCUzRDE3MzMlMjIlMjBzdHlsZSUzRCUyMmRpc3BsYXklM0ElMjBibG9jayUzQiUwQSUyMCUyMCUyMCUyMGJhY2tncm91bmQlM0ElMjAlMjMwMDJlNWElM0IlMEElMjAlMjAlMjAlMjB3aWR0aCUzQSUyMDIwMHB4JTNCJTBBJTIwJTIwJTIwJTIwcGFkZGluZyUzQSUyMDE1cHglMjAyMHB4JTNCJTBBJTIwJTIwJTIwJTIwdGV4dC1hbGlnbiUzQSUyMGNlbnRlciUzQiUwQSUyMCUyMCUyMCUyMGZvbnQtc2l6ZSUzQSUyMDEuOGVtJTNCJTBBJTIwJTIwJTIwJTIwbWFyZ2luJTNBJTIwMCUyMGF1dG8lM0IlMEElMjAlMjAlMjAlMjBjb2xvciUzQSUyMCUyM2ZmZiUzQiUyMiUzRSUyMFphcGlzeiUyMHNpJUM0JTk5JTIwJTNDJTJGYSUzRQ==[/vc_raw_html][/vc_column][/vc_row]</p>
<style type="text/css">a[data-mtli~="mtli_filesize138,42kB"]:after {content:" (138,42 kB)"}</style>
