{"id":3218,"date":"2020-06-02T10:54:16","date_gmt":"2020-06-02T08:54:16","guid":{"rendered":"https:\/\/us.edu.pl\/wydzial\/wsne\/?page_id=3218"},"modified":"2020-06-03T14:46:19","modified_gmt":"2020-06-03T12:46:19","slug":"3218-2","status":"publish","type":"page","link":"https:\/\/us.edu.pl\/wydzial\/wsne\/3218-2\/","title":{"rendered":""},"content":{"rendered":"<p>[vc_row][vc_column]\r\n                <div class=\"text-modules\">\r\n                    <div class=\"container\">\r\n                        <h3 class=\"page-title text__title\">ZAPRASZAMY na przes\u0142uchanie on-line !<\/h3>\r\n                        <div class=\"text-modules__content\"><p>Planujesz studia na kierunkach zwi\u0105zanych z muzyk\u0105? Chcesz rozwija\u0107 swoje umiej\u0119tno\u015bci wokalne lub instrumentalne, a trudno Ci oceni\u0107 ich poziom \u2013 skorzystaj z okazji i zaprezentuj sw\u00f3j talent przed profesjonalistami.<\/p>\n<p>&nbsp;<\/p>\n<p><strong>ZAPRASZAMY na przes\u0142uchanie on-line !<\/strong><\/p>\n<p>Przygotuj nagranie, wybierz jednego z naszych wyk\u0142adowc\u00f3w i prze\u015blij do niego pr\u00f3bk\u0119 swoich umiej\u0119tno\u015bci! Oferujemy bezp\u0142atne konsultacje.<\/p>\n<p>Prosimy o przes\u0142anie w mailach linku\/link\u00f3w do film\u00f3w na You Tube, b\u0105d\u017a innych platformach. Prosimy o nie przysy\u0142anie plik\u00f3w z nagraniami &#8211; to mo\u017ce utrudni\u0107 odbi\u00f3r tego typu wiadomo\u015bci.<\/p>\n<p>Czekaj\u0105 na Was:<\/p>\n<p>&nbsp;<\/p>\n<p><strong>dr Marcin \u017bupa\u0144ski<\/strong>\u00a0\u00a0\u00a0\u00a0\u00a0 marcin.zupanski@us.edu.pl<\/p>\n<p>Multiinstrumentalista specjalizuj\u0105cy si\u0119 w saksofonach, fletach oraz klarnetach. Absolwent Wydzia\u0142u Jazzu i Muzyki Rozrywkowej Akademii Muzycznej w Katowicach. Doktor sztuki w dyscyplinie instrumentalistyki. Laureat m.in. Jazz Juniors oraz innych konkurs\u00f3w jazzowych. Kompozytor, aran\u017cer, muzyk czynnie udzielaj\u0105cy si\u0119 na polskiej i zagranicznej scenie muzycznej jako lider w\u0142asnych projekt\u00f3w, a tak\u017ce wsp\u00f3\u0142pracuj\u0105cy z wieloma formacjami jazzowymi, etnicznymi, rozrywkowymi, jak r\u00f3wnie\u017c w projektach teatralnych i musicalowych.<\/p>\n<p>Ma na swoim koncie wyst\u0119py na wielu mi\u0119dzynarodowych festiwalach jazzowych oraz wsp\u00f3\u0142prac\u0119 z gwiazdami \u015bwiatowego formatu, takimi jak: Ron Carter czy Ronie Cuber, a tak\u017ce z polskimi muzykami takimi jak Marek Grechuta, Grzegorz Turnau, Stanis\u0142aw Sojka, Beata Przybytek, Jose Torres, Janusz Muniak, Urszula Dudziak,\u00a0Jan Ptaszyn Wr\u00f3blewski,\u00a0Piotr Wojtasik, Marek Ba\u0142ata, Kazimierz Jonkisz, Apostolis Anthimos oraz wieloma innymi.<\/p>\n<p>Od wielu lat prowadzi dzia\u0142alno\u015b\u0107 pedagogiczn\u0105, obecnie na stanowisku adiunkta w Instytucie Sztuk Muzycznych Uniwersytetu \u015al\u0105skiego w Katowicach.<\/p>\n<p>&nbsp;<\/p>\n<p><strong>dr hab. ALEKSANDRA ZEMAN\u00a0 <\/strong>aleksandra.zeman@us.edu.pl<\/p>\n<p>Dyrygent, pedagog, doktor habilitowany sztuki w dziedzinie sztuki, dyscyplinie artystycznej sztuki muzyczne. Absolwentka Wychowania Muzycznego ze specjalizacj\u0105 instruktor zespo\u0142\u00f3w muzycznych na Uniwersytecie \u015al\u0105skim w Katowicach, Filii w Cieszynie (1998), a tak\u017ce Podyplomowych Studi\u00f3w Ch\u00f3rmistrzowskich dzia\u0142aj\u0105cych przy Akademii Muzycznej w Bydgoszczy i Centrum Animacji Kultury w Warszawie (2002). Uko\u0144czy\u0142a tak\u017ce 5-letnie Studium Dyrygent\u00f3w Ch\u00f3r\u00f3w Polonijnych w Koszalinie (2006). W 2007 r. uzyska\u0142a stopie\u0144 doktora sztuki muzycznej, w dyscyplinie artystycznej \u201edyrygentura\u201d nadany przez Rad\u0119 Wydzia\u0142u Dyrygentury Ch\u00f3ralnej i Edukacji Muzycznej Akademii Muzycznej im. Feliksa Nowowiejskiego w Bydgoszczy. W 2020 r. uzyska\u0142a stopie\u0144 doktora habilitowanego sztuki w dziedzinie sztuki, dyscyplinie artystycznej sztuki muzyczne nadany uchwa\u0142\u0105 Rady Dyscypliny Artystycznej Uniwersytetu Muzycznego Fryderyka Chopina w Warszawie. Od 1999 r. pracuje w Instytucie Muzyki na Wydziale Artystycznym w Cieszynie, od 2019 r. jako pracownik badawczo-dydaktyczny w Instytucie Sztuk Muzycznych w Uniwersytecie \u015al\u0105skim w Katowicach.<\/p>\n<p>Prowadzi \u017cyw\u0105 dzia\u0142alno\u015b\u0107 naukow\u0105 i artystyczn\u0105 zwi\u0105zan\u0105 z muzyk\u0105 ch\u00f3raln\u0105. Pisze, publikuje i recenzuje artyku\u0142y podejmuj\u0105ce zagadnienia zwi\u0105zane ze sztuk\u0105 dyrygowania jak i interpretowania dzie\u0142 muzycznych zr\u00f3\u017cnicowanych pod wzgl\u0119dem faktury i stylu oraz\u00a0 koncertuje w kraju i poza jego granicami.<\/p>\n<p>Zwi\u0105zana z zespo\u0142ami: Ch\u00f3rem \u017be\u0144skim \u201eMelodia\u201d dzia\u0142aj\u0105cym przy PZKO w Nawsiu w Republice Czeskiej (od 2000), Ch\u00f3rem Instytutu Muzyki Filii U\u015a w Cieszynie (2003-2006), Polskim Zespo\u0142em \u015apiewaczym \u201eHutnik\u201d z Trzy\u0144ca w Republice Czeskiej (2003-2006), Ch\u00f3rem Kameralnym Cieszy\u0144skiego O\u015brodka Kultury \u201eDom Narodowy\u201d (II dyrygent, 2004-2009).\u00a0 Z Ch\u00f3rem \u201eGloriam Dei\u201d dzia\u0142aj\u0105cym przy IT im. \u015bw. J. Kantego w Bielsku-Bia\u0142ej (2007-2014) wyst\u0119powa\u0142a w Czechach, Austrii, Rosji, Finlandii, na Ukrainie, we W\u0142oszech (w tym w Bazylice \u015bw. Piotra na Watykanie), a tak\u017ce w Bu\u0142garii, Szwajcarii, Hiszpanii, na W\u0119grzech i w Rumunii. Z wymienionymi zespo\u0142ami zdoby\u0142a szereg nagr\u00f3d i wyr\u00f3\u017cnie\u0144 krajowych i zagranicznych. W 2015 roku otrzyma\u0142a Mi\u0119dzynarodow\u0105 Nagrod\u0119 im. Stanis\u0142awa Moniuszki oraz Srebrn\u0105 Odznak\u0119 przyznan\u0105 przez Unie \u010desk\u00fdch p\u011bveck\u00fdch sbor\u016f. P\u0142yta CD Pawe\u0142 \u0141ukaszewski \u2013 \u201eBeatus vir\u201d, wydana przez DUX w 2018 r., kt\u00f3r\u0105 nagra\u0142a z Ch\u00f3rem Filharmonii Cz\u0119stochowskiej \u201eCollegium Cantorum\u201d, zosta\u0142a nominowana do nagrody Fryderyk 2019 w kategorii Muzyka Powa\u017cna, Album Roku Muzyka Ch\u00f3ralna, Oratoryjna i Operowa.<\/p>\n<p>&nbsp;<\/p>\n<p><strong>dr hab. Bartosz Ja\u015bkowski<\/strong> bartosz.jaskowski@us.edu.pl<\/p>\n<p>Wokalista, pedagog, kompozytor, autor tekst\u00f3w. Absolwent wokalistyki jazzowej na Wydziale Jazzu i Muzyki Rozrywkowej w Katowicach w klasie dr Ewy Mentel.<\/p>\n<p>Od 2007 roku cz\u0142onek zespo\u0142u naukowo-dydaktycznego Instytutu Sztuk Muzycznych\u00a0Uniwersytetu \u015al\u0105skiego w\u00a0Katowicach oraz od 2016 roku cz\u0142onek zespo\u0142u dydaktycznego Akademii Muzycznej im.\u00a0Karola Szymanowskiego w\u00a0Katowicach. Do 2016 roku by\u0142 zwi\u0105zany z Teatrem Rozrywki w\u00a0Chorzowie.<\/p>\n<p>W 2020 roku uzyska\u0142 stopnie\u0144 naukowy doktora habilitowanego w\u00a0dziedzinie sztuki w\u00a0dyscyplinie sztuki muzyczne na Wydziale Wokalno-Aktorskim Akademii Muzycznej im.\u00a0Ignacego Jana Paderewskiego w\u00a0Poznaniu.<\/p>\n<p>Obecnie w\u00a0charakterze wokalisty wsp\u00f3\u0142pracuje m.in.\u00a0z\u00a0big-bandem\u00a0Big Silesian Band, Orkiestr\u0105 Wojskow\u0105 w\u00a0Bytomiu, zespo\u0142em\u00a0Winyl Band\u00a0oraz w\u00a0charakterze\u00a0konsultanta wokalnego z\u00a0zespo\u0142em artystycznym Teatru Rozrywki w\u00a0Chorzowie.<\/p>\n<p>&nbsp;<\/p>\n<p><strong>prof. dr hab. Tomasz Spali\u0144ski<\/strong> \u00a0\u00a0\u00a0tomasz.spalinski@us.edu.pl<\/p>\n<p>Instrumentalista, do\u015bwiadczony pedagog, mog\u0105cym poszczyci\u0107 si\u0119 sukcesami swoich podopiecznych na licznych konkursach gitarowych, w tym rangi mi\u0119dzynarodowej. Posiada do\u015bwiadczenie pedagogiczne zwi\u0105zane z ci\u0105g\u0142\u0105 praktyk\u0105 na wszystkich trzech szczeblach edukacji muzycznej. Prowadzi konsultacje metodyczne, lekcje pokazowe oraz warsztaty instrumentalne na terenie ca\u0142ego kraju, udziela si\u0119 r\u00f3wnie\u017c w pracach jury konkurs\u00f3w i przes\u0142ucha\u0144.<\/p>\n<p>Uko\u0144czy\u0142 Akademi\u0119 Muzyczn\u0105 im. Karola Szymanowskiego<br \/>\nw Katowicach. Wielokrotny stypendysta Ministerstwa Kultury i Sztuki. W latach 92\/93 Stypendysta Rz\u0105du Hiszpanii &#8211; studia w Real Conservatorio Superior de M\u00f9sica w Madrycie w klasie gitary Jos\u00e8 Luisa Rodrigo.<\/p>\n<p>Wyst\u0119powa\u0142 z koncertami na terenie ca\u0142ego kraju i za granic\u0105, m. in.: w Czechach, na S\u0142owacji i W\u0119grzech, w Niemczech, Austrii, Lichtensteinie, we W\u0142oszech, w Hiszpanii, Szwajcarii, Szwecji, Danii, Wielkiej Brytanii, Stanach Zjednoczonych oraz na Kubie. Od roku 1988 nieprzerwanie zwi\u0105zany zawodowo z Uniwersytetem \u015al\u0105skim w Katowicach, kt\u00f3ry by\u0142 wydawc\u0105 nast\u0119puj\u0105cych publikacji: <em>Tomasz Spali\u0144ski wybrane<\/em> <em>utwory<\/em> <em>na gitar\u0119 solo<\/em> (publikacja nutowa, 2004), <em>Tomasz Spali\u0144ski gra utwory gitarowe J\u00f3zefa \u015awidra <\/em>(CD, 2005, pierwsza archiwizacja wszystkich dzie\u0142 kompozytora), <em>Tw\u00f3rczo\u015b\u0107 gitarowa J\u00f3zefa \u015awidra. Pog\u0142\u0119biona analiza aspektu wykonawstwa instrumentalnego <\/em>(pierwsza kompleksowa monografia dot. tw\u00f3rczo\u015bci gitarowej J\u00f3zefa \u015awidra + CD, 2007), <em>El fondo <\/em>(CD, gitara solo, 2012), <em>Eu Te Amo <\/em>(CD, T &amp; R Guitar Duo -Tomasz Spali\u0144ski &amp; Rafa\u0142 Jarczewski, 2014), <em>Poziom prywatny<\/em> <em>vol.1<\/em> (CD, Poziom prywatny, 2017).<\/p>\n<p>&nbsp;<\/p>\n<p><strong>dr Ewa Bogdanowicz\u00a0\u00a0\u00a0\u00a0\u00a0 <\/strong>ewa.bogdanowicz@us.edu.pl<\/p>\n<p>Doktor nauk humanistycznych w zakresie pedagogiki, nauczyciel rytmiki, muzyk, pedagog, muzykoterapeuta; adiunkt w Instytucie Sztuk Muzycznych w Cieszynie Uniwersytetu \u015al\u0105skiego w Katowicach.<\/p>\n<p>Uko\u0144czy\u0142a kierunek wychowanie muzyczne w zakresie rytmiki na Wydziale Wychowania Muzycznego Akademii Muzycznej im. K. Szymanowskiego w Katowicach oraz studia podyplomowe w zakresie muzykoterapii na Wydziale Kompozycji, Dyrygentury, Teorii Muzyki i Muzykoterapii Akademii Muzycznej im. K. Lipi\u0144skiego we Wroc\u0142awiu.<\/p>\n<p>Z Uniwersytetem \u015al\u0105skim zwi\u0105zana od 2002 roku. Prowadzi m.in. zaj\u0119cia w ramach specjalno\u015bci <em>Rytmika w edukacji dziecka<\/em> (wprowadzenie do rytmiki E. Jaques-Dalcroze\u2019a, animacja ruchu i ta\u0144ca) oraz specjalno\u015bci <em>Edukacja i terapia muzyczna w pedagogice specjalnej<\/em> (choreoterapia, taniec i ruch w terapii). Jest tutorem I i II edycji projektu \u201eUniwersytet Najlepszych\u201d (program maj\u0105cy na celu rozwijanie pasji najzdolniejszych uczni\u00f3w szk\u00f3\u0142 podstawowych i ponadpodstawowych zainteresowanych rozwojem naukowym).<\/p>\n<p>Autorka monografii <em>Rytmika Emila Jaques-Dalcroze\u2019a \u2013 edukacja i terapia dzieci<br \/>\nz symptomami nadpobudliwo\u015bci <\/em>psychoruchowej (Wydawnictwo Uniwersytetu \u015al\u0105skiego, 2015) oraz artyku\u0142\u00f3w, m. in: <em>Rola ta\u0144ca ludowego w muzycznej edukacji przedszkolnej<strong>, <\/strong><\/em>W: Szyndler M. (red.) Kultura ludowa \u017ar\u00f3d\u0142em dzia\u0142a\u0144 artystycznych, badawczych i naukowych (Wydawnictwo Uniwersytetu \u015al\u0105skiego, 2015);\u00a0 <em>Dalcroze Eurhythmics in therapy for children with Attention Deficit Hyperactivity Disorder (ADHD) symptoms.<\/em> W: Approaches: An Interdisciplinary Journal of Music Therapy, Special Issue 8(2), 2016, a\u00a0 tak\u017ce wsp\u00f3\u0142autork\u0105 artyku\u0142\u00f3w: <em>Rytmika w edukacji i terapii dziecka<\/em> W: Dysleksja. Biuletyn Polskiego Towarzystwa Dysleksji. (Fundacja Instytut Promocji Edukacji, 2010) \u2013 wsp\u00f3\u0142autorstwo z Gra\u017cyn\u0105 Durlow; <em>Rytmika w terapii dziecka<\/em> W: Uchy\u0142a-Zroski J. (red.) Warto\u015bci w muzyce, Muzyka<br \/>\nw \u015brodowisku spo\u0142ecznym, tom 4 (Wydawnictwo Uniwersytetu \u015al\u0105skiego, 2012) \u2013 wsp\u00f3\u0142autorstwo z Gra\u017cyn\u0105 Durlow; <em>Zrozumie\u0107 muzyk\u0119 \u2013 ruch w edukacji dziecka<strong>, <\/strong><\/em>W: Uchy\u0142a-Zroski J. (red.) Studia Artystyczne. Sztuka w przestrzeniach wsp\u00f3\u0142czesno\u015bci. Tom I (Wydawnictwo Uniwersytetu \u015al\u0105skiego, 2014) \u2013 wsp\u00f3\u0142autorstwo z Gra\u017cyn\u0105 Durlow.<\/p>\n<p>Uczestniczka konferencji krajowych i zagranicznych dotycz\u0105cych edukacji muzycznej, rytmiki oraz muzykoterapii, organizowanych m.in. na Akademii Muzycznej im. K. Szymanowskiego w Katowicach, Akademii Muzycznej im. G. i K. Bacewicz\u00f3w w \u0141odzi, Uniwersytecie Gda\u0144skim, Katolickiej Wy\u017cszej Szkole Pedagogicznej w Graz, Uniwersytecie Muzyki i Sztuk Scenicznych w Wiedniu oraz Uniwersytecie Laval, Qu\u00e9bec.<\/p>\n<p>Jej zainteresowania zawodowe to wykorzystanie aktywno\u015bci ruchowej inspirowanej muzyk\u0105 (przede wszystkim w oparciu o metod\u0119 rytmiki \u00c9mile\u2019a Jaques-Dalcroze\u2019a) w terapii dzieci o\u00a0zak\u0142\u00f3conym rozwoju oraz u doros\u0142ych i senior\u00f3w jako forma aktywizacji i polepszania jako\u015bci \u017cycia. Pasjonuje si\u0119 r\u00f3wnie\u017c ta\u0144cem wsp\u00f3\u0142czesnym i teatrem ta\u0144ca oraz jego rozwojem na przestrzeni XX wieku. W latach 1994 \u2013 2013 uczestniczy\u0142a w Mi\u0119dzynarodowych Warsztatach Ta\u0144ca Wsp\u00f3\u0142czesnego, organizowanych przez \u00a0Polski Teatr Ta\u0144ca \u2013 Balet Pozna\u0144ski.<\/p>\n<\/div>\r\n                    <\/div>\r\n                <\/div>[\/vc_column][\/vc_row]<\/p>","protected":false},"excerpt":{"rendered":"<p>[vc_row][vc_column][\/vc_column][\/vc_row] [&#8230;]<\/p>\n<p><a class=\"btn btn-secondary understrap-read-more-link\" href=\"https:\/\/us.edu.pl\/wydzial\/wsne\/3218-2\/\">Read More&#8230;<\/a><\/p>\n","protected":false},"author":110,"featured_media":0,"parent":0,"menu_order":0,"comment_status":"closed","ping_status":"closed","template":"","meta":{"_expiration-date-status":"saved","_expiration-date":0,"_expiration-date-type":"","_expiration-date-categories":[],"_expiration-date-options":[]},"acf":[],"_links":{"self":[{"href":"https:\/\/us.edu.pl\/wydzial\/wsne\/wp-json\/wp\/v2\/pages\/3218"}],"collection":[{"href":"https:\/\/us.edu.pl\/wydzial\/wsne\/wp-json\/wp\/v2\/pages"}],"about":[{"href":"https:\/\/us.edu.pl\/wydzial\/wsne\/wp-json\/wp\/v2\/types\/page"}],"author":[{"embeddable":true,"href":"https:\/\/us.edu.pl\/wydzial\/wsne\/wp-json\/wp\/v2\/users\/110"}],"replies":[{"embeddable":true,"href":"https:\/\/us.edu.pl\/wydzial\/wsne\/wp-json\/wp\/v2\/comments?post=3218"}],"version-history":[{"count":4,"href":"https:\/\/us.edu.pl\/wydzial\/wsne\/wp-json\/wp\/v2\/pages\/3218\/revisions"}],"predecessor-version":[{"id":3289,"href":"https:\/\/us.edu.pl\/wydzial\/wsne\/wp-json\/wp\/v2\/pages\/3218\/revisions\/3289"}],"wp:attachment":[{"href":"https:\/\/us.edu.pl\/wydzial\/wsne\/wp-json\/wp\/v2\/media?parent=3218"}],"curies":[{"name":"wp","href":"https:\/\/api.w.org\/{rel}","templated":true}]}}