{"id":419,"date":"2019-10-17T12:57:28","date_gmt":"2019-10-17T10:57:28","guid":{"rendered":"https:\/\/us.edu.pl\/wydzial\/wsne\/?page_id=419"},"modified":"2021-05-31T09:57:07","modified_gmt":"2021-05-31T07:57:07","slug":"pedagogika-osob-niepelnosprawnych-z-arteterapia","status":"publish","type":"page","link":"https:\/\/us.edu.pl\/wydzial\/wsne\/oferta-dydaktyczna\/pedagogika-osob-niepelnosprawnych-z-arteterapia\/","title":{"rendered":"Pedagogika os\u00f3b niepe\u0142nosprawnych z arteterapi\u0105"},"content":{"rendered":"<p>[vc_row][vc_column]\r\n                <div class=\"text-modules\">\r\n                    <div class=\"container\">\r\n                        <h3 class=\"page-title text__title\">Pedagogika os\u00f3b niepe\u0142nosprawnych z arteterapi\u0105<\/h3>\r\n                        <div class=\"text-modules__content\"><p><strong>STUDIA STACJONARNE\u00a0 II stopnia<\/strong><\/p>\n<p><strong>Specjalno\u015b\u0107:\u00a0 surdopedagogika i edukacja plastyczna<\/strong><\/p>\n<p>Studia przeznaczone dla os\u00f3b chc\u0105cych:<\/p>\n<ul>\n<li>poszerzy\u0107 swoj\u0105 wiedz\u0119 i do\u015bwiadczenie zwi\u0105zane z niepe\u0142nosprawno\u015bci\u0105, zw\u0142aszcza s\u0142uchow\u0105,<\/li>\n<li>zdoby\u0107 kwalifikacje nauczycielskie do edukacji plastycznej pod okiem specjalist\u00f3w Instytutu Sztuki<\/li>\n<li>w ramach planu studi\u00f3w zdoby\u0107 kompetencje z J\u0119zyka migowego na poziomie I i II stopnia<\/li>\n<li>naby\u0107 kompetencje arteterapeutyczne do pracy z osobami z niepe\u0142nosprawno\u015bciami,<\/li>\n<li>uczestniczy\u0107 w metodycznych zaj\u0119ciach terenowych,<\/li>\n<li>prze\u017cywa\u0107 studia aktywnie, nabywaj\u0105c kwalifikacje i do\u015bwiadczenie podczas wielu warsztat\u00f3w, du\u017cej ilo\u015bci praktyk, pracuj\u0105c w dobrze dostosowanej infrastrukturze wyposa\u017conej w odpowiednie sprz\u0119ty,<\/li>\n<li>uczy\u0107 si\u0119 od wybitnych specjalist\u00f3w z kraju i zagranicy jak post\u0119powa\u0107, komunikowa\u0107 si\u0119, pracowa\u0107, prowadzi\u0107 terapi\u0119, planowa\u0107 wsparcie, diagnozowa\u0107, wykorzystywa\u0107 sztuk\u0119 w pracy pedagoga specjalnego.<\/li>\n<\/ul>\n<p><strong>Perspektywy zawodowe:<\/strong><\/p>\n<p>praca jako surdopedagog, nauczyciel edukacji plastycznej, w przedszkolach i szko\u0142ach og\u00f3lnodost\u0119pnych, integracyjnych, specjalnych, poradniach psychologiczno-pedagogicznych, domach pomocy spo\u0142ecznej, o\u015brodkach wsparcia<\/p>\n<p><strong>STUDIA NIESTACJONARNE\u00a0 II stopnia<\/strong><\/p>\n<p><strong>Specjalno\u015b\u0107: surdopedagogika z arteterapi\u0105<\/strong><\/p>\n<p>Studia przeznaczone dla os\u00f3b chc\u0105cych poszerzy\u0107 swoj\u0105 wiedz\u0119 i do\u015bwiadczenie zwi\u0105zane z niepe\u0142nosprawno\u015bci\u0105, zw\u0142aszcza s\u0142uchow\u0105.<\/p>\n<p>Jeste\u015b kreatywny, tw\u00f3rczy, \u017c\u0105dny wiedzy i do\u015bwiadcze\u0144 z zakresu pracy z osobami niepe\u0142nosprawnymi? Twoje zainteresowania oscyluj\u0105 wok\u00f3\u0142 edukacji, opieki, terapii os\u00f3b niepe\u0142nosprawnych, sztuki, arteterapii? Nie boisz si\u0119 wyzwa\u0144 i jeste\u015b otwarty na do\u015bwiadczenia praktyczne w trakcie edukacji \u2013 tutaj masz to zagwarantowane. Od wybitnych specjalist\u00f3w teoretyk\u00f3w i praktyk\u00f3w dowiesz si\u0119 jak post\u0119powa\u0107, komunikowa\u0107 si\u0119, pracowa\u0107, prowadzi\u0107 terapi\u0119, planowa\u0107 wsparcie, diagnozowa\u0107, wykorzystywa\u0107 sztuk\u0119 w pracy pedagoga specjalnego. B\u0119dziesz uczestnikiem wielu event\u00f3w, warsztat\u00f3w, praktyk i dzia\u0142a\u0144 na rzecz os\u00f3b niepe\u0142nosprawnych, kt\u00f3rych oni b\u0119d\u0105 g\u0142\u00f3wnymi bohaterami.<\/p>\n<p><strong>Perspektywy zawodowe:<\/strong><\/p>\n<p>praca w charakterze pedagoga specjalnego w plac\u00f3wkach kszta\u0142cenia specjalnego, integracyjnego, poradniach psychologiczno-pedagogicznych, instytucjach opieki dziennej i ca\u0142kowitej, organizacjach pozarz\u0105dowych.<\/p>\n<p><a href=\"https:\/\/irk.us.edu.pl\/irk\">Internetowa Rejestracja Kandydat\u00f3w\u00a0\u00a0\u2013\u00a0\u00a0rok akademicki\u00a0\u00a02021\/2022<\/a><\/p>\n<p><a href=\"https:\/\/irk.us.edu.pl\/irk\/application\/catalog?TimelineSearch%5Bprogram_name%5D=&amp;TimelineSearch%5Bfaculty_id%5D=W6\">https:\/\/irk.us.edu.pl\/irk\/application\/catalog?TimelineSearch%5Bprogram_name%5D=&amp;TimelineSearch%5Bfaculty_id%5D=W6<\/a><\/p>\n<p><strong>Za\u0142\u0105czniki:<\/strong><\/p>\n<p><a href=\"https:\/\/us.edu.pl\/wydzial\/wsne\/wp-content\/uploads\/sites\/20\/Nieprzypisane\/Pedagogika-os\u00f3b-niepe\u0142nosprawnych-z-arteterapi\u0105_stacjonarne_IIst..pdf\" class=\"mtli_attachment mtli_pdf\" class=\"mtli_attachment mtli_pdf\">Pedagogika os\u00f3b niepe\u0142nosprawnych z arteterapi\u0105_studia_stacjonarne_IIst.<\/a><\/p>\n<p><a href=\"https:\/\/us.edu.pl\/wydzial\/wsne\/wp-content\/uploads\/sites\/20\/Nieprzypisane\/Pedagogika_osob_niepelnosprawnych_z_arteterapia_studia_niestacjonarne_II_stopnia.pdf\" class=\"mtli_attachment mtli_pdf\" class=\"mtli_attachment mtli_pdf\">Pedagogika_osob_niepelnosprawnych_z_arteterapia_studia_niestacjonarne_II_stopnia<\/a><\/p>\n<\/div>\r\n                    <\/div>\r\n                <\/div>[\/vc_column][\/vc_row][vc_row][vc_column][vc_raw_html]JTNDcCUyMHN0eWxlJTNEJTIydGV4dC1hbGlnbiUzQWNlbnRlciUyMiUzRVN0dWRpYSUyMHN0YWNqb25hcm5lJTNDJTJGcCUzRSUwQSUzQ2ElMjBocmVmJTNEJTIyaHR0cHMlM0ElMkYlMkZpcmsudXMuZWR1LnBsJTJGaXJrJTJGYXBwbGljYXRpb24lMkZwcm9ncmFtJTNGaWQlM0QxMTg3JTIyJTIwc3R5bGUlM0QlMjJkaXNwbGF5JTNBJTIwYmxvY2slM0IlMEElMjAlMjAlMjAlMjBiYWNrZ3JvdW5kJTNBJTIwJTIzMDAyZTVhJTNCJTBBJTIwJTIwJTIwJTIwd2lkdGglM0ElMjAyMDBweCUzQiUwQSUyMCUyMCUyMCUyMHBhZGRpbmclM0ElMjAxNXB4JTIwMjBweCUzQiUwQSUyMCUyMCUyMCUyMHRleHQtYWxpZ24lM0ElMjBjZW50ZXIlM0IlMEElMjAlMjAlMjAlMjBmb250LXNpemUlM0ElMjAxLjhlbSUzQiUwQSUyMCUyMCUyMCUyMG1hcmdpbiUzQSUyMDAlMjBhdXRvJTNCJTBBJTIwJTIwJTIwJTIwY29sb3IlM0ElMjAlMjNmZmYlM0IlMjIlM0UlMjBaYXBpc3olMjBzaSVDNCU5OSUyMCUzQyUyRmElM0U=[\/vc_raw_html][vc_raw_html]JTNDcCUyMHN0eWxlJTNEJTIydGV4dC1hbGlnbiUzQWNlbnRlciUyMiUzRVN0dWRpYSUyMG5pZXN0YWNqb25hcm5lJTNDJTJGcCUzRSUwQSUzQ2ElMjBocmVmJTNEJTIyaHR0cHMlM0ElMkYlMkZpcmsudXMuZWR1LnBsJTJGaXJrJTJGYXBwbGljYXRpb24lMkZwcm9ncmFtJTNGaWQlM0QxMTgwJTIyJTIwc3R5bGUlM0QlMjJkaXNwbGF5JTNBJTIwYmxvY2slM0IlMEElMjAlMjAlMjAlMjBiYWNrZ3JvdW5kJTNBJTIwJTIzMDAyZTVhJTNCJTBBJTIwJTIwJTIwJTIwd2lkdGglM0ElMjAyMDBweCUzQiUwQSUyMCUyMCUyMCUyMHBhZGRpbmclM0ElMjAxNXB4JTIwMjBweCUzQiUwQSUyMCUyMCUyMCUyMHRleHQtYWxpZ24lM0ElMjBjZW50ZXIlM0IlMEElMjAlMjAlMjAlMjBmb250LXNpemUlM0ElMjAxLjhlbSUzQiUwQSUyMCUyMCUyMCUyMG1hcmdpbiUzQSUyMDAlMjBhdXRvJTNCJTBBJTIwJTIwJTIwJTIwY29sb3IlM0ElMjAlMjNmZmYlM0IlMjIlM0UlMjBaYXBpc3olMjBzaSVDNCU5OSUyMCUzQyUyRmElM0U=[\/vc_raw_html][\/vc_column][\/vc_row]<\/p>","protected":false},"excerpt":{"rendered":"<p>[vc_row][vc_column][\/vc_column][\/vc_row][vc_row][vc_column][vc_raw_html]JTNDcCUyMHN0eWxlJTNEJTIydGV4dC1hbGlnbiUzQWNlbnRlciUyMiUzRVN0dWRpYSUyMHN0YWNqb25hcm5lJTNDJTJGcCUzRSUwQSUzQ2ElMjBocmVmJTNEJTIyaHR0cHMlM0ElMkYlMkZpcmsudXMuZWR1LnBsJTJGaXJrJTJGYXBwbGljYXRpb24lMkZwcm9ncmFtJTNGaWQlM0QxMTg3JTIyJTIwc3R5bGUlM0QlMjJkaXNwbGF5JTNBJTIwYmxvY2slM0IlMEElMjAlMjAlMjAlMjBiYWNrZ3JvdW5kJTNBJTIwJTIzMDAyZTVhJTNCJTBBJTIwJTIwJTIwJTIwd2lkdGglM0ElMjAyMDBweCUzQiUwQSUyMCUyMCUyMCUyMHBhZGRpbmclM0ElMjAxNXB4JTIwMjBweCUzQiUwQSUyMCUyMCUyMCUyMHRleHQtYWxpZ24lM0ElMjBjZW50ZXIlM0IlMEElMjAlMjAlMjAlMjBmb250LXNpemUlM0ElMjAxLjhlbSUzQiUwQSUyMCUyMCUyMCUyMG1hcmdpbiUzQSUyMDAlMjBhdXRvJTNCJTBBJTIwJTIwJTIwJTIwY29sb3IlM0ElMjAlMjNmZmYlM0IlMjIlM0UlMjBaYXBpc3olMjBzaSVDNCU5OSUyMCUzQyUyRmElM0U=[\/vc_raw_html][vc_raw_html]JTNDcCUyMHN0eWxlJTNEJTIydGV4dC1hbGlnbiUzQWNlbnRlciUyMiUzRVN0dWRpYSUyMG5pZXN0YWNqb25hcm5lJTNDJTJGcCUzRSUwQSUzQ2ElMjBocmVmJTNEJTIyaHR0cHMlM0ElMkYlMkZpcmsudXMuZWR1LnBsJTJGaXJrJTJGYXBwbGljYXRpb24lMkZwcm9ncmFtJTNGaWQlM0QxMTgwJTIyJTIwc3R5bGUlM0QlMjJkaXNwbGF5JTNBJTIwYmxvY2slM0IlMEElMjAlMjAlMjAlMjBiYWNrZ3JvdW5kJTNBJTIwJTIzMDAyZTVhJTNCJTBBJTIwJTIwJTIwJTIwd2lkdGglM0ElMjAyMDBweCUzQiUwQSUyMCUyMCUyMCUyMHBhZGRpbmclM0ElMjAxNXB4JTIwMjBweCUzQiUwQSUyMCUyMCUyMCUyMHRleHQtYWxpZ24lM0ElMjBjZW50ZXIlM0IlMEElMjAlMjAlMjAlMjBmb250LXNpemUlM0ElMjAxLjhlbSUzQiUwQSUyMCUyMCUyMCUyMG1hcmdpbiUzQSUyMDAlMjBhdXRvJTNCJTBBJTIwJTIwJTIwJTIwY29sb3IlM0ElMjAlMjNmZmYlM0IlMjIlM0UlMjBaYXBpc3olMjBzaSVDNCU5OSUyMCUzQyUyRmElM0U=[\/vc_raw_html][\/vc_column][\/vc_row] [&#8230;]<\/p>\n<p><a class=\"btn btn-secondary understrap-read-more-link\" href=\"https:\/\/us.edu.pl\/wydzial\/wsne\/oferta-dydaktyczna\/pedagogika-osob-niepelnosprawnych-z-arteterapia\/\">Read More&#8230;<\/a><\/p>\n","protected":false},"author":1,"featured_media":0,"parent":245,"menu_order":0,"comment_status":"closed","ping_status":"closed","template":"page-templates\/page-with-sidebar.php","meta":{"_expiration-date-status":"saved","_expiration-date":0,"_expiration-date-type":"","_expiration-date-categories":[],"_expiration-date-options":[]},"acf":[],"_links":{"self":[{"href":"https:\/\/us.edu.pl\/wydzial\/wsne\/wp-json\/wp\/v2\/pages\/419"}],"collection":[{"href":"https:\/\/us.edu.pl\/wydzial\/wsne\/wp-json\/wp\/v2\/pages"}],"about":[{"href":"https:\/\/us.edu.pl\/wydzial\/wsne\/wp-json\/wp\/v2\/types\/page"}],"author":[{"embeddable":true,"href":"https:\/\/us.edu.pl\/wydzial\/wsne\/wp-json\/wp\/v2\/users\/1"}],"replies":[{"embeddable":true,"href":"https:\/\/us.edu.pl\/wydzial\/wsne\/wp-json\/wp\/v2\/comments?post=419"}],"version-history":[{"count":7,"href":"https:\/\/us.edu.pl\/wydzial\/wsne\/wp-json\/wp\/v2\/pages\/419\/revisions"}],"predecessor-version":[{"id":5965,"href":"https:\/\/us.edu.pl\/wydzial\/wsne\/wp-json\/wp\/v2\/pages\/419\/revisions\/5965"}],"up":[{"embeddable":true,"href":"https:\/\/us.edu.pl\/wydzial\/wsne\/wp-json\/wp\/v2\/pages\/245"}],"wp:attachment":[{"href":"https:\/\/us.edu.pl\/wydzial\/wsne\/wp-json\/wp\/v2\/media?parent=419"}],"curies":[{"name":"wp","href":"https:\/\/api.w.org\/{rel}","templated":true}]}}