{"id":4528,"date":"2021-01-07T11:21:05","date_gmt":"2021-01-07T10:21:05","guid":{"rendered":"https:\/\/us.edu.pl\/wydzial\/wsne\/?page_id=4528"},"modified":"2021-01-14T09:47:45","modified_gmt":"2021-01-14T08:47:45","slug":"02-2","status":"publish","type":"page","link":"https:\/\/us.edu.pl\/wydzial\/wsne\/nauka-i-badania\/serie-wydawnicze\/seria-e-learning\/12-articles\/02-2\/","title":{"rendered":"02"},"content":{"rendered":"<p>Innovative Educational Technologies, Tools and Methods for E-learning<br \/>\nScientific Editor Eugenia Smyrnova-Trybulska<br \/>\n\u201cE-learning\u201d, 12, Katowice\u2013Cieszyn 2020, pp. 15\u201328<br \/>\nDOI: 10.34916\/el.2020.12.02<\/p>\n<p><a class=\"mtli_attachment mtli_pdf mtli_attachment mtli_pdf\" href=\"https:\/\/us.edu.pl\/wydzial\/wsne\/wp-content\/uploads\/sites\/20\/Nieprzypisane\/el-2020-12-02.pdf\" data-mtli=\"mtli_filesize841,76kB\" rel=\"mtli_filesize841,76kB\">el-2020-12-02<\/a><\/p>\n<p><strong>THE MOODLE COMMUNITY PLATFORM VERSUS THE MICROSOFT TEAMS CORPORATE APPLICATION<\/strong><\/p>\n<p><strong>Anna \u015al\u00f3sarz,<\/strong> Pedagogical University of Krakow, Podchor\u0105\u017cych 2, 30-084 Krakow, anna.slosarz@up.krakow.pl, ORCID 0000-0001-5524-3227<\/p>\n<p><strong>Abstract<\/strong>: The aim of study was to identify trends on the LMS\u2019s and e-learning industry\u2019s market in the context of students\u2019 and academics\u2019 needs in regard to distance education. Features and capabilities of the Moodle and Microsoft Teams platforms for distance education and networking purposes were analyzed and also the 5119 questionnaires conducted among the Cracow Pedagogical University students participating in distance education. 3167 questionnaires were conducted between 18th and 21st March 2020, another 1927 between 26th May and 7th June 2020, and a group of 25 students enrolled in Culture and Media Studies course completed questionnaires between 1st and 18th June 2020. The results of the research indicated that Moodle platform is better protected from unauthorized access. MT is more attractive regarding to video meetings system, but working with MT is absorbing, stressful and exhausting especially for the tutor, because MT is inscribed into corporate\u00a0 practices, and is dominated by visual and synchronous communication. When it comes to testing knowledge, 37% students preferred Moodle, 22% \u2013 MT, while 41% \u2013 other. Moodle refers to university traditions, while MT \u2013 to culture of corporate co-operation and uniformity. Regulations should not aim at pleasing students\u2019 by attractive tools, but should safeguard the good quality of distance education.<\/p>\n<p><strong>Keywords<\/strong>: e-learning industry market; corporation; attractiveness; video meetings; regulations.<\/p>\n<p><strong>REFERENCES<\/strong><\/p>\n<p>B e r g e r, P. L. &amp; L u c k m a n n, T. (1966). The Social Construction of Reality. New York: Anchor Books.<\/p>\n<p>C o b b, S.C. (2009). Social Presence and Online Learning: A Current View from a Research Perspective. Journal of Interactive Online Learning, 8(3), 241\u2013254. ISSN 15414914. Retrieved from https:\/\/www.ncolr.org\/jiol\/issues\/pdf\/8.3.4.pdf (accessed 10 July 2020).<\/p>\n<p>C u t h b e r s o n, A. (2019). China orders all foreign computers to be removed from state offices. Independent, 09.12., ISSN 0951-9461. Retrieved from https:\/\/www.independent.co.uk\/life-style\/gadgets-and-tech\/news\/china-computer-ban-google-microsoft-intelhuawei-a9239146.html (accessed 01 July 2020).<\/p>\n<p>D \u0142 u g o s z, P. (2020a). Raport z bada\u0144: \u201cKrakowscy studenci w sytuacji zagro\u017cenia pandemmi\u0105 koronawirusa\u201d [Research report: \u201cCracow students in the event of a coronavirus epidemic threat\u201d]. Krak\u00f3w: Instytut Filozofii i Socjologii Uniwersytetu Pedagogicznego im. Komisji Edukacji Narodowej w Krakowie [Krakow: Institute of Philosophy and Sociology at the Pedagogical University of National Education Commission in Krakow].<\/p>\n<p>D \u0142 u g o s z, P. (2020b). Raport z II etapu bada\u0144 student\u00f3w UP. Opinia na temat zdalnego nauczania i samopoczucia psychicznego [Report from the 2nd stage of UP students\u2019 research. Opinion on remote teaching and mental well-being]. Krak\u00f3w: Instytut Filozofii i Socjologii Uniwersytetu Pedagogicznego im. Komisji Edukacji Narodowej w Krakowie [Krakow: Institute of Philosophy and Sociology at the Pedagogical University of National Education Commission in Krakow].<\/p>\n<p>D o b e k &#8211; O s t r o w s k a, B. (2007). Podstawy komunikowania spo\u0142ecznego [Basics of social communication]. Wroc\u0142aw: Wydawnictwo Astrum [Astrum Publishing House]. ISBN 978-83-7249-091-9. European Parliament. (2002). Directive 2002\/14\/EC of the European Parliament and of the Council of 11 March 2002 establishing a general framework for informing and consulting employees in the European Community \u2013 Joint declaration of the European Parliament, the Council and the Commission on employee representation. EUR-Lex. Retrieved from https:\/\/eur-lex.europa.eu\/eli\/dir\/2002\/14\/oj (accessed 01 July 2020).<\/p>\n<p>G m i t e r e k &#8211; Z a b \u0142 o c k a, A. (2020). Studenci narzekaj\u0105 na zdaln\u0105 nauk\u0119 i\u2026 wyk\u0142adowc\u00f3w. \u201cWstyd, kpina i dziwne maile\u201d [Students complain about remote learning and\u2026 lecturers. \u201cShame, mockery and weird emails\u201d]. TokFm.pl, 28.06. Retrieved from https:\/\/www.tokfm.pl\/Tokfm\/7,103085,26064896,studenci-narzekaja-na-zdalna-nauke-i-wykladowcow-wstyd.html (accessed 10 July 2020).<\/p>\n<p>H e a r t J. (2019). Top 200 Tools for Learning 2019. Top Tools for Learning. Retrieved from\u00a0 https:\/\/www.toptools4learning.com (accessed 10 July 2020). \u201eInteria\u201d. (2019). Microsoft Office 365 zakazany w niemieckiej Hesji. Co z us\u0142ugami Google i Apple? [Microsoft Office 365 banned in Hessen, Germany. What about Google and Apple services?] Interia.pl, 16 July. Retrieved from https:\/\/nt.interia.pl\/news-microsoftoffice-365-zakazany-w-niemieckiej-hesji-co-z-uslug,nId,3096743 (accessed 01.07.2020).<\/p>\n<p>K e n t, D. (2020). These 38 Microsoft Teams Integrations Will Make You an Office Champion. Mio Dispatch, 06 July. Retrieved from https:\/\/dispatch.m.io\/microsoft-teams-integrations (accessed 10 July 2020).<\/p>\n<p>K \u0119 d z i e r s k a, B., \u015a l \u00f3 s a r z, A., R a t u s i \u0144 s k i, T., &amp; S k r z y p e k, W. Poradnik dla os\u00f3b przygotowuj\u0105cych zaj\u0119cia \/ kursy w formie zdalnej [Guide for persons preparing classes \/ courses in a remote form]. Retrieved from http:\/\/moodle.up.krakow.pl\/mod\/resource\/view.php?id=16467 (accessed 10 July 2020).<\/p>\n<p>Microsoft (no date) Find the right Microsoft Teams for your business. Microsoft. Retrieved from https:\/\/www.microsoft.com\/en-us\/microsoft-365\/microsoft-teams\/compare-microsoft-teams-options (accessed 10.07.2020).<\/p>\n<p>Ministerstwo Nauki i Szkolnictwa Wy\u017cszego. (2020). Rekomendacje Ministerstwa Nauki i Szkolnictwa Wy\u017cszego w sprawie kszta\u0142cenia prowadzonego z wykorzystaniem metod i technik kszta\u0142cenia na odleg\u0142o\u015b\u0107 [Recommendations of the Ministry of Science and Higher Education regarding education conducted using distance learning methods and techniques]. Retrieved from https:\/\/www.gov.pl\/web\/nauka\/ksztalcenie-zdalne-na-uczelniach 26 March (accessed 10.07.2020).<\/p>\n<p>Moodle (no date), Moodle Brand and Trademark. Retrieved from https:\/\/moodle.org\/pluginfile.php\/2840042\/mod_page\/content\/23\/Moodle-Logo-RGB.png (accessed 10.07.2020).<br \/>\nMoodle.org (no date). Statistics. Moodle.org. Retrieved from https:\/\/stats.org (accessed 10 July 2020).<\/p>\n<p>O a t e s, J. (2019). Office 365 verboten in Hessen schools: German state bans cloudy Microsoft suite on privacy grounds. The Register, 16 July. Retrieved from https:\/\/www.theregister. com\/2019\/07\/16\/germany_outlaws_office_365_for_school_use\/ (accessed 01 July 2020).<\/p>\n<p>P a p p a s, Ch. (2015). The Top LMS Statistics and Facts For 2015 You Need To Know. eLearning Industry, 26 May. Retrieved from https:\/\/elearningindustry.com\/top-lms-statistics-andfacts-for-2015 (accessed 01 July 2020).<\/p>\n<p>P a r k, Ch. W., D o n g &#8211; g o o k, K. (2020). Exploring the Roles of Social Presence and Gender Difference in Online Learning. Decision Sciences, 30 April. Retrieved from https:\/\/onlinelibrary.wiley.com\/doi\/epdf\/10.1111\/dsji.12207 (accessed 09 September 2020).<\/p>\n<p>P r o t a l i n s k i, E. (2020). Microsoft Teams passes 75 million daily active users. VentureBeat, April 29. Retrieved from https:\/\/venturebeat.com\/2020\/04\/29\/microsoft-teams-passes-75-million-daily-active-users (accessed 10 July 2020).<\/p>\n<p>R a t a j c z a k, M. (2015). Wprowadzenie do teorii kapitalizmu kognitywnego: kapitalizm kognitywny jako re\u017cim akumulacji [Introduction to the theory of cognitive capitalism: cognitive capitalism as an accumulation regime]. Praktyka Teoretyczna [Theoretical Practice], 1, 57\u201393. ISSN 2081-8130. DOI 10.14746\/prt.2015.1.2.<\/p>\n<p>S c l a t e r, N. (2008). A Large-Scale Open Source eLearning Systems at the Open University UK. ECAR, 12. Retrieved from https:\/\/www.educause.edu\/ir\/library\/pdf\/ERB0812.pdf (accessed 10 July 2020).<\/p>\n<p>S t o c h, M. &amp; K o s e k, G. (2020). Raport z wynik\u00f3w ankiety jako\u015bci kszta\u0142cenia zdalnego na kierunku \u201cKulturoznawstwo i wiedza o mediach\u201d [Report on the results of the survey on the quality of remote education in the field of \u201cCultural Studies and Media Knowledge\u201d]. Krak\u00f3w: Uniwersytet Pedagogiczny, Katedra Medi\u00f3w i Bada\u0144 Kulturowych [Krakow: Pedagogical University, Department of Media and Cultural Research.]. Stowarzyszenie E-learningu Akademickiego. (2008). Kryteria oceny kursu internetowego [Criteria for assessing the online course]. Retrieved from https:\/\/sea.edu.pl\/kryteria (accessed 10 July 2020).<\/p>\n<p>S z a r e c k i, A. (2012). Zaanga\u017cowany pracownik: kontrola emocjonalna i kolonizacja cia\u0142a pracuj\u0105cego w kulturze korporacyjnej [Employee involved: emotional control and colonization of the body working in corporate culture]. Kultura Wsp\u00f3\u0142czesna [Contemporary Culture], 3, 94\u2013107. ISSN 1230-4808.<\/p>\n<p>\u015a w i d e r, A. (2020). Zdalne egzaminy na uczelniach pod lup\u0105 Rzecznika [Remote examinations at universities under the Ombudsman\u2019s magnifying glass]. Rzeczpospolita, 11 July. ISSN 0208-9130. Retrieved from https:\/\/www.rp.pl\/Edukacja-i-wychowanie\/306119995-Zdalne-egzaminy-na-uczelniach-pod-lupa-Rzecznika.html (accessed 11 July 2020).<\/p>\n<p>T u r, H. (2020). Microsoft udost\u0119pnia za darmo Teams. Przyczyna? Koronawirus! [Microsoft provides Teams for free. Cause? Coronavirus!]. PCWorld, 11 March. Retrieved from https:\/\/www.pcworld.pl\/news\/Microsoft-udostepnia-za-darmo-Teams-Przyczyna-Koronawirus,419525.html (accessed 30 Juni 2020). ISSN 1232-3004.<\/p>\n<p>U r b a n i e c, J. (2020). Edukacja \u201cpandemiczna\u201d czyli o kszta\u0142ceniu zdalnym na uczelniach [\u201cPandemic\u201d education, i.e. about remote education at universities]. Forum Akademickie [Academic Forum], May. Retrieved from https:\/\/miesiecznik.forumakademickie.pl\/czasopisma\/fa-05-2020\/edukacja-pandemiczna%E2%80%A8czyli-o-ksztalceniu-zdalnym-na-uczelniach%E2%80%A9 (accessed 10 July 2020). ISSN 1233-0930.<\/p>\n<p>Wikipedia (2019). The logo for Microsoft Teams since 2018, found on https:\/\/office.com). Retrieved from https:\/\/pl.wikipedia.org\/wiki\/Microsoft_Teams (accessed 31 July 2020).<\/p>\n<style type=\"text\/css\">a[data-mtli~=\"mtli_filesize841,76kB\"]:after {content:\" (841,76 kB)\"}<\/style>","protected":false},"excerpt":{"rendered":"<p>Innovative Educational Technologies, Tools and Methods for E-learning Scientific Editor Eugenia Smyrnova-Trybulska \u201cE-learning\u201d, 12, Katowice\u2013Cieszyn 2020, pp. 15\u201328 DOI: 10.34916\/el.2020.12.02 el-2020-12-02 THE MOODLE COMMUNITY PLATFORM VERSUS THE MICROSOFT TEAMS CORPORATE APPLICATION Anna \u015al\u00f3sarz, Pedagogical University of Krakow, Podchor\u0105\u017cych 2, 30-084 Krakow, anna.slosarz@up.krakow.pl, ORCID 0000-0001-5524-3227 Abstract: The aim of study was to identify trends on the [&#8230;]<\/p>\n<p><a class=\"btn btn-secondary understrap-read-more-link\" href=\"https:\/\/us.edu.pl\/wydzial\/wsne\/nauka-i-badania\/serie-wydawnicze\/seria-e-learning\/12-articles\/02-2\/\">Read More&#8230;<\/a><\/p>\n","protected":false},"author":110,"featured_media":0,"parent":4457,"menu_order":0,"comment_status":"closed","ping_status":"closed","template":"page-templates\/inner-page.php","meta":{"_expiration-date-status":"saved","_expiration-date":0,"_expiration-date-type":"","_expiration-date-categories":[],"_expiration-date-options":[]},"acf":[],"_links":{"self":[{"href":"https:\/\/us.edu.pl\/wydzial\/wsne\/wp-json\/wp\/v2\/pages\/4528"}],"collection":[{"href":"https:\/\/us.edu.pl\/wydzial\/wsne\/wp-json\/wp\/v2\/pages"}],"about":[{"href":"https:\/\/us.edu.pl\/wydzial\/wsne\/wp-json\/wp\/v2\/types\/page"}],"author":[{"embeddable":true,"href":"https:\/\/us.edu.pl\/wydzial\/wsne\/wp-json\/wp\/v2\/users\/110"}],"replies":[{"embeddable":true,"href":"https:\/\/us.edu.pl\/wydzial\/wsne\/wp-json\/wp\/v2\/comments?post=4528"}],"version-history":[{"count":4,"href":"https:\/\/us.edu.pl\/wydzial\/wsne\/wp-json\/wp\/v2\/pages\/4528\/revisions"}],"predecessor-version":[{"id":4635,"href":"https:\/\/us.edu.pl\/wydzial\/wsne\/wp-json\/wp\/v2\/pages\/4528\/revisions\/4635"}],"up":[{"embeddable":true,"href":"https:\/\/us.edu.pl\/wydzial\/wsne\/wp-json\/wp\/v2\/pages\/4457"}],"wp:attachment":[{"href":"https:\/\/us.edu.pl\/wydzial\/wsne\/wp-json\/wp\/v2\/media?parent=4528"}],"curies":[{"name":"wp","href":"https:\/\/api.w.org\/{rel}","templated":true}]}}