{"id":4589,"date":"2021-01-08T11:57:04","date_gmt":"2021-01-08T10:57:04","guid":{"rendered":"https:\/\/us.edu.pl\/wydzial\/wsne\/?page_id=4589"},"modified":"2021-01-14T14:23:00","modified_gmt":"2021-01-14T13:23:00","slug":"15-2","status":"publish","type":"page","link":"https:\/\/us.edu.pl\/wydzial\/wsne\/nauka-i-badania\/serie-wydawnicze\/seria-e-learning\/12-articles\/15-2\/","title":{"rendered":"15"},"content":{"rendered":"<p>Innovative Educational Technologies, Tools and Methods for E-learning<br \/>\nScientific Editor Eugenia Smyrnova-Trybulska<br \/>\n\u201cE-learning\u201d, 12, Katowice\u2013Cieszyn 2020, pp. 171\u2013182<br \/>\nDOI: 10.34916\/el.2020.12.15<\/p>\n<p><a class=\"mtli_attachment mtli_pdf mtli_attachment mtli_pdf\" href=\"https:\/\/us.edu.pl\/wydzial\/wsne\/wp-content\/uploads\/sites\/20\/Nieprzypisane\/el-2020-12-15.pdf\" data-mtli=\"mtli_filesize615,78kB\" rel=\"mtli_filesize615,78kB\">el-2020-12-15<\/a><\/p>\n<p><strong>DISTANCE LEARNING: ON THE WAY TO DEVELOPING A NEW DIDACTIC MODEL OF UNIVERSITY EDUCATION<\/strong><\/p>\n<p><strong>Lyudmyla Khoruzha<\/strong>-1, <strong>Volodymyr Proshkin<\/strong>-2, Borys Grinchenko Kyiv University, Bulvarno-Kudriavska St. 18\/2, Kyiv, Ukraine 1, l.khoruzha@kubg.edu.ua, 2, v.proshkin@kubg.edu.ua, ORCID 1, 0000-0003-4405-4847, 2, 0000-0002-9785-0612<\/p>\n<p><strong>Abstract<\/strong>: The article considers the problem of developing a modern didactic model of university education, which is competency-oriented, designed for a reasonable combination of pedagogical management with its own initiative, independence, and activity of students. It is noted that a significant role in this belongs to distance learning resources. It is proved that when developing a modern didactic model of professional training, the following should be taken into account: distance learning allows creating the same conditions for all students; it is necessary to constantly increase lecturers\u2019 digital competence as a basis for the introduction of distance learning; electronic systems for monitoring and measuring the effectiveness of training, etc need to be improved. It is proved that the most optimal format for the organization of the educational process in higher school is a harmonious combination of distance and classroom learning.<\/p>\n<p><strong>Keywords<\/strong>: distance learning; e-learning tools; university education; didactic model; professional training of students.<\/p>\n<p><strong>REFERENCES<\/strong><br \/>\nB y k o v, V., L e s h c h e n k o, M., &amp; T y m c h u k, L. (2017). Digital humanistic pedagogy. \u041ayiv.<\/p>\n<p>D z i a b e n k o, O., M o r z e, N., Va s y l e n k o, S., Va r c h e n k o &#8211; T r o t s e n k o, L., Ve m b e r, V., B o i k o, M., V o r o t n y k o v a, I., &amp; S m i r n o v a &#8211; T r y b u l s k a, Y. (2020). TUTORIAL \u201cInnovative pedagogical methods in the digital age\u201d. Kyiv.<\/p>\n<p>F o j t \u00ed k, R. (2018). The role of the teacher in distance education. In E. Smyrnova-Trybulska, (Ed.). E-learning and Smart Learning Environment for the Preparation of New Generation Specialists, 10 (pp. 591\u2013603). Katowice\u2013Cieszyn: STUDIO NOA for University of Silesia.<\/p>\n<p>Information-communicative technologies in education: dictionary (2019). \u041ayiv: TsP KOMPRYNT.<\/p>\n<p>K h o r u z h a, L., P r o s h k i n, V., K o t e n k o, O., &amp; S m y r n o v a &#8211; T r y b u l s k a, E. (2019). Digital competence: abilities of a lecturer and expectations of students (Ukrainian-Polish context). In E. Smyrnova-Trybulska (Ed.). E-learning and STEM Education, 11 (pp. 421\u2013441). Katowice\u2013Cieszyn: STUDIO NOA for University of Silesia.<\/p>\n<p>M o r z e, N. V., H l a z u n o v a, O. H., &amp; M o k r i i e v, M. V. (2016). Technology of creating a distance course: a textbook. Methods of creating an e-learning course (based on the distance learning platform Moodle3. Kyiv.<\/p>\n<p>\u015a l \u00f3 s a r z, A. (2019). Democratizing potential of distance education E-learning. In E. Smyrnova-Trybulska (Ed.). E-learning and STEM Education, 11 (pp. 51\u201369). Katowice\u2013Cieszyn: STUDIO NOA for University of Silesia<\/p>\n<p>S m y r n o v a &#8211; T r y b u l s k a, E. (2018). Technologie informacyjno-komunikacyjnei e-learning we wsp\u00f3\u0142czesnej edukacji [Information and Communication Technologies and E-learning in Contemporary Education]. Katowice: Wydawnictwo Uniwersytetu \u015al\u0105skiego [Katowice: University of Silesia Press].<\/p>\n<p>Z a l e w s k a, E. (2015). Jako\u015b\u0107 kurs\u00f3w e-learning. In P. Wdowi\u0144ski (Ed.). Nauczyciel akademicki wobec nowych wyzwa\u0144 edukacyjnych, 105\u2013113. \u0141\u00f3d\u017a: University of \u0141\u00f3d\u017a Publishing House.<\/p>\n<p>Z o r m a n o v \u00e1, L. (2016). Distance Education in European Countries. In E. Smyrnova-Trybulska (Ed.). E-learning Methodology \u2013 Implementation and Evaluation. Seria on E-learning, 8 (pp. 19\u201329). Katowice\u2013Cieszyn: STUDIO NOA for University of Silesia.<\/p>\n<style type=\"text\/css\">a[data-mtli~=\"mtli_filesize615,78kB\"]:after {content:\" (615,78 kB)\"}<\/style>","protected":false},"excerpt":{"rendered":"<p>Innovative Educational Technologies, Tools and Methods for E-learning Scientific Editor Eugenia Smyrnova-Trybulska \u201cE-learning\u201d, 12, Katowice\u2013Cieszyn 2020, pp. 171\u2013182 DOI: 10.34916\/el.2020.12.15 el-2020-12-15 DISTANCE LEARNING: ON THE WAY TO DEVELOPING A NEW DIDACTIC MODEL OF UNIVERSITY EDUCATION Lyudmyla Khoruzha-1, Volodymyr Proshkin-2, Borys Grinchenko Kyiv University, Bulvarno-Kudriavska St. 18\/2, Kyiv, Ukraine 1, l.khoruzha@kubg.edu.ua, 2, v.proshkin@kubg.edu.ua, ORCID 1, 0000-0003-4405-4847, [&#8230;]<\/p>\n<p><a class=\"btn btn-secondary understrap-read-more-link\" href=\"https:\/\/us.edu.pl\/wydzial\/wsne\/nauka-i-badania\/serie-wydawnicze\/seria-e-learning\/12-articles\/15-2\/\">Read More&#8230;<\/a><\/p>\n","protected":false},"author":110,"featured_media":0,"parent":4457,"menu_order":0,"comment_status":"closed","ping_status":"closed","template":"page-templates\/inner-page.php","meta":{"_expiration-date-status":"saved","_expiration-date":0,"_expiration-date-type":"","_expiration-date-categories":[],"_expiration-date-options":[]},"acf":[],"_links":{"self":[{"href":"https:\/\/us.edu.pl\/wydzial\/wsne\/wp-json\/wp\/v2\/pages\/4589"}],"collection":[{"href":"https:\/\/us.edu.pl\/wydzial\/wsne\/wp-json\/wp\/v2\/pages"}],"about":[{"href":"https:\/\/us.edu.pl\/wydzial\/wsne\/wp-json\/wp\/v2\/types\/page"}],"author":[{"embeddable":true,"href":"https:\/\/us.edu.pl\/wydzial\/wsne\/wp-json\/wp\/v2\/users\/110"}],"replies":[{"embeddable":true,"href":"https:\/\/us.edu.pl\/wydzial\/wsne\/wp-json\/wp\/v2\/comments?post=4589"}],"version-history":[{"count":2,"href":"https:\/\/us.edu.pl\/wydzial\/wsne\/wp-json\/wp\/v2\/pages\/4589\/revisions"}],"predecessor-version":[{"id":4656,"href":"https:\/\/us.edu.pl\/wydzial\/wsne\/wp-json\/wp\/v2\/pages\/4589\/revisions\/4656"}],"up":[{"embeddable":true,"href":"https:\/\/us.edu.pl\/wydzial\/wsne\/wp-json\/wp\/v2\/pages\/4457"}],"wp:attachment":[{"href":"https:\/\/us.edu.pl\/wydzial\/wsne\/wp-json\/wp\/v2\/media?parent=4589"}],"curies":[{"name":"wp","href":"https:\/\/api.w.org\/{rel}","templated":true}]}}