{"id":603,"date":"2019-10-17T14:50:25","date_gmt":"2019-10-17T12:50:25","guid":{"rendered":"https:\/\/us.edu.pl\/wydzial\/wsne\/?page_id=603"},"modified":"2019-10-17T14:50:53","modified_gmt":"2019-10-17T12:50:53","slug":"historia","status":"publish","type":"page","link":"https:\/\/us.edu.pl\/wydzial\/wsne\/o-wydziale\/historia\/","title":{"rendered":"Historia"},"content":{"rendered":"<p>[vc_row][vc_column]\r\n                <div class=\"text-modules\">\r\n                    <div class=\"container\">\r\n                        <h3 class=\"page-title text__title\">Historia<\/h3>\r\n                        <div class=\"text-modules__content\"><p>Wydzia\u0142 Sztuki i Nauk o Edukacji powsta\u0142 w 1 pa\u017adziernika 2019 roku w wyniku zmian strukturalnych prowadzonych w Uniwersytecie \u015al\u0105skim. Jako jeden z 8 wydzia\u0142\u00f3w U\u015a ma charakter interdyscyplinarny i skupia przedstawicieli nauk spo\u0142ecznych i humanistycznych oraz \u015brodowisk artystycznych \u2013 muzycznych i plastycznych. Zainteresowania badawcze i dzia\u0142alno\u015b\u0107 artystyczna przek\u0142ada si\u0119 na prowadzon\u0105 na Wydziale dydaktyk\u0119, co oznacza \u017ce studenci poznaj\u0105 nie tylko wiedz\u0119 teoretyczn\u0105 danych dyscyplin, ale r\u00f3wnie\u017c i ich praktyczny wymiar. Szeroko zakrojona wsp\u00f3\u0142praca z otoczeniem pozwala na podnoszenie kompetencji zawodowych pracownik\u00f3w i student\u00f3w oraz budowanie kapita\u0142u spo\u0142ecznego w regionie.<\/p>\n<p>Wydzia\u0142 kontynuuje tradycje swoich poprzednik\u00f3w, zwi\u0105zane przede wszystkim z kszta\u0142ceniem nauczycieli. W roku 1911 powsta\u0142o Polskie M\u0119skie Seminarium Nauczycielskie za\u0142o\u017cone przez Macierz Szkoln\u0105 dla Ksi\u0119stwa Cieszy\u0144skiego, kt\u00f3re umieszczono w nowopowsta\u0142ym gmachu, b\u0119d\u0105cym do dzi\u015b centralnym obiektem kampusu. W 1971 roku, wykorzystuj\u0105c 60. letnie tradycje seminarium, utworzono Wy\u017csze Studium Nauczycielskie \u2013 jako Fili\u0119 Uniwersytetu \u015al\u0105skiego \u2013 kt\u00f3re prowadzi\u0142o edukacj\u0119 w zakresie filologii polskiej, historii, wychowania obywatelskiego, nauczania pocz\u0105tkowego i wychowania muzycznego.<\/p>\n<p>W roku 1977 Filia, zachowuj\u0105c sw\u00f3j dotychczasowy status, zosta\u0142a przekszta\u0142cona w Wydzia\u0142 Pedagogiczno-Artystyczny, zgodny z \u00f3wczesnym potencja\u0142em kadry akademickiej. W roku 2002 roku przeprowadzono reorganizacj\u0119 Uniwersytetu \u015al\u0105skiego, w wyniku kt\u00f3rej powo\u0142ano 12 wydzia\u0142\u00f3w, w tym 2 pozamiejscowe w Cieszynie: Wydzia\u0142 Etnologii i Nauk o Edukacji oraz Wydzia\u0142 Artystyczny. Struktura ta funkcjonowa\u0142a do 30 wrze\u015bnia 2019 roku.<\/p>\n<p>Ulokowanie o\u015brodka w jednym z ciekawszych kulturowo region\u00f3w Polski i Europy, zakorzenienie w lokalnych tradycjach, pedagogicznych, etnograficznych i artystycznych oraz\u00a0 dydaktyczny profil wzorowany na europejskich standardach \u2013 to warto\u015bci, kt\u00f3re s\u0105 naszym potencja\u0142em.<\/p>\n<\/div>\r\n                    <\/div>\r\n                <\/div>[\/vc_column][\/vc_row]<\/p>","protected":false},"excerpt":{"rendered":"<p>[vc_row][vc_column][\/vc_column][\/vc_row] [&#8230;]<\/p>\n<p><a class=\"btn btn-secondary understrap-read-more-link\" href=\"https:\/\/us.edu.pl\/wydzial\/wsne\/o-wydziale\/historia\/\">Read More&#8230;<\/a><\/p>\n","protected":false},"author":1,"featured_media":0,"parent":583,"menu_order":1,"comment_status":"closed","ping_status":"closed","template":"","meta":{"_expiration-date-status":"","_expiration-date":0,"_expiration-date-type":"","_expiration-date-categories":[],"_expiration-date-options":[]},"acf":[],"_links":{"self":[{"href":"https:\/\/us.edu.pl\/wydzial\/wsne\/wp-json\/wp\/v2\/pages\/603"}],"collection":[{"href":"https:\/\/us.edu.pl\/wydzial\/wsne\/wp-json\/wp\/v2\/pages"}],"about":[{"href":"https:\/\/us.edu.pl\/wydzial\/wsne\/wp-json\/wp\/v2\/types\/page"}],"author":[{"embeddable":true,"href":"https:\/\/us.edu.pl\/wydzial\/wsne\/wp-json\/wp\/v2\/users\/1"}],"replies":[{"embeddable":true,"href":"https:\/\/us.edu.pl\/wydzial\/wsne\/wp-json\/wp\/v2\/comments?post=603"}],"version-history":[{"count":1,"href":"https:\/\/us.edu.pl\/wydzial\/wsne\/wp-json\/wp\/v2\/pages\/603\/revisions"}],"predecessor-version":[{"id":604,"href":"https:\/\/us.edu.pl\/wydzial\/wsne\/wp-json\/wp\/v2\/pages\/603\/revisions\/604"}],"up":[{"embeddable":true,"href":"https:\/\/us.edu.pl\/wydzial\/wsne\/wp-json\/wp\/v2\/pages\/583"}],"wp:attachment":[{"href":"https:\/\/us.edu.pl\/wydzial\/wsne\/wp-json\/wp\/v2\/media?parent=603"}],"curies":[{"name":"wp","href":"https:\/\/api.w.org\/{rel}","templated":true}]}}

<p>[vc_row][vc_column]
                <div class="text-modules">
                    <div class="container">
                        <h3 class="page-title text__title">Historia</h3>
                        <div class="text-modules__content"><p>Wydział Sztuki i Nauk o Edukacji powstał w 1 października 2019 roku w wyniku zmian strukturalnych prowadzonych w Uniwersytecie Śląskim. Jako jeden z 8 wydziałów UŚ ma charakter interdyscyplinarny i skupia przedstawicieli nauk społecznych i humanistycznych oraz środowisk artystycznych – muzycznych i plastycznych. Zainteresowania badawcze i działalność artystyczna przekłada się na prowadzoną na Wydziale dydaktykę, co oznacza że studenci poznają nie tylko wiedzę teoretyczną danych dyscyplin, ale również i ich praktyczny wymiar. Szeroko zakrojona współpraca z otoczeniem pozwala na podnoszenie kompetencji zawodowych pracowników i studentów oraz budowanie kapitału społecznego w regionie.</p>
<p>Wydział kontynuuje tradycje swoich poprzedników, związane przede wszystkim z kształceniem nauczycieli. W roku 1911 powstało Polskie Męskie Seminarium Nauczycielskie założone przez Macierz Szkolną dla Księstwa Cieszyńskiego, które umieszczono w nowopowstałym gmachu, będącym do dziś centralnym obiektem kampusu. W 1971 roku, wykorzystując 60. letnie tradycje seminarium, utworzono Wyższe Studium Nauczycielskie – jako Filię Uniwersytetu Śląskiego – które prowadziło edukację w zakresie filologii polskiej, historii, wychowania obywatelskiego, nauczania początkowego i wychowania muzycznego.</p>
<p>W roku 1977 Filia, zachowując swój dotychczasowy status, została przekształcona w Wydział Pedagogiczno-Artystyczny, zgodny z ówczesnym potencjałem kadry akademickiej. W roku 2002 roku przeprowadzono reorganizację Uniwersytetu Śląskiego, w wyniku której powołano 12 wydziałów, w tym 2 pozamiejscowe w Cieszynie: Wydział Etnologii i Nauk o Edukacji oraz Wydział Artystyczny. Struktura ta funkcjonowała do 30 września 2019 roku.</p>
<p>Ulokowanie ośrodka w jednym z ciekawszych kulturowo regionów Polski i Europy, zakorzenienie w lokalnych tradycjach, pedagogicznych, etnograficznych i artystycznych oraz  dydaktyczny profil wzorowany na europejskich standardach – to wartości, które są naszym potencjałem.</p>
</div>
                    </div>
                </div>[/vc_column][/vc_row]</p>
