{"id":983,"date":"2019-11-13T15:17:58","date_gmt":"2019-11-13T14:17:58","guid":{"rendered":"https:\/\/us.edu.pl\/wydzial\/wsne\/?page_id=983"},"modified":"2020-04-30T15:54:53","modified_gmt":"2020-04-30T13:54:53","slug":"malarstwo-i-projekty-interdyscyplinarne","status":"publish","type":"page","link":"https:\/\/us.edu.pl\/wydzial\/wsne\/oferta-dydaktyczna\/malarstwo-i-projekty-interdyscyplinarne\/","title":{"rendered":"Malarstwo i projekty interdyscyplinarne"},"content":{"rendered":"<p>[vc_row][vc_column]\r\n                <div class=\"text-modules\">\r\n                    <div class=\"container\">\r\n                        <h3 class=\"page-title text__title\">Malarstwo i projekty interdyscyplinarne<\/h3>\r\n                        <div class=\"text-modules__content\"><p><strong>STUDIA II STOPNIA, STACJONARNE<\/strong><\/p>\n<p>&nbsp;<\/p>\n<p>Kierunek stwarza mo\u017cliwo\u015b\u0107 uzyskania wykszta\u0142cenia w zakresie wsp\u00f3\u0142cze\u015bnie funkcjonuj\u0105cych koncepcji malarstwa, jak i profesjonalnych zastosowa\u0144 form malarskich w r\u00f3\u017cnych kontekstach, z wykorzystaniem r\u00f3\u017cnorodnych technologii. Program studi\u00f3w pozwala studentowi samodzielnie tworzy\u0107 indywidualn\u0105 \u015bcie\u017ck\u0119 kszta\u0142cenia. Kierunek ten stanowi z jednej strony ofert\u0119 dla os\u00f3b, kt\u00f3re oczekuj\u0105 mo\u017cliwo\u015bci zdobywania umiej\u0119tno\u015bci, wiedzy i kompetencji pozwalaj\u0105cych odnale\u017a\u0107 si\u0119 na rynku pracy, w otoczeniu spo\u0142ecznym, artystycznym i gospodarczym, w indywidualnej dzia\u0142alno\u015bci na rynku sztuki i niekt\u00f3rych obszarach dzia\u0142alno\u015bci projektowej. Z drugiej strony jest skierowany do os\u00f3b wykazuj\u0105cych potrzeb\u0119 rozwijania zainteresowa\u0144 sztuk\u0105, kt\u00f3re maj\u0105 charakter bezinteresowny. Zdobyte wykszta\u0142cenie pozwala odnale\u017a\u0107 si\u0119 w r\u00f3\u017cnych i zmiennych okoliczno\u015bciach \u015brodowiskowych oraz technologiczno-warsztatowych.<\/p>\n<p><strong>\u00a0<\/strong><\/p>\n<p><strong>Perspektywy zawodowe:<\/strong><\/p>\n<ul>\n<li>prowadzenie dzia\u0142alno\u015bci tw\u00f3rczej artysty malarza w oparciu o najnowsze osi\u0105gni\u0119cia technologiczne jak i tradycyjny warsztat malarski,<\/li>\n<li>prowadzenie dzia\u0142alno\u015bci artystycznej na rynku pracy w zakresie malarstwa i dyscyplin pokrewnych (wg wyboru studenta: ceramika, fotografia, film, witra\u017c, grafika projektowa i artystyczna),<\/li>\n<li>praca w galeriach sztuki, muzeach i instytucjach kulturalno-o\u015bwiatowych,<\/li>\n<li>podj\u0119cie studi\u00f3w doktoranckich.<\/li>\n<\/ul>\n<p>\n<\/div>\r\n                    <\/div>\r\n                <\/div>[\/vc_column][\/vc_row]<\/p>","protected":false},"excerpt":{"rendered":"<p>[vc_row][vc_column][\/vc_column][\/vc_row] [&#8230;]<\/p>\n<p><a class=\"btn btn-secondary understrap-read-more-link\" href=\"https:\/\/us.edu.pl\/wydzial\/wsne\/oferta-dydaktyczna\/malarstwo-i-projekty-interdyscyplinarne\/\">Read More&#8230;<\/a><\/p>\n","protected":false},"author":33,"featured_media":0,"parent":245,"menu_order":0,"comment_status":"closed","ping_status":"closed","template":"","meta":{"_expiration-date-status":"saved","_expiration-date":0,"_expiration-date-type":"","_expiration-date-categories":[],"_expiration-date-options":[]},"acf":[],"_links":{"self":[{"href":"https:\/\/us.edu.pl\/wydzial\/wsne\/wp-json\/wp\/v2\/pages\/983"}],"collection":[{"href":"https:\/\/us.edu.pl\/wydzial\/wsne\/wp-json\/wp\/v2\/pages"}],"about":[{"href":"https:\/\/us.edu.pl\/wydzial\/wsne\/wp-json\/wp\/v2\/types\/page"}],"author":[{"embeddable":true,"href":"https:\/\/us.edu.pl\/wydzial\/wsne\/wp-json\/wp\/v2\/users\/33"}],"replies":[{"embeddable":true,"href":"https:\/\/us.edu.pl\/wydzial\/wsne\/wp-json\/wp\/v2\/comments?post=983"}],"version-history":[{"count":4,"href":"https:\/\/us.edu.pl\/wydzial\/wsne\/wp-json\/wp\/v2\/pages\/983\/revisions"}],"predecessor-version":[{"id":3006,"href":"https:\/\/us.edu.pl\/wydzial\/wsne\/wp-json\/wp\/v2\/pages\/983\/revisions\/3006"}],"up":[{"embeddable":true,"href":"https:\/\/us.edu.pl\/wydzial\/wsne\/wp-json\/wp\/v2\/pages\/245"}],"wp:attachment":[{"href":"https:\/\/us.edu.pl\/wydzial\/wsne\/wp-json\/wp\/v2\/media?parent=983"}],"curies":[{"name":"wp","href":"https:\/\/api.w.org\/{rel}","templated":true}]}}

<p>[vc_row][vc_column]
                <div class="text-modules">
                    <div class="container">
                        <h3 class="page-title text__title">Malarstwo i projekty interdyscyplinarne</h3>
                        <div class="text-modules__content"><p><strong>STUDIA II STOPNIA, STACJONARNE</strong></p>
<p>&nbsp;</p>
<p>Kierunek stwarza możliwość uzyskania wykształcenia w zakresie współcześnie funkcjonujących koncepcji malarstwa, jak i profesjonalnych zastosowań form malarskich w różnych kontekstach, z wykorzystaniem różnorodnych technologii. Program studiów pozwala studentowi samodzielnie tworzyć indywidualną ścieżkę kształcenia. Kierunek ten stanowi z jednej strony ofertę dla osób, które oczekują możliwości zdobywania umiejętności, wiedzy i kompetencji pozwalających odnaleźć się na rynku pracy, w otoczeniu społecznym, artystycznym i gospodarczym, w indywidualnej działalności na rynku sztuki i niektórych obszarach działalności projektowej. Z drugiej strony jest skierowany do osób wykazujących potrzebę rozwijania zainteresowań sztuką, które mają charakter bezinteresowny. Zdobyte wykształcenie pozwala odnaleźć się w różnych i zmiennych okolicznościach środowiskowych oraz technologiczno-warsztatowych.</p>
<p><strong> </strong></p>
<p><strong>Perspektywy zawodowe:</strong></p>
<ul>
<li>prowadzenie działalności twórczej artysty malarza w oparciu o najnowsze osiągnięcia technologiczne jak i tradycyjny warsztat malarski,</li>
<li>prowadzenie działalności artystycznej na rynku pracy w zakresie malarstwa i dyscyplin pokrewnych (wg wyboru studenta: ceramika, fotografia, film, witraż, grafika projektowa i artystyczna),</li>
<li>praca w galeriach sztuki, muzeach i instytucjach kulturalno-oświatowych,</li>
<li>podjęcie studiów doktoranckich.</li>
</ul>
<p>
</div>
                    </div>
                </div>[/vc_column][/vc_row]</p>
