{"id":3085,"date":"2021-04-06T17:30:09","date_gmt":"2021-04-06T15:30:09","guid":{"rendered":"https:\/\/us.edu.pl\/wydzial\/wtl\/?post_type=event&#038;p=3085"},"modified":"2021-04-14T21:07:26","modified_gmt":"2021-04-14T19:07:26","slug":"sympozjum-naukowe-rodzina-w-czasach-pandemii","status":"publish","type":"event","link":"https:\/\/us.edu.pl\/wydzial\/wtl\/event\/sympozjum-naukowe-rodzina-w-czasach-pandemii\/","title":{"rendered":"Sympozjum naukowe: Rodzina w czasach pandemii"},"content":{"rendered":"<p>[vc_row][vc_column][vc_column_text]<\/p>\n<div><span style=\"font-size: 12pt\">Link do wydarzenia na MS\u00a0Teams:<\/span><\/div>\n<div><span style=\"font-size: 12pt\"><a href=\"https:\/\/teams.microsoft.com\/l\/meetup-join\/19%3a1a23ce0c374647ada0c867fc93a000a5%40thread.tacv2\/1618224628860?context=%7b%22Tid%22%3a%2250c76291-0c80-4444-a2fb-4f8ab168c311%22%2c%22Oid%22%3a%22ea2802ca-0429-49e6-8fc5-b38d758508b7%22%7d\">https:\/\/teams.microsoft.com\/l\/meetup-join\/19%3a1a23ce0c374647ada0c867fc93a000a5%40thread.tacv2\/1618224628860?context=%7b%22Tid%22%3a%2250c76291-0c80-4444-a2fb-4f8ab168c311%22%2c%22Oid%22%3a%22ea2802ca-0429-49e6-8fc5-b38d758508b7%22%7d<\/a><\/span><\/div>\n<div><span style=\"font-size: 12pt\">\u00a0<\/span><\/div>\n<div><span style=\"font-size: 12pt\">Prosimy o do\u0142\u0105czanie najp\u00f3\u017aniej 5 minut przed transmisj\u0105. Uczestnicy bierni\u00a0 b\u0119d\u0105 oczekiwa\u0107 w poczekalni a\u017c do rozpocz\u0119cia wydarzenia, gdy zostan\u0105 wpuszczeni na spotkanie przez organizator\u00f3w.<\/span><\/div>\n<div><span style=\"font-size: 12pt\">\u00a0<\/span><\/div>\n<div><span style=\"font-size: 12pt\">Link do transmisji na stronie Samorz\u0105du Studenckiego Wydzia\u0142u Teologicznego U\u015a na Facebooku:<\/span><\/div>\n<div><span style=\"font-size: 12pt\"><a href=\"https:\/\/www.facebook.com\/rss.wtl.us\">https:\/\/www.facebook.com\/rss.wtl.us<\/a><\/span><\/div>\n<div><span style=\"font-size: 12pt\">\u00a0<\/span><\/div>\n<div><span style=\"font-size: 12pt\">Link do wydarzenia na Facebooku, gdzie mo\u017cna uzyska\u0107 wi\u0119cej informacji:<\/span><\/div>\n<div><span style=\"font-size: 12pt\"><a href=\"https:\/\/www.facebook.com\/events\/292591462274450\">https:\/\/www.facebook.com\/events\/292591462274450<\/a><\/span><\/div>\n<div><span style=\"font-size: 12pt\">\u00a0\u00a0<\/span><\/div>\n<div><span style=\"font-size: 12pt\">Osoby zainteresowane uzyskaniem za\u015bwiadczenia o uczestnictwie biernym proszone s\u0105 o kontakt na adres mailowy: <a href=\"mailto:rss.wtl@us.edu.pl\">rss.wtl@us.edu.pl<\/a><\/span><\/div>\n<p>[\/vc_column_text][\/vc_column][\/vc_row]<\/p>","protected":false},"excerpt":{"rendered":"<p>[vc_row][vc_column][vc_column_text] Link do wydarzenia na MS\u00a0Teams: https:\/\/teams.microsoft.com\/l\/meetup-join\/19%3a1a23ce0c374647ada0c867fc93a000a5%40thread.tacv2\/1618224628860?context=%7b%22Tid%22%3a%2250c76291-0c80-4444-a2fb-4f8ab168c311%22%2c%22Oid%22%3a%22ea2802ca-0429-49e6-8fc5-b38d758508b7%22%7d \u00a0 Prosimy o do\u0142\u0105czanie najp\u00f3\u017aniej 5 minut przed transmisj\u0105. Uczestnicy bierni\u00a0 b\u0119d\u0105 oczekiwa\u0107 w poczekalni a\u017c do rozpocz\u0119cia wydarzenia, gdy zostan\u0105 wpuszczeni na spotkanie przez organizator\u00f3w. \u00a0 Link do transmisji na stronie Samorz\u0105du Studenckiego Wydzia\u0142u Teologicznego U\u015a na Facebooku: https:\/\/www.facebook.com\/rss.wtl.us \u00a0 Link do wydarzenia na Facebooku, gdzie mo\u017cna [&#8230;]<\/p>\n<p><a class=\"btn btn-secondary understrap-read-more-link\" href=\"https:\/\/us.edu.pl\/wydzial\/wtl\/event\/sympozjum-naukowe-rodzina-w-czasach-pandemii\/\">Read More&#8230;<\/a><\/p>\n","protected":false},"author":120,"featured_media":0,"template":"","meta":{"_expiration-date-status":"saved","_expiration-date":0,"_expiration-date-type":"","_expiration-date-categories":[],"_expiration-date-options":[]},"acf":[],"_links":{"self":[{"href":"https:\/\/us.edu.pl\/wydzial\/wtl\/wp-json\/wp\/v2\/event\/3085"}],"collection":[{"href":"https:\/\/us.edu.pl\/wydzial\/wtl\/wp-json\/wp\/v2\/event"}],"about":[{"href":"https:\/\/us.edu.pl\/wydzial\/wtl\/wp-json\/wp\/v2\/types\/event"}],"author":[{"embeddable":true,"href":"https:\/\/us.edu.pl\/wydzial\/wtl\/wp-json\/wp\/v2\/users\/120"}],"version-history":[{"count":3,"href":"https:\/\/us.edu.pl\/wydzial\/wtl\/wp-json\/wp\/v2\/event\/3085\/revisions"}],"predecessor-version":[{"id":3123,"href":"https:\/\/us.edu.pl\/wydzial\/wtl\/wp-json\/wp\/v2\/event\/3085\/revisions\/3123"}],"wp:attachment":[{"href":"https:\/\/us.edu.pl\/wydzial\/wtl\/wp-json\/wp\/v2\/media?parent=3085"}],"curies":[{"name":"wp","href":"https:\/\/api.w.org\/{rel}","templated":true}]}}

<p>[vc_row][vc_column][vc_column_text]</p>
<div><span style="font-size: 12pt">Link do wydarzenia na MS Teams:</span></div>
<div><span style="font-size: 12pt"><a href="https://teams.microsoft.com/l/meetup-join/19%3a1a23ce0c374647ada0c867fc93a000a5%40thread.tacv2/1618224628860?context=%7b%22Tid%22%3a%2250c76291-0c80-4444-a2fb-4f8ab168c311%22%2c%22Oid%22%3a%22ea2802ca-0429-49e6-8fc5-b38d758508b7%22%7d">https://teams.microsoft.com/l/meetup-join/19%3a1a23ce0c374647ada0c867fc93a000a5%40thread.tacv2/1618224628860?context=%7b%22Tid%22%3a%2250c76291-0c80-4444-a2fb-4f8ab168c311%22%2c%22Oid%22%3a%22ea2802ca-0429-49e6-8fc5-b38d758508b7%22%7d</a></span></div>
<div><span style="font-size: 12pt"> </span></div>
<div><span style="font-size: 12pt">Prosimy o dołączanie najpóźniej 5 minut przed transmisją. Uczestnicy bierni  będą oczekiwać w poczekalni aż do rozpoczęcia wydarzenia, gdy zostaną wpuszczeni na spotkanie przez organizatorów.</span></div>
<div><span style="font-size: 12pt"> </span></div>
<div><span style="font-size: 12pt">Link do transmisji na stronie Samorządu Studenckiego Wydziału Teologicznego UŚ na Facebooku:</span></div>
<div><span style="font-size: 12pt"><a href="https://www.facebook.com/rss.wtl.us">https://www.facebook.com/rss.wtl.us</a></span></div>
<div><span style="font-size: 12pt"> </span></div>
<div><span style="font-size: 12pt">Link do wydarzenia na Facebooku, gdzie można uzyskać więcej informacji:</span></div>
<div><span style="font-size: 12pt"><a href="https://www.facebook.com/events/292591462274450">https://www.facebook.com/events/292591462274450</a></span></div>
<div><span style="font-size: 12pt">  </span></div>
<div><span style="font-size: 12pt">Osoby zainteresowane uzyskaniem zaświadczenia o uczestnictwie biernym proszone są o kontakt na adres mailowy: <a href="mailto:rss.wtl@us.edu.pl">rss.wtl@us.edu.pl</a></span></div>
<p>[/vc_column_text][/vc_column][/vc_row]</p>

<p>[vc_row][vc_column][vc_column_text] Link do wydarzenia na MS Teams: https://teams.microsoft.com/l/meetup-join/19%3a1a23ce0c374647ada0c867fc93a000a5%40thread.tacv2/1618224628860?context=%7b%22Tid%22%3a%2250c76291-0c80-4444-a2fb-4f8ab168c311%22%2c%22Oid%22%3a%22ea2802ca-0429-49e6-8fc5-b38d758508b7%22%7d   Prosimy o dołączanie najpóźniej 5 minut przed transmisją. Uczestnicy bierni  będą oczekiwać w poczekalni aż do rozpoczęcia wydarzenia, gdy zostaną wpuszczeni na spotkanie przez organizatorów.   Link do transmisji na stronie Samorządu Studenckiego Wydziału Teologicznego UŚ na Facebooku: https://www.facebook.com/rss.wtl.us   Link do wydarzenia na Facebooku, gdzie można [&#8230;]</p>
<p><a class="btn btn-secondary understrap-read-more-link" href="https://us.edu.pl/wydzial/wtl/event/sympozjum-naukowe-rodzina-w-czasach-pandemii/">Read More&#8230;</a></p>
