{"id":156652,"date":"2022-09-13T11:53:18","date_gmt":"2022-09-13T09:53:18","guid":{"rendered":"https:\/\/us.edu.pl\/wydzial\/wtl\/?post_type=komunikaty&#038;p=156652"},"modified":"2022-09-13T12:02:31","modified_gmt":"2022-09-13T10:02:31","slug":"grupy-wsparcia-dla-studentow-w-semestrze-zimowym-2022-2023","status":"publish","type":"komunikaty","link":"https:\/\/us.edu.pl\/wydzial\/wtl\/komunikaty\/grupy-wsparcia-dla-studentow-w-semestrze-zimowym-2022-2023\/","title":{"rendered":"Grupy rozwoju i wsparcia osobistego dla student\u00f3w w semestrze zimowym 2022\/2023"},"content":{"rendered":"<p>[vc_row][vc_column]\r\n                <div class=\"text-modules \">\r\n                    <div class=\"container\">\r\n                         \r\n                        <div class=\"row m-0\">\r\n                            <div class=\"text-modules__content\">\r\n                                <span style=\"font-size: 12pt;\"><a href=\"https:\/\/us.edu.pl\/ksztalcenie\/rpsid\/\">Rzecznik praw studenta i doktoranta<\/a> dr hab. Agnieszka Bielska-Brodziak, prof. U\u015a zaprasza do wzi\u0119cia udzia\u0142u w kolejnej edycji \u201eGrupy rozwoju i wsparcia osobistego\u201d.<\/span><\/p>\n<p><span style=\"font-size: 12pt;\">Celem projektu jest u\u0142atwienie wgl\u0105du we w\u0142asne prze\u017cycia i uruchamianie proces\u00f3w zmian wewn\u0119trznych, kt\u00f3re sprzyjaj\u0105 g\u0142\u0119bszemu rozumieniu siebie: swoich potrzeb, zasob\u00f3w i ogranicze\u0144. Praca w grupie pozwala lepiej si\u0119 komunikowa\u0107: uwa\u017cniej s\u0142ucha\u0107 i ja\u015bniej wypowiada\u0107 w\u0142asne opinie. Daje szans\u0119 na wzrost \u015bwiadomo\u015bci w\u0142asnego stanu psychicznego, lepsze radzenie sobie z trudno\u015bciami. Umo\u017cliwia te\u017c rozwini\u0119cie zdolno\u015bci do wczuwania si\u0119 w prze\u017cycia innych.<\/span><\/p>\n<p><span style=\"font-size: 12pt;\">Grupa odb\u0119dzie 8 spotka\u0144 prowadzonych przez terapeutki nurtu Gestalt. Spotkania s\u0105 bezp\u0142atne i b\u0119d\u0105 realizowane <strong>w okresie pa\u017adziernik \u2013 grudzie\u0144 2022<\/strong>, <strong>we wtorki<\/strong> w godz. <strong>15.30\u201318.30 <\/strong>na Wydziale Prawa i Administracji U\u015a w Katowicach (ul. Bankowa 11b, pok\u00f3j 2.42).<\/span><\/p>\n<p><span style=\"font-size: 12pt;\">Liczba miejsc jest ograniczona. Rekrutacja trwa <strong>do 30 wrze\u015bnia 2022 roku<\/strong>. Zg\u0142oszenia nale\u017cy dokona\u0107 za pomoc\u0105 <a href=\"https:\/\/forms.office.com\/r\/NWvCkvyav0\">formularza rekrutacyjnego<\/a>.<\/span> \r\n                                <div class=\"mt-3\"><\/div>\r\n                            <\/div>\r\n                            \r\n                            <div class=\"text-modules__img\"><img src=\"https:\/\/us.edu.pl\/wydzial\/wtl\/wp-content\/uploads\/sites\/21\/Bez-kategorii\/pexels-thirdman-5256693-Maly.jpg\" alt=\"img\"><\/div>\r\n                        <\/div>\r\n                    <\/div>\r\n                <\/div>[\/vc_column][\/vc_row]<\/p>","protected":false},"excerpt":{"rendered":"<p>[vc_row][vc_column][\/vc_column][\/vc_row] [&#8230;]<\/p>\n<p><a class=\"btn btn-secondary understrap-read-more-link\" href=\"https:\/\/us.edu.pl\/wydzial\/wtl\/komunikaty\/grupy-wsparcia-dla-studentow-w-semestrze-zimowym-2022-2023\/\">Read More&#8230;<\/a><\/p>\n","protected":false},"author":120,"featured_media":0,"template":"","meta":{"_expiration-date-status":"","_expiration-date":0,"_expiration-date-type":"","_expiration-date-categories":[],"_expiration-date-options":[]},"acf":[],"_links":{"self":[{"href":"https:\/\/us.edu.pl\/wydzial\/wtl\/wp-json\/wp\/v2\/komunikaty\/156652"}],"collection":[{"href":"https:\/\/us.edu.pl\/wydzial\/wtl\/wp-json\/wp\/v2\/komunikaty"}],"about":[{"href":"https:\/\/us.edu.pl\/wydzial\/wtl\/wp-json\/wp\/v2\/types\/komunikaty"}],"author":[{"embeddable":true,"href":"https:\/\/us.edu.pl\/wydzial\/wtl\/wp-json\/wp\/v2\/users\/120"}],"version-history":[{"count":2,"href":"https:\/\/us.edu.pl\/wydzial\/wtl\/wp-json\/wp\/v2\/komunikaty\/156652\/revisions"}],"predecessor-version":[{"id":156654,"href":"https:\/\/us.edu.pl\/wydzial\/wtl\/wp-json\/wp\/v2\/komunikaty\/156652\/revisions\/156654"}],"wp:attachment":[{"href":"https:\/\/us.edu.pl\/wydzial\/wtl\/wp-json\/wp\/v2\/media?parent=156652"}],"curies":[{"name":"wp","href":"https:\/\/api.w.org\/{rel}","templated":true}]}}

Grupy rozwoju i wsparcia osobistego dla studentów w semestrze zimowym 2022/2023

<p>[vc_row][vc_column]
                <div class="text-modules ">
                    <div class="container">
                         
                        <div class="row m-0">
                            <div class="text-modules__content">
                                <span style="font-size: 12pt;"><a href="https://us.edu.pl/ksztalcenie/rpsid/">Rzecznik praw studenta i doktoranta</a> dr hab. Agnieszka Bielska-Brodziak, prof. UŚ zaprasza do wzięcia udziału w kolejnej edycji „Grupy rozwoju i wsparcia osobistego”.</span></p>
<p><span style="font-size: 12pt;">Celem projektu jest ułatwienie wglądu we własne przeżycia i uruchamianie procesów zmian wewnętrznych, które sprzyjają głębszemu rozumieniu siebie: swoich potrzeb, zasobów i ograniczeń. Praca w grupie pozwala lepiej się komunikować: uważniej słuchać i jaśniej wypowiadać własne opinie. Daje szansę na wzrost świadomości własnego stanu psychicznego, lepsze radzenie sobie z trudnościami. Umożliwia też rozwinięcie zdolności do wczuwania się w przeżycia innych.</span></p>
<p><span style="font-size: 12pt;">Grupa odbędzie 8 spotkań prowadzonych przez terapeutki nurtu Gestalt. Spotkania są bezpłatne i będą realizowane <strong>w okresie październik – grudzień 2022</strong>, <strong>we wtorki</strong> w godz. <strong>15.30–18.30 </strong>na Wydziale Prawa i Administracji UŚ w Katowicach (ul. Bankowa 11b, pokój 2.42).</span></p>
<p><span style="font-size: 12pt;">Liczba miejsc jest ograniczona. Rekrutacja trwa <strong>do 30 września 2022 roku</strong>. Zgłoszenia należy dokonać za pomocą <a href="https://forms.office.com/r/NWvCkvyav0">formularza rekrutacyjnego</a>.</span> 
                                <div class="mt-3"></div>
                            </div>
                            
                            <div class="text-modules__img"><img src="https://us.edu.pl/wydzial/wtl/wp-content/uploads/sites/21/Bez-kategorii/pexels-thirdman-5256693-Maly.jpg" alt="img"></div>
                        </div>
                    </div>
                </div>[/vc_column][/vc_row]</p>
