{"id":162602,"date":"2024-12-23T10:32:22","date_gmt":"2024-12-23T09:32:22","guid":{"rendered":"https:\/\/us.edu.pl\/wydzial\/wtl\/?post_type=komunikaty&#038;p=162602"},"modified":"2024-12-23T10:35:21","modified_gmt":"2024-12-23T09:35:21","slug":"biuro-organizacyjne-biuro-ewaluacji-i-dziekanat-wydzialu-teologicznego-us-31-grudnia-2024-r-beda-czynne-do-godz-1200","status":"publish","type":"komunikaty","link":"https:\/\/us.edu.pl\/wydzial\/wtl\/komunikaty\/biuro-organizacyjne-biuro-ewaluacji-i-dziekanat-wydzialu-teologicznego-us-31-grudnia-2024-r-beda-czynne-do-godz-1200\/","title":{"rendered":"BO, BEiOI, Dziekanat WTL U\u015a 31 grudnia 2024 r.  b\u0119d\u0105 czynne do godz. 12:00"},"content":{"rendered":"<p>[vc_row][vc_column]\r\n                <div class=\"text-modules\">\r\n                    <div class=\"container\">\r\n                        \r\n                        <div class=\"text-modules__content\"><\/p>\n<p style=\"text-align: center;\"><span style=\"color: #ff0000; font-size: 12pt;\"><strong>UWAGA!<\/strong><\/span><\/p>\n<p style=\"text-align: center;\"><span style=\"font-size: 12pt;\"><strong>INFORMUJEMY, <\/strong><\/span><\/p>\n<p style=\"text-align: center;\"><span style=\"font-size: 12pt;\"><strong>\u017bE <span style=\"color: #0000ff;\">BIURO ORGANIZACYJNE, <\/span><\/strong><\/span><\/p>\n<p style=\"text-align: center;\"><span style=\"color: #0000ff; font-size: 12pt;\"><strong>BIURO EWALUACJI i DZIEKANAT<\/strong><\/span><\/p>\n<p style=\"text-align: center;\"><span style=\"font-size: 12pt;\"><strong>WYDZIA\u0141U TEOLOGICZNEGO U\u015a <\/strong><\/span><\/p>\n<p style=\"text-align: center;\"><span style=\"color: #0000ff; font-size: 12pt;\"><strong><u>31 grudnia 2024 r. <\/u><\/strong><\/span><\/p>\n<p style=\"text-align: center;\"><span style=\"color: #ff0000; font-size: 12pt;\"><strong><u>B\u0118D\u0104 CZYNNE DO GODZ. 12:00<\/u><\/strong><\/span><\/p>\n<p>\n<\/div>\r\n                    <\/div>\r\n                <\/div>[\/vc_column][\/vc_row]<\/p>","protected":false},"excerpt":{"rendered":"<p>[vc_row][vc_column][\/vc_column][\/vc_row] [&#8230;]<\/p>\n<p><a class=\"btn btn-secondary understrap-read-more-link\" href=\"https:\/\/us.edu.pl\/wydzial\/wtl\/komunikaty\/biuro-organizacyjne-biuro-ewaluacji-i-dziekanat-wydzialu-teologicznego-us-31-grudnia-2024-r-beda-czynne-do-godz-1200\/\">Read More&#8230;<\/a><\/p>\n","protected":false},"author":2477,"featured_media":0,"template":"","meta":{"_expiration-date-status":"","_expiration-date":0,"_expiration-date-type":"","_expiration-date-categories":[],"_expiration-date-options":[]},"acf":[],"_links":{"self":[{"href":"https:\/\/us.edu.pl\/wydzial\/wtl\/wp-json\/wp\/v2\/komunikaty\/162602"}],"collection":[{"href":"https:\/\/us.edu.pl\/wydzial\/wtl\/wp-json\/wp\/v2\/komunikaty"}],"about":[{"href":"https:\/\/us.edu.pl\/wydzial\/wtl\/wp-json\/wp\/v2\/types\/komunikaty"}],"author":[{"embeddable":true,"href":"https:\/\/us.edu.pl\/wydzial\/wtl\/wp-json\/wp\/v2\/users\/2477"}],"version-history":[{"count":3,"href":"https:\/\/us.edu.pl\/wydzial\/wtl\/wp-json\/wp\/v2\/komunikaty\/162602\/revisions"}],"predecessor-version":[{"id":162608,"href":"https:\/\/us.edu.pl\/wydzial\/wtl\/wp-json\/wp\/v2\/komunikaty\/162602\/revisions\/162608"}],"wp:attachment":[{"href":"https:\/\/us.edu.pl\/wydzial\/wtl\/wp-json\/wp\/v2\/media?parent=162602"}],"curies":[{"name":"wp","href":"https:\/\/api.w.org\/{rel}","templated":true}]}}

BO, BEiOI, Dziekanat WTL UŚ 31 grudnia 2024 r.  będą czynne do godz. 12:00

<p>[vc_row][vc_column]
                <div class="text-modules">
                    <div class="container">
                        
                        <div class="text-modules__content"></p>
<p style="text-align: center;"><span style="color: #ff0000; font-size: 12pt;"><strong>UWAGA!</strong></span></p>
<p style="text-align: center;"><span style="font-size: 12pt;"><strong>INFORMUJEMY, </strong></span></p>
<p style="text-align: center;"><span style="font-size: 12pt;"><strong>ŻE <span style="color: #0000ff;">BIURO ORGANIZACYJNE, </span></strong></span></p>
<p style="text-align: center;"><span style="color: #0000ff; font-size: 12pt;"><strong>BIURO EWALUACJI i DZIEKANAT</strong></span></p>
<p style="text-align: center;"><span style="font-size: 12pt;"><strong>WYDZIAŁU TEOLOGICZNEGO UŚ </strong></span></p>
<p style="text-align: center;"><span style="color: #0000ff; font-size: 12pt;"><strong><u>31 grudnia 2024 r. </u></strong></span></p>
<p style="text-align: center;"><span style="color: #ff0000; font-size: 12pt;"><strong><u>BĘDĄ CZYNNE DO GODZ. 12:00</u></strong></span></p>
<p>
</div>
                    </div>
                </div>[/vc_column][/vc_row]</p>
