{"id":168674,"date":"2026-05-26T09:04:24","date_gmt":"2026-05-26T07:04:24","guid":{"rendered":"https:\/\/us.edu.pl\/wydzial\/wtl\/?post_type=komunikaty&#038;p=168674"},"modified":"2026-05-26T09:04:24","modified_gmt":"2026-05-26T07:04:24","slug":"konkurs-na-najlepsze-prace-magisterskie-i-licencjackie-polskie-stowarzyszenie-obroncow-zycia-czlowieka","status":"publish","type":"komunikaty","link":"https:\/\/us.edu.pl\/wydzial\/wtl\/komunikaty\/konkurs-na-najlepsze-prace-magisterskie-i-licencjackie-polskie-stowarzyszenie-obroncow-zycia-czlowieka\/","title":{"rendered":"Konkurs na najlepsze prace magisterskie i licencjackie &#8211; Polskie Stowarzyszenie Obro\u0144c\u00f3w \u017bycia Cz\u0142owieka"},"content":{"rendered":"<p>[vc_row][vc_column]\r\n                <div class=\"text-modules \">\r\n                    <div class=\"container\">\r\n                         \r\n                        <div class=\"row m-0\">\r\n                            <div class=\"text-modules__content\">\r\n                                Uprzejmie informujemy o konkursie &#8222;\u017bycie i godno\u015b\u0107&#8221; na najlepsze prace magisterskie i licencjackie. Konkurs og\u0142oszony zosta\u0142 przez Polskie Stowarzyszenie Obro\u0144c\u00f3w \u017bycia Cz\u0142owieka. Do konkursu mo\u017cna zg\u0142asza\u0107 prace obronione w latach 2025-2026, kt\u00f3rych tematyka mie\u015bci si\u0119 w kr\u0119gu nast\u0119puj\u0105cych zagadnie\u0144:<\/p>\n<ul>\n<li>\u017cycie ludzkie jako warto\u015b\u0107,<\/li>\n<li>motywy i formy afirmacji ludzkiego \u017cycia na r\u00f3\u017cnych jego etapach i w r\u00f3\u017cnych sytuacjach \u017cyciowych,<\/li>\n<li>prezentacja i ocena projekt\u00f3w, program\u00f3w oraz praktyk wspieraj\u0105cych ludzkie \u017cycie i rodzin\u0119 lub zagra\u017caj\u0105cych tym warto\u015bciom.<\/li>\n<\/ul>\n<p>Za najwy\u017cej ocenione prace zostan\u0105 przyznane nagrody pieni\u0119\u017cne. Regulamin konkursu oraz szczeg\u00f3\u0142owe informacje dostepne s\u0105 na stronie internetowej: <a href=\"https:\/\/pro-life.pl\/konkurs-akademicki\/\">https:\/\/pro-life.pl\/konkurs-akademicki\/<\/a> \r\n                                <div class=\"mt-3\"><\/div>\r\n                            <\/div>\r\n                            \r\n                            <div class=\"text-modules__img\"><img src=\"https:\/\/us.edu.pl\/wydzial\/wtl\/wp-content\/uploads\/sites\/21\/Bez-kategorii\/plakat-konkurs-akademicki-zycie-i-godnosc-2026.jpg\" alt=\"img\"><\/div>\r\n                        <\/div>\r\n                    <\/div>\r\n                <\/div>[\/vc_column][\/vc_row]<\/p>","protected":false},"excerpt":{"rendered":"<p>[vc_row][vc_column][\/vc_column][\/vc_row] [&#8230;]<\/p>\n<p><a class=\"btn btn-secondary understrap-read-more-link\" href=\"https:\/\/us.edu.pl\/wydzial\/wtl\/komunikaty\/konkurs-na-najlepsze-prace-magisterskie-i-licencjackie-polskie-stowarzyszenie-obroncow-zycia-czlowieka\/\">Read More&#8230;<\/a><\/p>\n","protected":false},"author":2475,"featured_media":0,"template":"","meta":{"_expiration-date-status":"","_expiration-date":0,"_expiration-date-type":"","_expiration-date-categories":[],"_expiration-date-options":[]},"acf":[],"_links":{"self":[{"href":"https:\/\/us.edu.pl\/wydzial\/wtl\/wp-json\/wp\/v2\/komunikaty\/168674"}],"collection":[{"href":"https:\/\/us.edu.pl\/wydzial\/wtl\/wp-json\/wp\/v2\/komunikaty"}],"about":[{"href":"https:\/\/us.edu.pl\/wydzial\/wtl\/wp-json\/wp\/v2\/types\/komunikaty"}],"author":[{"embeddable":true,"href":"https:\/\/us.edu.pl\/wydzial\/wtl\/wp-json\/wp\/v2\/users\/2475"}],"version-history":[{"count":3,"href":"https:\/\/us.edu.pl\/wydzial\/wtl\/wp-json\/wp\/v2\/komunikaty\/168674\/revisions"}],"predecessor-version":[{"id":168677,"href":"https:\/\/us.edu.pl\/wydzial\/wtl\/wp-json\/wp\/v2\/komunikaty\/168674\/revisions\/168677"}],"wp:attachment":[{"href":"https:\/\/us.edu.pl\/wydzial\/wtl\/wp-json\/wp\/v2\/media?parent=168674"}],"curies":[{"name":"wp","href":"https:\/\/api.w.org\/{rel}","templated":true}]}}

Konkurs na najlepsze prace magisterskie i licencjackie &#8211; Polskie Stowarzyszenie Obrońców Życia Człowieka

<p>[vc_row][vc_column]
                <div class="text-modules ">
                    <div class="container">
                         
                        <div class="row m-0">
                            <div class="text-modules__content">
                                Uprzejmie informujemy o konkursie &#8222;Życie i godność&#8221; na najlepsze prace magisterskie i licencjackie. Konkurs ogłoszony został przez Polskie Stowarzyszenie Obrońców Życia Człowieka. Do konkursu można zgłaszać prace obronione w latach 2025-2026, których tematyka mieści się w kręgu następujących zagadnień:</p>
<ul>
<li>życie ludzkie jako wartość,</li>
<li>motywy i formy afirmacji ludzkiego życia na różnych jego etapach i w różnych sytuacjach życiowych,</li>
<li>prezentacja i ocena projektów, programów oraz praktyk wspierających ludzkie życie i rodzinę lub zagrażających tym wartościom.</li>
</ul>
<p>Za najwyżej ocenione prace zostaną przyznane nagrody pieniężne. Regulamin konkursu oraz szczegółowe informacje dostepne są na stronie internetowej: <a href="https://pro-life.pl/konkurs-akademicki/">https://pro-life.pl/konkurs-akademicki/</a> 
                                <div class="mt-3"></div>
                            </div>
                            
                            <div class="text-modules__img"><img src="https://us.edu.pl/wydzial/wtl/wp-content/uploads/sites/21/Bez-kategorii/plakat-konkurs-akademicki-zycie-i-godnosc-2026.jpg" alt="img"></div>
                        </div>
                    </div>
                </div>[/vc_column][/vc_row]</p>
