{"id":169296,"date":"2026-08-31T13:45:39","date_gmt":"2026-08-31T11:45:39","guid":{"rendered":"https:\/\/us.edu.pl\/wydzial\/wtl\/?post_type=komunikaty&#038;p=169296"},"modified":"2026-08-31T13:45:39","modified_gmt":"2026-08-31T11:45:39","slug":"ks-dr-hab-slawomir-zielinski-konsultacje-w-czasie-sesji-poprawkowej","status":"publish","type":"komunikaty","link":"https:\/\/us.edu.pl\/wydzial\/wtl\/komunikaty\/ks-dr-hab-slawomir-zielinski-konsultacje-w-czasie-sesji-poprawkowej\/","title":{"rendered":"Ks. dr hab. S\u0142awomir Zieli\u0144ski &#8211; konsultacje w czasie sesji poprawkowej"},"content":{"rendered":"<p>[vc_row][vc_column]\r\n                <div class=\"text-modules \">\r\n                    <div class=\"container\">\r\n                         \r\n                        <div class=\"row m-0\">\r\n                            <div class=\"text-modules__content\">\r\n                                Ks. dr hab. S\u0142awomir Zieli\u0144ski &#8211; konsultacje w czasie sesji poprawkowej odb\u0119d\u0105 si\u0119 9 wrze\u015bnia (\u015broda) od godz. 10.00-11.30 w sali 305\/5 \r\n                                <div class=\"mt-3\"><\/div>\r\n                            <\/div>\r\n                            \r\n                            <div class=\"text-modules__img\"><img src=\"https:\/\/us.edu.pl\/wydzial\/wtl\/wp-content\/uploads\/sites\/21\/Bez-kategorii\/Zielinski1-Maly-e1742211676416.jpg\" alt=\"img\"><\/div>\r\n                        <\/div>\r\n                    <\/div>\r\n                <\/div>[\/vc_column][\/vc_row]<\/p>","protected":false},"excerpt":{"rendered":"<p>[vc_row][vc_column][\/vc_column][\/vc_row] [&#8230;]<\/p>\n<p><a class=\"btn btn-secondary understrap-read-more-link\" href=\"https:\/\/us.edu.pl\/wydzial\/wtl\/komunikaty\/ks-dr-hab-slawomir-zielinski-konsultacje-w-czasie-sesji-poprawkowej\/\">Read More&#8230;<\/a><\/p>\n","protected":false},"author":2477,"featured_media":0,"template":"","meta":{"_expiration-date-status":"","_expiration-date":0,"_expiration-date-type":"","_expiration-date-categories":[],"_expiration-date-options":[]},"acf":[],"_links":{"self":[{"href":"https:\/\/us.edu.pl\/wydzial\/wtl\/wp-json\/wp\/v2\/komunikaty\/169296"}],"collection":[{"href":"https:\/\/us.edu.pl\/wydzial\/wtl\/wp-json\/wp\/v2\/komunikaty"}],"about":[{"href":"https:\/\/us.edu.pl\/wydzial\/wtl\/wp-json\/wp\/v2\/types\/komunikaty"}],"author":[{"embeddable":true,"href":"https:\/\/us.edu.pl\/wydzial\/wtl\/wp-json\/wp\/v2\/users\/2477"}],"version-history":[{"count":2,"href":"https:\/\/us.edu.pl\/wydzial\/wtl\/wp-json\/wp\/v2\/komunikaty\/169296\/revisions"}],"predecessor-version":[{"id":169298,"href":"https:\/\/us.edu.pl\/wydzial\/wtl\/wp-json\/wp\/v2\/komunikaty\/169296\/revisions\/169298"}],"wp:attachment":[{"href":"https:\/\/us.edu.pl\/wydzial\/wtl\/wp-json\/wp\/v2\/media?parent=169296"}],"curies":[{"name":"wp","href":"https:\/\/api.w.org\/{rel}","templated":true}]}}

Ks. dr hab. Sławomir Zieliński &#8211; konsultacje w czasie sesji poprawkowej

<p>[vc_row][vc_column]
                <div class="text-modules ">
                    <div class="container">
                         
                        <div class="row m-0">
                            <div class="text-modules__content">
                                Ks. dr hab. Sławomir Zieliński &#8211; konsultacje w czasie sesji poprawkowej odbędą się 9 września (środa) od godz. 10.00-11.30 w sali 305/5 
                                <div class="mt-3"></div>
                            </div>
                            
                            <div class="text-modules__img"><img src="https://us.edu.pl/wydzial/wtl/wp-content/uploads/sites/21/Bez-kategorii/Zielinski1-Maly-e1742211676416.jpg" alt="img"></div>
                        </div>
                    </div>
                </div>[/vc_column][/vc_row]</p>
