{"id":156350,"date":"2022-06-25T21:50:43","date_gmt":"2022-06-25T19:50:43","guid":{"rendered":"https:\/\/us.edu.pl\/wydzial\/wtl\/?page_id=156350"},"modified":"2023-01-11T10:07:31","modified_gmt":"2023-01-11T09:07:31","slug":"religia-i-spoleczenstwo-rozmowy-o-wiary-godnosci-religii-dzisiaj","status":"publish","type":"page","link":"https:\/\/us.edu.pl\/wydzial\/wtl\/religia-i-spoleczenstwo-rozmowy-o-wiary-godnosci-religii-dzisiaj\/","title":{"rendered":"Religia i spo\u0142ecze\u0144stwo. Rozmowy o wiary-godno\u015bci religii dzisiaj"},"content":{"rendered":"<p>[vc_row][vc_column]\r\n                <div class=\"text-modules reverse\">\r\n                    <div class=\"container\">\r\n                        <h3 class=\"section-title section-title_border-bottom\">Religia i spo\u0142ecze\u0144stwo. Rozmowy o wiary-godno\u015bci religii dzisiaj<\/h3> \r\n                        <div class=\"row m-0\">\r\n                            <div class=\"text-modules__content\">\r\n                                <span style=\"font-size: 12pt;\">Religia w spo\u0142ecze\u0144stwie naszego kraju zdawa\u0142a si\u0119 mie\u0107 stabilnie okre\u015blon\u0105 rol\u0119. Dzi\u015b jeste\u015bmy w tym zakresie \u015bwiadkami znacz\u0105cych zmian. Kryzys instytucji religijnych, podobnie jak wiele innych typ\u00f3w kryzysu, przynosi nie tylko potrzeb\u0119 odniesienia si\u0119 do jego bli\u017cszych przyczyn, ale stanowi te\u017c okazj\u0119 do przemy\u015blenia podstawowych poj\u0119\u0107 opisuj\u0105cych \u017cycie religijne, zrozumia\u0142o\u015bci spo\u0142ecznej misji religii, warunk\u00f3w reform w funkcjonowaniu instytucji religijnych \u2013 i wielu innych. Ka\u017cdy, kto rozumie szeroko\u015b\u0107 zasi\u0119gu \u017cycia religijnego, dostrzega, \u017ce jest tu wiele temat\u00f3w godnych g\u0142\u0119bszego, systematycznego namys\u0142u. Mo\u017cna je zebra\u0107 pod szyldem pytania o relacje mi\u0119dzy religi\u0105 a spo\u0142ecze\u0144stwem.<\/span><\/p>\n<p><span style=\"font-size: 12pt;\">Zapraszamy zatem do udzia\u0142u w cyklu rozm\u00f3w, kt\u00f3ry zatytu\u0142owali\u015bmy <strong>&#8222;Religia i spo\u0142ecze\u0144stwo. Rozmowy o wiary-godno\u015bci religii dzisiaj&#8221;<\/strong>. Na spotkania zapraszamy wybranych specjalist\u00f3w z zakresu ka\u017cdorazowo proponowanej tematyki.<\/span><\/p>\n<p><span style=\"font-size: 12pt;\">Zasadniczo spotkania organizowane s\u0105 w formule hybrydowej: zapraszamy do pomieszcze\u0144 Wydzia\u0142u Teologicznego przy ul. Jordana 18, ale r\u00f3wnocze\u015bnie istnieje mo\u017cliwo\u015b\u0107 uczestniczenia w trybie online.<\/span> \r\n                                <div class=\"mt-3\"><\/div>\r\n                            <\/div>\r\n                            \r\n                            <div class=\"text-modules__img\"><img src=\"https:\/\/us.edu.pl\/wydzial\/wtl\/wp-content\/uploads\/sites\/21\/Bez-kategorii\/Religia-i-spoleczenstwo.png\" alt=\"img\"><\/div>\r\n                        <\/div>\r\n                    <\/div>\r\n                <\/div>[\/vc_column][\/vc_row][vc_row][vc_column][vc_tta_tabs style=&#8221;modern&#8221; shape=&#8221;round&#8221; color=&#8221;mulled-wine&#8221; spacing=&#8221;3&#8243; active_section=&#8221;1&#8243;][vc_tta_section title=&#8221;Nadchodz\u0105ce rozmowy&#8221; tab_id=&#8221;1672912085535-5b903659-af1d&#8221;]\r\n            \r\n            <div class=\"events-loop loop-section color-blue\" style=\"background: \">\r\n                <div class=\"container\">\r\n                    <div class=\"events-loop-top loop-section-top\">\r\n                        <h2 class=\"section-title\">\r\n                            Nadchodz\u0105ce rozmowy:\r\n                        <\/h2>\r\n                    <\/div>\r\n            \r\n                    <div class=\"events-loop-main\">\r\n                        <div class=\"row m-0\">    \r\n                    <article class=\"events-loop-post-container\" >\r\n                        <a href = \"https:\/\/us.edu.pl\/wydzial\/wtl\/event\/naukowa-konferencja-ekumeniczna-razem-w-chrystusie-na-drogach-ku-jednosci-chrzescijan\/\" class=\"events-loop-post\" >\r\n                            <div class=\"events-loop-post__date\" >\r\n                                <div class=\"events-loop-post__month\" > Kwiecie\u0144<\/div >\r\n                                <span > 24<\/span >\r\n                            <\/div >\r\n                            <h3 class=\"events-loop-post__title\" > Naukowa konferencja ekumeniczna. RAZEM W CHRYSTUSIE. NA DROGACH (KU) JEDNO\u015aCI CHRZE\u015aCIJAN.<\/h3 >\r\n                        <\/a >\r\n                    <\/article ><\/div>\r\n                    <\/div>\r\n                <\/div>\r\n            <\/div>[\/vc_tta_section][vc_tta_section title=&#8221;Wszystkie rozmowy&#8221; tab_id=&#8221;1672912085568-f79b2ff6-51b7&#8243;]\r\n                <div class=\"text-modules\">\r\n                    <div class=\"container\">\r\n                        \r\n                        <div class=\"text-modules__content\"><\/p>\n<h2><span style=\"color: #000080;\"><strong>Wszystkie rozmowy<\/strong><\/span><\/h2>\n<p>\n<\/div>\r\n                    <\/div>\r\n                <\/div>[vc_basic_grid post_type=&#8221;event&#8221; max_items=&#8221;100&#8243; item=&#8221;156369&#8243; grid_id=&#8221;vc_gid:1673427925197-d9a23e82-b547-6&#8243; taxonomies=&#8221;74&#8243;][\/vc_tta_section][\/vc_tta_tabs][\/vc_column][\/vc_row]<\/p>","protected":false},"excerpt":{"rendered":"<p>[vc_row][vc_column][\/vc_column][\/vc_row][vc_row][vc_column][vc_tta_tabs style=&#8221;modern&#8221; shape=&#8221;round&#8221; color=&#8221;mulled-wine&#8221; spacing=&#8221;3&#8243; active_section=&#8221;1&#8243;][vc_tta_section title=&#8221;Nadchodz\u0105ce rozmowy&#8221; tab_id=&#8221;1672912085535-5b903659-af1d&#8221;][\/vc_tta_section][vc_tta_section title=&#8221;Wszystkie rozmowy&#8221; tab_id=&#8221;1672912085568-f79b2ff6-51b7&#8243;][vc_basic_grid post_type=&#8221;event&#8221; max_items=&#8221;100&#8243; item=&#8221;156369&#8243; grid_id=&#8221;vc_gid:1673427925197-d9a23e82-b547-6&#8243; taxonomies=&#8221;74&#8243;][\/vc_tta_section][\/vc_tta_tabs][\/vc_column][\/vc_row] [&#8230;]<\/p>\n<p><a class=\"btn btn-secondary understrap-read-more-link\" href=\"https:\/\/us.edu.pl\/wydzial\/wtl\/religia-i-spoleczenstwo-rozmowy-o-wiary-godnosci-religii-dzisiaj\/\">Read More&#8230;<\/a><\/p>\n","protected":false},"author":120,"featured_media":0,"parent":0,"menu_order":0,"comment_status":"closed","ping_status":"closed","template":"page-templates\/page-with-sidebar.php","meta":{"_expiration-date-status":"","_expiration-date":0,"_expiration-date-type":"","_expiration-date-categories":[],"_expiration-date-options":[]},"acf":[],"_links":{"self":[{"href":"https:\/\/us.edu.pl\/wydzial\/wtl\/wp-json\/wp\/v2\/pages\/156350"}],"collection":[{"href":"https:\/\/us.edu.pl\/wydzial\/wtl\/wp-json\/wp\/v2\/pages"}],"about":[{"href":"https:\/\/us.edu.pl\/wydzial\/wtl\/wp-json\/wp\/v2\/types\/page"}],"author":[{"embeddable":true,"href":"https:\/\/us.edu.pl\/wydzial\/wtl\/wp-json\/wp\/v2\/users\/120"}],"replies":[{"embeddable":true,"href":"https:\/\/us.edu.pl\/wydzial\/wtl\/wp-json\/wp\/v2\/comments?post=156350"}],"version-history":[{"count":10,"href":"https:\/\/us.edu.pl\/wydzial\/wtl\/wp-json\/wp\/v2\/pages\/156350\/revisions"}],"predecessor-version":[{"id":157706,"href":"https:\/\/us.edu.pl\/wydzial\/wtl\/wp-json\/wp\/v2\/pages\/156350\/revisions\/157706"}],"wp:attachment":[{"href":"https:\/\/us.edu.pl\/wydzial\/wtl\/wp-json\/wp\/v2\/media?parent=156350"}],"curies":[{"name":"wp","href":"https:\/\/api.w.org\/{rel}","templated":true}]}}