{"id":1790,"date":"2020-06-20T14:03:06","date_gmt":"2020-06-20T12:03:06","guid":{"rendered":"https:\/\/us.edu.pl\/wydzial\/wtl\/?page_id=1790"},"modified":"2023-04-29T13:48:53","modified_gmt":"2023-04-29T11:48:53","slug":"studia-30","status":"publish","type":"page","link":"https:\/\/us.edu.pl\/wydzial\/wtl\/kandydat-wtl\/studia-30\/","title":{"rendered":"Studia 30+"},"content":{"rendered":"<p>[vc_row][vc_column]\r\n                <div class=\"text-modules\">\r\n                    <div class=\"container\">\r\n                        <h3 class=\"page-title text__title\">Studia 30+<\/h3>\r\n                        <div class=\"text-modules__content\"><p><span style=\"font-size: 12pt;\">Szczeg\u00f3lne zaproszenie kierujemy do os\u00f3b dojrza\u0142ych intelektualnie i zawodowo, kt\u00f3re przekroczy\u0142y 30 rok \u017cycia. Oferujemy mo\u017cliwo\u015b\u0107 dostosowania standardowego toku zaj\u0119\u0107 do ich potrzeb i mo\u017cliwo\u015bci.<\/span><br \/>\n<span style=\"font-size: 12pt;\">W ramach programu &#8222;Studia 30+&#8221; oferujemy:<\/span><\/p>\n<ul>\n<li><span style=\"font-size: 12pt;\">mo\u017cliwo\u015b\u0107 indywidualnej organizacji studi\u00f3w, kt\u00f3ra u\u0142atwia godzenie obowi\u0105zk\u00f3w zawodowych i rodzinnych ze studiami,<\/span><\/li>\n<li><span style=\"font-size: 12pt;\">indywidualn\u0105 opiek\u0119 (coaching edukacyjny) realizowan\u0105 przez do\u015bwiadczonego pracownika naszego Wydzia\u0142u, kt\u00f3ry u\u0142atwi Pa\u0144stwu ponowne wej\u015bcie w rytm edukacji, pomo\u017ce w za\u0142atwianiu formalno\u015bci i zaplanowaniu studenckiej pracy.<\/span><\/li>\n<\/ul>\n<p><span style=\"font-size: 12pt;\">Studenci \u201e30+\u201d ju\u017c od lat uczestnicz\u0105 w \u017cyciu naszej akademickiej spo\u0142eczno\u015bci, studiuj\u0105c na jednym z dw\u00f3ch oferowanych przez nas kierunk\u00f3w (teologia lub nauki o rodzinie), zar\u00f3wno w formie stacjonarnej (dziennej) jak i niestacjonarnej (zaocznej). Osoby zainteresowane prosimy o zarejestrowanie si\u0119 w systemie IRK.<\/span><\/p>\n<p><span style=\"font-size: 12pt;\"><strong>ZAPRASZAMY!<\/strong><\/span><\/p>\n<p><span style=\"font-size: 12pt;\">Dodatkowych informacji\u00a0 udzielaj\u0105 sekretarze Wydzia\u0142owej Komisji Rekrutacyjnej.<\/span><\/p>\n<\/div>\r\n                    <\/div>\r\n                <\/div>[\/vc_column][\/vc_row]<\/p>","protected":false},"excerpt":{"rendered":"<p>[vc_row][vc_column][\/vc_column][\/vc_row] [&#8230;]<\/p>\n<p><a class=\"btn btn-secondary understrap-read-more-link\" href=\"https:\/\/us.edu.pl\/wydzial\/wtl\/kandydat-wtl\/studia-30\/\">Read More&#8230;<\/a><\/p>\n","protected":false},"author":120,"featured_media":0,"parent":506,"menu_order":21,"comment_status":"closed","ping_status":"closed","template":"","meta":{"_expiration-date-status":"","_expiration-date":0,"_expiration-date-type":"","_expiration-date-categories":[],"_expiration-date-options":[]},"acf":[],"_links":{"self":[{"href":"https:\/\/us.edu.pl\/wydzial\/wtl\/wp-json\/wp\/v2\/pages\/1790"}],"collection":[{"href":"https:\/\/us.edu.pl\/wydzial\/wtl\/wp-json\/wp\/v2\/pages"}],"about":[{"href":"https:\/\/us.edu.pl\/wydzial\/wtl\/wp-json\/wp\/v2\/types\/page"}],"author":[{"embeddable":true,"href":"https:\/\/us.edu.pl\/wydzial\/wtl\/wp-json\/wp\/v2\/users\/120"}],"replies":[{"embeddable":true,"href":"https:\/\/us.edu.pl\/wydzial\/wtl\/wp-json\/wp\/v2\/comments?post=1790"}],"version-history":[{"count":5,"href":"https:\/\/us.edu.pl\/wydzial\/wtl\/wp-json\/wp\/v2\/pages\/1790\/revisions"}],"predecessor-version":[{"id":158375,"href":"https:\/\/us.edu.pl\/wydzial\/wtl\/wp-json\/wp\/v2\/pages\/1790\/revisions\/158375"}],"up":[{"embeddable":true,"href":"https:\/\/us.edu.pl\/wydzial\/wtl\/wp-json\/wp\/v2\/pages\/506"}],"wp:attachment":[{"href":"https:\/\/us.edu.pl\/wydzial\/wtl\/wp-json\/wp\/v2\/media?parent=1790"}],"curies":[{"name":"wp","href":"https:\/\/api.w.org\/{rel}","templated":true}]}}

<p>[vc_row][vc_column]
                <div class="text-modules">
                    <div class="container">
                        <h3 class="page-title text__title">Studia 30+</h3>
                        <div class="text-modules__content"><p><span style="font-size: 12pt;">Szczególne zaproszenie kierujemy do osób dojrzałych intelektualnie i zawodowo, które przekroczyły 30 rok życia. Oferujemy możliwość dostosowania standardowego toku zajęć do ich potrzeb i możliwości.</span><br />
<span style="font-size: 12pt;">W ramach programu &#8222;Studia 30+&#8221; oferujemy:</span></p>
<ul>
<li><span style="font-size: 12pt;">możliwość indywidualnej organizacji studiów, która ułatwia godzenie obowiązków zawodowych i rodzinnych ze studiami,</span></li>
<li><span style="font-size: 12pt;">indywidualną opiekę (coaching edukacyjny) realizowaną przez doświadczonego pracownika naszego Wydziału, który ułatwi Państwu ponowne wejście w rytm edukacji, pomoże w załatwianiu formalności i zaplanowaniu studenckiej pracy.</span></li>
</ul>
<p><span style="font-size: 12pt;">Studenci „30+” już od lat uczestniczą w życiu naszej akademickiej społeczności, studiując na jednym z dwóch oferowanych przez nas kierunków (teologia lub nauki o rodzinie), zarówno w formie stacjonarnej (dziennej) jak i niestacjonarnej (zaocznej). Osoby zainteresowane prosimy o zarejestrowanie się w systemie IRK.</span></p>
<p><span style="font-size: 12pt;"><strong>ZAPRASZAMY!</strong></span></p>
<p><span style="font-size: 12pt;">Dodatkowych informacji  udzielają sekretarze Wydziałowej Komisji Rekrutacyjnej.</span></p>
</div>
                    </div>
                </div>[/vc_column][/vc_row]</p>
