{"id":3308,"date":"2021-05-24T10:05:58","date_gmt":"2021-05-24T08:05:58","guid":{"rendered":"https:\/\/us.edu.pl\/wydzial\/wtl\/?page_id=3308"},"modified":"2021-05-24T10:09:50","modified_gmt":"2021-05-24T08:09:50","slug":"wsparcie-dla-studentow-wtl","status":"publish","type":"page","link":"https:\/\/us.edu.pl\/wydzial\/wtl\/student-wtl\/wsparcie-dla-studentow-wtl\/","title":{"rendered":"Wsparcie dla student\u00f3w WTL"},"content":{"rendered":"<p>[vc_row][vc_column][vc_column_text]<span style=\"font-size: 12pt;font-family: tahoma, arial, helvetica, sans-serif\"><strong>Wsparcie student\u00f3w WTL U\u015a \u2013 miejsca, gdzie mo\u017cna uzyska\u0107 pomoc<\/strong><\/span><\/p>\n<ul>\n<li><span style=\"font-size: 12pt;font-family: tahoma, arial, helvetica, sans-serif\"><strong>Centrum Obs\u0142ugi Student\u00f3w<\/strong> Uniwersytetu \u015al\u0105skiego w Katowicach (bezp\u0142atnie, bez konieczno\u015bci posiadania skierowania) <a href=\"http:\/\/www.us.edu.pl\/student\/wsparcie\">us.edu.pl\/student\/wsparcie<\/a>; <a href=\"mailto:psycholog@us.edu.pl\">psycholog@us.edu.pl<\/a>; <a href=\"mailto:psycholog.cieszyn@us.edu.pl\">psycholog.cieszyn@us.edu.pl<\/a><\/span><\/li>\n<li><span style=\"font-size: 12pt;font-family: tahoma, arial, helvetica, sans-serif\"><strong>Poradnia zdrowia psychicznego, ZOZ <\/strong>je\u015bli jest w nim lekarz psychiatra <\/span><span style=\"font-size: 12pt;font-family: tahoma, arial, helvetica, sans-serif\">(by skorzysta\u0107 z pomocy na NFZ do psychiatry nie jest potrzebne skierowanie, <\/span><br \/>\n<span style=\"font-size: 12pt;font-family: tahoma, arial, helvetica, sans-serif\">a skierowanie do psychologa mo\u017ce wystawi\u0107 psychiatra lub lekarz rodzinny),<\/span><\/li>\n<li><span style=\"font-size: 12pt;font-family: tahoma, arial, helvetica, sans-serif\"><strong>O\u015brodki<\/strong> oferuj\u0105ce pomoc osobom uzale\u017cnionym i wsp\u00f3\u0142uzale\u017cnionym,<\/span><\/li>\n<li><span style=\"font-size: 12pt;font-family: tahoma, arial, helvetica, sans-serif\"><strong>Izba przyj\u0119\u0107 <\/strong>przy szpitalnych oddzia\u0142ach psychiatrycznych,<\/span><\/li>\n<li><span style=\"font-size: 12pt;font-family: tahoma, arial, helvetica, sans-serif\">Osoby w trudnej sytuacji mog\u0105 te\u017c korzysta\u0107 z <\/span><span style=\"font-size: 12pt;font-family: tahoma, arial, helvetica, sans-serif\"><strong>Kryzysowego Telefonu Zaufania<\/strong>: <strong>116 123 <\/strong><\/span><\/li>\n<li><span style=\"font-size: 12pt;font-family: tahoma, arial, helvetica, sans-serif\"><strong>Centrum Interwencji Kryzysowej Miejskie \u2013 Katowice (ewentualnie na pogotowie)<\/strong><\/span><\/li>\n<\/ul>\n<p>&nbsp;<\/p>\n<p><span style=\"font-size: 12pt;font-family: tahoma, arial, helvetica, sans-serif\"><strong>Wsparcie student\u00f3w WTL U\u015a \u2013 o\u015brodki, w kt\u00f3rych mo\u017cna uzyska\u0107 specjalistyczn\u0105 pomoc z uwzgl\u0119dnieniem chrze\u015bcija\u0144skiego systemu warto\u015bci<\/strong><\/span><\/p>\n<ul>\n<li><span style=\"font-size: 12pt;font-family: tahoma, arial, helvetica, sans-serif\"><strong>Archidiecezjalna Poradnia Psychologiczna \u201ePrzysta\u0144\u201d <\/strong><\/span><br \/>\n<span style=\"font-size: 12pt;font-family: tahoma, arial, helvetica, sans-serif\"><a href=\"http:\/\/www.przystan.katowice.pl\/\">przystan.katowice.pl<\/a><\/span><br \/>\n<span style=\"font-size: 12pt;font-family: tahoma, arial, helvetica, sans-serif\">Katowice, ul. Sk\u0142odowskiej-Curie 30\/4 <\/span><br \/>\n<span style=\"font-size: 12pt;font-family: tahoma, arial, helvetica, sans-serif\">od lipca 2021 \u2013 oddzia\u0142 w Rybniku, ul. Miko\u0142owska 4<\/span><\/li>\n<li><span style=\"font-size: 12pt;font-family: tahoma, arial, helvetica, sans-serif\"><strong>\u201e\u0179r\u00f3d\u0142o\u201d Jezuicki O\u015brodek Pomocy Psychologicznej i Duchowej<\/strong><\/span><br \/>\n<span style=\"font-size: 12pt;font-family: tahoma, arial, helvetica, sans-serif\"><a href=\"http:\/\/www.zrodlojezuici.blogspot.com\/p\/aktualnosci.html\">zrodlojezuici.blogspot.com\/p\/aktualnosci.html<\/a> <\/span><br \/>\n<span style=\"font-size: 12pt;font-family: tahoma, arial, helvetica, sans-serif\">Gliwice, ul. Kopernika 63a<\/span><\/li>\n<li><span style=\"font-size: 12pt;font-family: tahoma, arial, helvetica, sans-serif\"><strong>Centrum Psychoedukacji i\u00a0Terapii<\/strong><\/span><br \/>\n<span style=\"font-size: 12pt;font-family: tahoma, arial, helvetica, sans-serif\"><a href=\"https:\/\/psychoterapia-domaradzki.pl\/\">https:\/\/psychoterapia-domaradzki.pl<\/a> <\/span><br \/>\n<span style=\"font-size: 12pt;font-family: tahoma, arial, helvetica, sans-serif\">Czechowice-Dziedzice, ul. W\u0105ska 23<\/span><\/li>\n<\/ul>\n<p><span style=\"font-size: 12pt;font-family: tahoma, arial, helvetica, sans-serif\">Opracowa\u0142 ks. dr K. Matuszewski<\/span>[\/vc_column_text][\/vc_column][\/vc_row]<\/p>","protected":false},"excerpt":{"rendered":"<p>[vc_row][vc_column][vc_column_text]Wsparcie student\u00f3w WTL U\u015a \u2013 miejsca, gdzie mo\u017cna uzyska\u0107 pomoc Centrum Obs\u0142ugi Student\u00f3w Uniwersytetu \u015al\u0105skiego w Katowicach (bezp\u0142atnie, bez konieczno\u015bci posiadania skierowania) us.edu.pl\/student\/wsparcie; psycholog@us.edu.pl; psycholog.cieszyn@us.edu.pl Poradnia zdrowia psychicznego, ZOZ je\u015bli jest w nim lekarz psychiatra (by skorzysta\u0107 z pomocy na NFZ do psychiatry nie jest potrzebne skierowanie, a skierowanie do psychologa mo\u017ce wystawi\u0107 psychiatra lub [&#8230;]<\/p>\n<p><a class=\"btn btn-secondary understrap-read-more-link\" href=\"https:\/\/us.edu.pl\/wydzial\/wtl\/student-wtl\/wsparcie-dla-studentow-wtl\/\">Read More&#8230;<\/a><\/p>\n","protected":false},"author":120,"featured_media":0,"parent":508,"menu_order":0,"comment_status":"closed","ping_status":"closed","template":"page-templates\/page-with-bookmarks.php","meta":{"_expiration-date-status":"saved","_expiration-date":0,"_expiration-date-type":"","_expiration-date-categories":[],"_expiration-date-options":[]},"acf":[],"_links":{"self":[{"href":"https:\/\/us.edu.pl\/wydzial\/wtl\/wp-json\/wp\/v2\/pages\/3308"}],"collection":[{"href":"https:\/\/us.edu.pl\/wydzial\/wtl\/wp-json\/wp\/v2\/pages"}],"about":[{"href":"https:\/\/us.edu.pl\/wydzial\/wtl\/wp-json\/wp\/v2\/types\/page"}],"author":[{"embeddable":true,"href":"https:\/\/us.edu.pl\/wydzial\/wtl\/wp-json\/wp\/v2\/users\/120"}],"replies":[{"embeddable":true,"href":"https:\/\/us.edu.pl\/wydzial\/wtl\/wp-json\/wp\/v2\/comments?post=3308"}],"version-history":[{"count":3,"href":"https:\/\/us.edu.pl\/wydzial\/wtl\/wp-json\/wp\/v2\/pages\/3308\/revisions"}],"predecessor-version":[{"id":3316,"href":"https:\/\/us.edu.pl\/wydzial\/wtl\/wp-json\/wp\/v2\/pages\/3308\/revisions\/3316"}],"up":[{"embeddable":true,"href":"https:\/\/us.edu.pl\/wydzial\/wtl\/wp-json\/wp\/v2\/pages\/508"}],"wp:attachment":[{"href":"https:\/\/us.edu.pl\/wydzial\/wtl\/wp-json\/wp\/v2\/media?parent=3308"}],"curies":[{"name":"wp","href":"https:\/\/api.w.org\/{rel}","templated":true}]}}