{"id":510,"date":"2019-10-31T18:49:23","date_gmt":"2019-10-31T17:49:23","guid":{"rendered":"https:\/\/us.edu.pl\/wydzial\/wtl\/?page_id=510"},"modified":"2026-03-02T13:34:09","modified_gmt":"2026-03-02T12:34:09","slug":"pracownik-wtl","status":"publish","type":"page","link":"https:\/\/us.edu.pl\/wydzial\/wtl\/pracownik-wtl\/","title":{"rendered":"Pracownik WTL"},"content":{"rendered":"<p>[vc_row][vc_column]\r\n                <div class=\"tiles-section\" style=\"background: \">\r\n                    <div class=\"container\">\r\n                        <h3 class=\"page-title\"><\/h3>\r\n                        <div class=\"tiles tiles-3\">\r\n                            <a href=\"https:\/\/us.edu.pl\/wydzial\/wtl\/pracownik-wtl\/ksef\/\" class=\"tile tile_ justify-content-center\" style=\"background-color: #ffffff; font-weight: ; color: #002E5A;  \">\r\n                                \r\n                                   \r\n                               \r\n                                <div class=\"tile__name\">KSeF<\/div>\r\n                            <\/a>\r\n                            <a href=\"https:\/\/pp.us.edu.pl\/?_s=1\" class=\"tile tile_ justify-content-center\" style=\"background-color: #ffffff; font-weight: ; color: #002E5A;  \">\r\n                                \r\n                                   \r\n                               \r\n                                <div class=\"tile__name\">Portal pracownika<\/div>\r\n                            <\/a>\r\n                            <a href=\"https:\/\/usosweb.us.edu.pl\/kontroler.php?_action=dla_prac\/index\" class=\"tile tile_ justify-content-center\" style=\"background-color: #ffffff; font-weight: ; color: #002E5A;  \">\r\n                                \r\n                                   \r\n                               \r\n                                <div class=\"tile__name\">USOSWeb<\/div>\r\n                            <\/a>\r\n                            <a href=\"https:\/\/apd.us.edu.pl\/?_s=1\" class=\"tile tile_ justify-content-center\" style=\"background-color: #ffffff; font-weight: ; color: #002E5A;  \">\r\n                                \r\n                                   \r\n                               \r\n                                <div class=\"tile__name\">APD<\/div>\r\n                            <\/a>\r\n                            <a href=\"https:\/\/el.us.edu.pl\/wtl\/\" class=\"tile tile_ justify-content-center\" style=\"background-color: #ffffff; font-weight: ; color: #002E5A;  \">\r\n                                \r\n                                   \r\n                               \r\n                                <div class=\"tile__name\">Strona wsparcia dydaktyki<\/div>\r\n                            <\/a>\r\n                            <a href=\"https:\/\/orcid.org\/signin\" class=\"tile tile_ justify-content-center\" style=\"background-color: #ffffff; font-weight: ; color: #002E5A;  \">\r\n                                \r\n                                   \r\n                               \r\n                                <div class=\"tile__name\">ORCID<\/div>\r\n                            <\/a>\r\n                            <a href=\"https:\/\/pbn.nauka.gov.pl\/pbn-report-web\/\" class=\"tile tile_ justify-content-center\" style=\"background-color: #ffffff; font-weight: ; color: #002E5A;  \">\r\n                                \r\n                                   \r\n                               \r\n                                <div class=\"tile__name\">PBN<\/div>\r\n                            <\/a>\r\n                            <a href=\"https:\/\/osf.opi.org.pl\/app\/adm\/start.do\" class=\"tile tile_ justify-content-center\" style=\"background-color: #ffffff; font-weight: ; color: #002E5A;  \">\r\n                                \r\n                                   \r\n                               \r\n                                <div class=\"tile__name\">OSF<\/div>\r\n                            <\/a>\r\n                            <a href=\"https:\/\/www.researchgate.net\/\" class=\"tile tile_ justify-content-center\" style=\"background-color: #ffffff; font-weight: ; color: #002E5A;  \">\r\n                                \r\n                                   \r\n                               \r\n                                <div class=\"tile__name\">ResearchGate<\/div>\r\n                            <\/a>\r\n                            <a href=\"https:\/\/scholar.google.pl\/schhp?hl=pl\" class=\"tile tile_ justify-content-center\" style=\"background-color: #ffffff; font-weight: ; color: #002E5A;  \">\r\n                                \r\n                                   \r\n                               \r\n                                <div class=\"tile__name\">Google Scholar<\/div>\r\n                            <\/a><\/div>\r\n                    <\/div>\r\n                <\/div>[\/vc_column][\/vc_row][vc_row][vc_column][vc_column_text]<span style=\"font-size: 14pt;\"><a href=\"https:\/\/uniwersytetslaski.sharepoint.com\/sites\/WTL-pracownicywszyscy\/SitePages\/Wiadomo%C5%9Bci-wewn%C4%99trzne.aspx\">Strona wewn\u0119trzna &#8211; tylko dla pracownik\u00f3w WTL. Kliknij tutaj<\/a> <\/span><\/p>\n<p><span style=\"font-size: 14pt;\">(wymagane logowanie za pomoc\u0105 konta o365.us.edu.pl, czyli takie jak do aplikacji MS Teams)<\/span>[\/vc_column_text][\/vc_column][\/vc_row]<\/p>","protected":false},"excerpt":{"rendered":"<p>[vc_row][vc_column][\/vc_column][\/vc_row][vc_row][vc_column][vc_column_text]Strona wewn\u0119trzna &#8211; tylko dla pracownik\u00f3w WTL. Kliknij tutaj (wymagane logowanie za pomoc\u0105 konta o365.us.edu.pl, czyli takie jak do aplikacji MS Teams)[\/vc_column_text][\/vc_column][\/vc_row] [&#8230;]<\/p>\n<p><a class=\"btn btn-secondary understrap-read-more-link\" href=\"https:\/\/us.edu.pl\/wydzial\/wtl\/pracownik-wtl\/\">Read More&#8230;<\/a><\/p>\n","protected":false},"author":117,"featured_media":0,"parent":0,"menu_order":33,"comment_status":"closed","ping_status":"closed","template":"page-templates\/page-with-sidebar-and-bookmarks.php","meta":{"_expiration-date-status":"","_expiration-date":0,"_expiration-date-type":"","_expiration-date-categories":[],"_expiration-date-options":[]},"acf":[],"_links":{"self":[{"href":"https:\/\/us.edu.pl\/wydzial\/wtl\/wp-json\/wp\/v2\/pages\/510"}],"collection":[{"href":"https:\/\/us.edu.pl\/wydzial\/wtl\/wp-json\/wp\/v2\/pages"}],"about":[{"href":"https:\/\/us.edu.pl\/wydzial\/wtl\/wp-json\/wp\/v2\/types\/page"}],"author":[{"embeddable":true,"href":"https:\/\/us.edu.pl\/wydzial\/wtl\/wp-json\/wp\/v2\/users\/117"}],"replies":[{"embeddable":true,"href":"https:\/\/us.edu.pl\/wydzial\/wtl\/wp-json\/wp\/v2\/comments?post=510"}],"version-history":[{"count":11,"href":"https:\/\/us.edu.pl\/wydzial\/wtl\/wp-json\/wp\/v2\/pages\/510\/revisions"}],"predecessor-version":[{"id":168049,"href":"https:\/\/us.edu.pl\/wydzial\/wtl\/wp-json\/wp\/v2\/pages\/510\/revisions\/168049"}],"wp:attachment":[{"href":"https:\/\/us.edu.pl\/wydzial\/wtl\/wp-json\/wp\/v2\/media?parent=510"}],"curies":[{"name":"wp","href":"https:\/\/api.w.org\/{rel}","templated":true}]}}