{"id":667,"date":"2019-11-09T16:33:05","date_gmt":"2019-11-09T15:33:05","guid":{"rendered":"https:\/\/us.edu.pl\/wydzial\/wtl\/?page_id=667"},"modified":"2024-03-20T09:19:00","modified_gmt":"2024-03-20T08:19:00","slug":"administracja","status":"publish","type":"page","link":"https:\/\/us.edu.pl\/wydzial\/wtl\/administracja\/","title":{"rendered":"Administracja"},"content":{"rendered":"<p>[vc_row][vc_column]\r\n                <div class=\"tiles-section\" style=\"background: \">\r\n                    <div class=\"container\">\r\n                        <h3 class=\"page-title\">Administracja Wydzia\u0142u Teologicznego<\/h3>\r\n                        <div class=\"tiles tiles-3\">\r\n                            <a href=\"https:\/\/us.edu.pl\/wydzial\/wtl\/administracja\/kierownik-organizacyjny-wydzialu\/\" class=\"tile tile_ justify-content-center\" style=\"background-color: #002E5A; font-weight: bold; color: #ffffff;  \">\r\n                                \r\n                                   \r\n                               \r\n                                <div class=\"tile__name\">Kierownik organizacyjny Wydzia\u0142u i zast\u0119pca kierownika organizacyjnego Wydzia\u0142u<\/div>\r\n                            <\/a>\r\n                            <a href=\"https:\/\/us.edu.pl\/wydzial\/wtl\/administracja\/biuro-organizacyjne\/\" class=\"tile tile_ justify-content-center\" style=\"background-color: #002E5A; font-weight: bold; color: #ffffff;  \">\r\n                                \r\n                                   \r\n                               \r\n                                <div class=\"tile__name\">Biuro Organizacyjne Wydzia\u0142u<\/div>\r\n                            <\/a>\r\n                            <a href=\"https:\/\/us.edu.pl\/wydzial\/wtl\/administracja\/biuro-ewaluacji-i-obslugi-instytutu\/\" class=\"tile tile_ justify-content-center\" style=\"background-color: #002E5A; font-weight: bold; color: #ffffff;  \">\r\n                                \r\n                                   \r\n                               \r\n                                <div class=\"tile__name\">Biuro Ewaluacji i Obs\u0142ugi <br\/>Instytutu Nauk Teologicznych<\/div>\r\n                            <\/a>\r\n                            <a href=\"https:\/\/us.edu.pl\/wydzial\/wtl\/administracja\/dziekanat\/\" class=\"tile tile_ justify-content-center\" style=\"background-color: #002E5A; font-weight: bold; color: #ffffff;  \">\r\n                                \r\n                                   \r\n                               \r\n                                <div class=\"tile__name\">Dziekanat<\/div>\r\n                            <\/a>\r\n                            <a href=\"https:\/\/www.jordana18.katowice.pl\/kontakt\" class=\"tile tile_ justify-content-center\" style=\"background-color: #002E5A; font-weight: bold; color: #ffffff;  \">\r\n                                \r\n                                   \r\n                               \r\n                                <div class=\"tile__name\">Administracja obiektu<\/div>\r\n                            <\/a><\/div>\r\n                    <\/div>\r\n                <\/div>[\/vc_column][\/vc_row]<\/p>","protected":false},"excerpt":{"rendered":"<p>[vc_row][vc_column][\/vc_column][\/vc_row] [&#8230;]<\/p>\n<p><a class=\"btn btn-secondary understrap-read-more-link\" href=\"https:\/\/us.edu.pl\/wydzial\/wtl\/administracja\/\">Read More&#8230;<\/a><\/p>\n","protected":false},"author":117,"featured_media":0,"parent":0,"menu_order":29,"comment_status":"closed","ping_status":"closed","template":"","meta":{"_expiration-date-status":"","_expiration-date":0,"_expiration-date-type":"","_expiration-date-categories":[],"_expiration-date-options":[]},"acf":[],"_links":{"self":[{"href":"https:\/\/us.edu.pl\/wydzial\/wtl\/wp-json\/wp\/v2\/pages\/667"}],"collection":[{"href":"https:\/\/us.edu.pl\/wydzial\/wtl\/wp-json\/wp\/v2\/pages"}],"about":[{"href":"https:\/\/us.edu.pl\/wydzial\/wtl\/wp-json\/wp\/v2\/types\/page"}],"author":[{"embeddable":true,"href":"https:\/\/us.edu.pl\/wydzial\/wtl\/wp-json\/wp\/v2\/users\/117"}],"replies":[{"embeddable":true,"href":"https:\/\/us.edu.pl\/wydzial\/wtl\/wp-json\/wp\/v2\/comments?post=667"}],"version-history":[{"count":10,"href":"https:\/\/us.edu.pl\/wydzial\/wtl\/wp-json\/wp\/v2\/pages\/667\/revisions"}],"predecessor-version":[{"id":159911,"href":"https:\/\/us.edu.pl\/wydzial\/wtl\/wp-json\/wp\/v2\/pages\/667\/revisions\/159911"}],"wp:attachment":[{"href":"https:\/\/us.edu.pl\/wydzial\/wtl\/wp-json\/wp\/v2\/media?parent=667"}],"curies":[{"name":"wp","href":"https:\/\/api.w.org\/{rel}","templated":true}]}}

<p>[vc_row][vc_column]
                <div class="tiles-section" style="background: ">
                    <div class="container">
                        <h3 class="page-title">Administracja Wydziału Teologicznego</h3>
                        <div class="tiles tiles-3">
                            <a href="https://us.edu.pl/wydzial/wtl/administracja/kierownik-organizacyjny-wydzialu/" class="tile tile_ justify-content-center" style="background-color: #002E5A; font-weight: bold; color: #ffffff;  ">
                                
                                   
                               
                                <div class="tile__name">Kierownik organizacyjny Wydziału i zastępca kierownika organizacyjnego Wydziału</div>
                            </a>
                            <a href="https://us.edu.pl/wydzial/wtl/administracja/biuro-organizacyjne/" class="tile tile_ justify-content-center" style="background-color: #002E5A; font-weight: bold; color: #ffffff;  ">
                                
                                   
                               
                                <div class="tile__name">Biuro Organizacyjne Wydziału</div>
                            </a>
                            <a href="https://us.edu.pl/wydzial/wtl/administracja/biuro-ewaluacji-i-obslugi-instytutu/" class="tile tile_ justify-content-center" style="background-color: #002E5A; font-weight: bold; color: #ffffff;  ">
                                
                                   
                               
                                <div class="tile__name">Biuro Ewaluacji i Obsługi <br/>Instytutu Nauk Teologicznych</div>
                            </a>
                            <a href="https://us.edu.pl/wydzial/wtl/administracja/dziekanat/" class="tile tile_ justify-content-center" style="background-color: #002E5A; font-weight: bold; color: #ffffff;  ">
                                
                                   
                               
                                <div class="tile__name">Dziekanat</div>
                            </a>
                            <a href="https://www.jordana18.katowice.pl/kontakt" class="tile tile_ justify-content-center" style="background-color: #002E5A; font-weight: bold; color: #ffffff;  ">
                                
                                   
                               
                                <div class="tile__name">Administracja obiektu</div>
                            </a></div>
                    </div>
                </div>[/vc_column][/vc_row]</p>
