{"id":3574,"date":"2025-04-25T09:59:37","date_gmt":"2025-04-25T07:59:37","guid":{"rendered":"https:\/\/us.edu.pl\/instytut\/iib\/?page_id=3574"},"modified":"2025-04-25T11:49:42","modified_gmt":"2025-04-25T09:49:42","slug":"harmonogram-rekrutacji","status":"publish","type":"page","link":"https:\/\/us.edu.pl\/instytut\/iib\/harmonogram-rekrutacji\/","title":{"rendered":"Harmonogram rekrutacji"},"content":{"rendered":"<p>[vc_row][vc_column]\r\n                <div class=\"text-modules\">\r\n                    <div class=\"container\">\r\n                        \r\n                        <div class=\"text-modules__content\"><\/p>\n<p style=\"text-align: center;\"><strong>Harmonogram pierwszego etapu rekrutacji do Szko\u0142y Doktorskiej w Uniwersytecie \u015al\u0105skim w Katowicach w dyscyplinie in\u017cynieria biomedyczna na rok akademicki 2025\/2026<\/strong><\/p>\n<p style=\"text-align: center;\">Obs\u0142ug\u0105 post\u0119powania rekrutacyjnego zajmuje si\u0119 Biuro Ewaluacji i Obs\u0142ugi Instytutu \u2013 mgr Ma\u0142gorzata Kasprzyk, ul. B\u0119dzi\u0144ska 39, pok\u00f3j nr 7, tel. 32 36 89 703<\/p>\n<p style=\"text-align: center;\">malgorzata.kasprzyk@us.edu.pl<\/p>\n<p><strong>25 kwietnia \u2013 11 maja 2025<\/strong><\/p>\n<p>Zg\u0142aszanie temat\u00f3w prac doktorskich.<\/p>\n<p><span style=\"font-size: 10pt;\">Tematy musz\u0105 zawiera\u0107 kr\u00f3tk\u0105 charakterystyk\u0119 uwzgl\u0119dniaj\u0105c\u0105: dane promotora <\/span><span style=\"font-size: 10pt;\">i ewentualnie promotora pomocniczego, informacje kontaktowe do promotor\u00f3w, innowacyjno\u015b\u0107 tematu, wk\u0142ad w rozw\u00f3j dyscypliny oraz harmonogram planowanych prac.<\/span><\/p>\n<p><strong>12 maja 2025<\/strong><\/p>\n<p>Zatwierdzenie temat\u00f3w prac doktorskich na posiedzeniu Rady Naukowej Instytutu oraz powo\u0142anie przez Dyrektora Instytutu trzyosobowej komisji z\u0142o\u017conej z cz\u0142onk\u00f3w Rady Naukowej Instytutu posiadaj\u0105cych minimum stopie\u0144 doktora.<\/p>\n<p><strong>12 maja \u2013 21 maja 2025<\/strong><\/p>\n<p>Kontakt kandydat\u00f3w z promotorami.<\/p>\n<p>Sk\u0142adanie aplikacji przez kandydat\u00f3w do Biura Ewaluacji i Obs\u0142ugi Instytutu.<\/p>\n<p><span style=\"font-size: 10pt;\">Kandydaci spe\u0142niaj\u0105cy \u0142\u0105cznie warunki \u2013 posiadania dyplomu magistra w dyscyplinie in\u017cynieria biomedyczna lub pokrewnej oraz uzyskania pisemnej zgody promotora na pe\u0142nienie funkcji sk\u0142adaj\u0105 aplikacje do Biura wraz z informacjami o: kursach, przedmiotach i praktykach odbywanych w toku studi\u00f3w oraz innych osi\u0105gni\u0119ciach naukowych powi\u0105zanych z tematem doktoratu, a tak\u017ce przygotowany przez siebie plan badawczy lub zarys koncepcji pracy badawczej w postaci maksymalnie jednej strony A4.<\/span><\/p>\n<p><strong>22 maja \u2013 4 czerwca 2025<\/strong><\/p>\n<p>Ocena kandydat\u00f3w przez komisj\u0119 i przygotowanie listy rankingowej dla Szko\u0142y Doktorskiej.<\/p>\n<p>Harmonogram opracowany zgodnie z <a href=\"https:\/\/us.edu.pl\/instytut\/iib\/wp-content\/uploads\/sites\/41\/Bez-kategorii\/Uchwala-nr-6-2025.pdf\" class=\"mtli_attachment mtli_pdf\" data-mtli=\"mtli_filesize696,76kB\" class=\"mtli_attachment mtli_pdf\" data-mtli=\"mtli_filesize696,76kB\">Uchwa\u0142a nr 6-2025<\/a> Rady Naukowej Instytutu In\u017cynierii Biomedycznej.<\/p>\n<style type=\"text\/css\">a[data-mtli~=\"mtli_filesize696,76kB\"]:after {content:\" (696,76 kB)\"}<\/style><\/div>\r\n                    <\/div>\r\n                <\/div>[\/vc_column][\/vc_row][vc_row][vc_column][vc_column_text][\/vc_column_text][\/vc_column][\/vc_row][vc_row][vc_column][vc_column_text][\/vc_column_text][\/vc_column][\/vc_row]<\/p>\n<style type=\"text\/css\">a[data-mtli~=\"mtli_filesize696,76kB\"]:after {content:\" (696,76 kB)\"}<\/style>","protected":false},"excerpt":{"rendered":"<p>[vc_row][vc_column][\/vc_column][\/vc_row][vc_row][vc_column][vc_column_text][\/vc_column_text][\/vc_column][\/vc_row][vc_row][vc_column][vc_column_text][\/vc_column_text][\/vc_column][\/vc_row] [&#8230;]<\/p>\n<p><a class=\"btn btn-secondary understrap-read-more-link\" href=\"https:\/\/us.edu.pl\/instytut\/iib\/harmonogram-rekrutacji\/\">Read More&#8230;<\/a><\/p>\n","protected":false},"author":128,"featured_media":0,"parent":0,"menu_order":0,"comment_status":"closed","ping_status":"closed","template":"","meta":{"_expiration-date-status":"","_expiration-date":0,"_expiration-date-type":"","_expiration-date-categories":[],"_expiration-date-options":[]},"acf":[],"_links":{"self":[{"href":"https:\/\/us.edu.pl\/instytut\/iib\/wp-json\/wp\/v2\/pages\/3574"}],"collection":[{"href":"https:\/\/us.edu.pl\/instytut\/iib\/wp-json\/wp\/v2\/pages"}],"about":[{"href":"https:\/\/us.edu.pl\/instytut\/iib\/wp-json\/wp\/v2\/types\/page"}],"author":[{"embeddable":true,"href":"https:\/\/us.edu.pl\/instytut\/iib\/wp-json\/wp\/v2\/users\/128"}],"replies":[{"embeddable":true,"href":"https:\/\/us.edu.pl\/instytut\/iib\/wp-json\/wp\/v2\/comments?post=3574"}],"version-history":[{"count":6,"href":"https:\/\/us.edu.pl\/instytut\/iib\/wp-json\/wp\/v2\/pages\/3574\/revisions"}],"predecessor-version":[{"id":3592,"href":"https:\/\/us.edu.pl\/instytut\/iib\/wp-json\/wp\/v2\/pages\/3574\/revisions\/3592"}],"wp:attachment":[{"href":"https:\/\/us.edu.pl\/instytut\/iib\/wp-json\/wp\/v2\/media?parent=3574"}],"curies":[{"name":"wp","href":"https:\/\/api.w.org\/{rel}","templated":true}]}}