{"id":5366,"date":"2025-10-22T10:42:23","date_gmt":"2025-10-22T08:42:23","guid":{"rendered":"https:\/\/us.edu.pl\/instytut\/iib\/?page_id=5366"},"modified":"2025-10-24T08:52:26","modified_gmt":"2025-10-24T06:52:26","slug":"dr-hab-inz-michal-mierzwa-prof-us-2","status":"publish","type":"page","link":"https:\/\/us.edu.pl\/instytut\/iib\/dr-hab-inz-michal-mierzwa-prof-us-2\/","title":{"rendered":"Dr hab. in\u017c. Micha\u0142 Mierzwa, prof. U\u015a"},"content":{"rendered":"<p>[vc_row][vc_column][vc_column_text][\/vc_column_text][\/vc_column][\/vc_row][vc_row][vc_column][vc_column_text][\/vc_column_text][\/vc_column][\/vc_row][vc_row][vc_column width=&#8221;1\/4&#8243;][vc_single_image image=&#8221;1425&#8243; img_size=&#8221;medium&#8221; style=&#8221;vc_box_shadow_3d&#8221; css_animation=&#8221;fadeInLeft&#8221;][\/vc_column][vc_column width=&#8221;3\/4&#8243;][vc_column_text]<\/p>\n<table style=\"border-collapse: collapse; width: 100%; height: 170px;\">\n<tbody>\n<tr style=\"height: 170px;\">\n<td style=\"width: 13.7887%; vertical-align: top; height: 170px;\">&nbsp;<\/p>\n<p><strong><span style=\"font-family: trebuchet ms, geneva, sans-serif; font-size: 12pt; color: #000000;\">Stanowisko:<\/span><\/strong><\/p>\n<p><strong><span style=\"color: #000000; font-family: trebuchet ms, geneva, sans-serif; font-size: 12pt;\">Grupa:<\/span><\/strong><\/p>\n<p><strong><span style=\"font-family: trebuchet ms, geneva, sans-serif; font-size: 12pt; color: #000000;\">Telefon:<\/span><\/strong><\/p>\n<p><strong><span style=\"font-family: trebuchet ms, geneva, sans-serif; font-size: 12pt; color: #000000;\">E-mail:<\/span><\/strong><\/p>\n<p><span style=\"font-family: trebuchet ms, geneva, sans-serif; font-size: 12pt;\"><img class=\"wp-image-275 size-full\" src=\"https:\/\/us.edu.pl\/instytut\/im\/wp-content\/uploads\/sites\/43\/Nieprzypisane\/ORCID.png\" alt=\"Logo ORCID\" width=\"71\" height=\"22\" \/><\/span><\/td>\n<td style=\"width: 94.0094%; vertical-align: top; height: 170px;\">&nbsp;<\/p>\n<p><span style=\"font-family: trebuchet ms, geneva, sans-serif; font-size: 12pt; color: #000000;\">Profesor uczelni<\/span><\/p>\n<p><span style=\"font-family: trebuchet ms, geneva, sans-serif; font-size: 12pt; color: #000000;\">badawczo-dydaktyczni<\/span><\/p>\n<p><span style=\"font-family: trebuchet ms, geneva, sans-serif; font-size: 12pt;\">32 3497649 <\/span><\/p>\n<p><span style=\"color: #000000;\"><a style=\"color: #000000;\" href=\"mailto:michal.mierzwa@us.edu.pl\"><span style=\"font-family: trebuchet ms, geneva, sans-serif; font-size: 12pt;\">michal.mierzwa@us.edu.pl<\/span><\/a><\/span><\/p>\n<p class=\"orc-font-body-large\"><a href=\"https:\/\/orcid.org\/0000-0002-6662-2609\"><span style=\"font-size: 12pt; font-family: trebuchet ms, geneva, sans-serif;\"><span style=\"color: #000000;\">0000-0002-6662-2609<\/span><\/span><\/a><\/p>\n<div class=\"buttons-wrapper\"><\/div>\n<div class=\"buttons-wrapper\"><\/div>\n<p>&nbsp;<\/td>\n<\/tr>\n<\/tbody>\n<\/table>\n<p>[\/vc_column_text][\/vc_column][\/vc_row][vc_row][vc_column][vc_separator color=&#8221;black&#8221; style=&#8221;shadow&#8221; border_width=&#8221;2&#8243;][\/vc_column][\/vc_row][vc_row][vc_column][vc_column_text]<\/p>","protected":false},"excerpt":{"rendered":"<p>[vc_row][vc_column][vc_column_text][\/vc_column_text][\/vc_column][\/vc_row][vc_row][vc_column][vc_column_text][\/vc_column_text][\/vc_column][\/vc_row][vc_row][vc_column width=&#8221;1\/4&#8243;][vc_single_image image=&#8221;1425&#8243; img_size=&#8221;medium&#8221; style=&#8221;vc_box_shadow_3d&#8221; css_animation=&#8221;fadeInLeft&#8221;][\/vc_column][vc_column width=&#8221;3\/4&#8243;][vc_column_text] &nbsp; Stanowisko: Grupa: Telefon: E-mail: &nbsp; Profesor uczelni badawczo-dydaktyczni 32 3497649 michal.mierzwa@us.edu.pl 0000-0002-6662-2609 &nbsp; [\/vc_column_text][\/vc_column][\/vc_row][vc_row][vc_column][vc_separator color=&#8221;black&#8221; style=&#8221;shadow&#8221; border_width=&#8221;2&#8243;][\/vc_column][\/vc_row][vc_row][vc_column][vc_column_text] [&#8230;]<\/p>\n<p><a class=\"btn btn-secondary understrap-read-more-link\" href=\"https:\/\/us.edu.pl\/instytut\/iib\/dr-hab-inz-michal-mierzwa-prof-us-2\/\">Read More&#8230;<\/a><\/p>\n","protected":false},"author":128,"featured_media":0,"parent":0,"menu_order":0,"comment_status":"closed","ping_status":"closed","template":"page-templates\/page-with-bookmarks.php","meta":{"_expiration-date-status":"","_expiration-date":0,"_expiration-date-type":"","_expiration-date-categories":[],"_expiration-date-options":[]},"acf":[],"_links":{"self":[{"href":"https:\/\/us.edu.pl\/instytut\/iib\/wp-json\/wp\/v2\/pages\/5366"}],"collection":[{"href":"https:\/\/us.edu.pl\/instytut\/iib\/wp-json\/wp\/v2\/pages"}],"about":[{"href":"https:\/\/us.edu.pl\/instytut\/iib\/wp-json\/wp\/v2\/types\/page"}],"author":[{"embeddable":true,"href":"https:\/\/us.edu.pl\/instytut\/iib\/wp-json\/wp\/v2\/users\/128"}],"replies":[{"embeddable":true,"href":"https:\/\/us.edu.pl\/instytut\/iib\/wp-json\/wp\/v2\/comments?post=5366"}],"version-history":[{"count":4,"href":"https:\/\/us.edu.pl\/instytut\/iib\/wp-json\/wp\/v2\/pages\/5366\/revisions"}],"predecessor-version":[{"id":5446,"href":"https:\/\/us.edu.pl\/instytut\/iib\/wp-json\/wp\/v2\/pages\/5366\/revisions\/5446"}],"wp:attachment":[{"href":"https:\/\/us.edu.pl\/instytut\/iib\/wp-json\/wp\/v2\/media?parent=5366"}],"curies":[{"name":"wp","href":"https:\/\/api.w.org\/{rel}","templated":true}]}}