{"id":444,"date":"2020-04-15T13:32:57","date_gmt":"2020-04-15T11:32:57","guid":{"rendered":"http:\/\/us.edu.pl\/instytut\/inok\/?post_type=osoby&#038;p=444"},"modified":"2022-05-13T12:22:00","modified_gmt":"2022-05-13T10:22:00","slug":"malgorzata-rygielska","status":"publish","type":"osoby","link":"https:\/\/us.edu.pl\/instytut\/inok\/osoby\/malgorzata-rygielska\/","title":{"rendered":"Ma\u0142gorzata Rygielska"},"content":{"rendered":"<p>[vc_row][vc_column width=&#8221;2\/3&#8243;][vc_tta_tabs][vc_tta_section title=&#8221;POLISH&#8221; tab_id=&#8221;1630580690928-81ff9700-ebf1&#8243;]\r\n                <div class=\"text-modules\">\r\n                    <div class=\"container\">\r\n                        \r\n                        <div class=\"text-modules__content\"><p><strong>dr hab. Ma\u0142gorzata Rygielska, prof. U\u015a<br \/>\n<\/strong><\/p>\n<p>e-mail:\u00a0<a href=\"mailto:malgorzata.rygielska@us.edu.pl\">malgorzata.rygielska@us.edu.pl<\/a><\/p>\n<p><a href=\"https:\/\/orcid.org\/0000-0002-7723-7677\" target=\"_blank\" rel=\"noopener noreferrer\"><strong>https:\/\/orcid.org\/0000-0002-7723-7677<\/strong><\/a><\/p>\n<p><strong>Tematyka badawcza:<\/strong><\/p>\n<ul>\n<li>teorie kultury,<\/li>\n<li>historia kultury Europy,<\/li>\n<li>historia kultury polskiej,<\/li>\n<li>antropologia literatury w uj\u0119ciu kulturoznawczym w Polsce i na \u015bwiecie,<\/li>\n<li>kulturowa historia medycyny.<\/li>\n<\/ul>\n<p><strong>Stopnie i tytu\u0142y naukowe:<\/strong><\/p>\n<p><strong>Habilitacja<\/strong><\/p>\n<p>2020 \u2013 Monografia Ignacego Lubicz Czerwi\u0144skiego \u201cOkolica Za-dniestrska\u201d. Studium kulturoznawcze, Wydzia\u0142 Humanistyczny, Uniwersytet \u015al\u0105ski.<\/p>\n<p><strong>Doktorat<\/strong><\/p>\n<p>2007 \u2013 Poezja jako nazywanie. Tekst Norwida w tw\u00f3rczo\u015bci Juliana Przybosia, Wydzia\u0142 Filologiczny, Uniwersytet \u015al\u0105ski.<\/p>\n<p><strong>Magisterium<\/strong><\/p>\n<p>2002 \u2013 \u201eMusi umrze\u0107, co ma o\u017cy\u0107 w pie\u015bni\u201d. O pr\u00f3bie poetyckiej autobiografii Krzysztofa Karaska, Wydzia\u0142 Filologiczny, Uniwersytet \u015al\u0105ski.<\/p>\n<p><strong>Wybrane publikacje:<\/strong><\/p>\n<ol>\n<li>&#8222;BrexLit\u201d po w\u0142osku dla dzieci i doros\u0142ych : &#8222;Rosie e gli scoiattoli di St. James&#8221; oraz &#8222;La mia Londra&#8221; Simonetty Agnello Hornby. &#8222;Por\u00f3wnania&#8221; 2021, nr 30, s. 291-309.<\/li>\n<li>Monografia Ignacego Lubicz Czerwi\u0144skiego \u201cOkolica Za-dniestrska\u201d. Studium kulturoznawcze. Polskie Towarzystwo Ludoznawcze. Wroc\u0142aw 2019, ss. 325. ISBN 978-83-7977-411-1.<\/li>\n<li>Antropologia literatury. W: Badanie kultury. Ludzie, projekty, realizacje, red. Anna Gom\u00f3\u0142a, Marek Pacukiewicz. Wydawnictwo Uniwersytetu \u015al\u0105skiego, Katowice 2016, s. 89-135. ISBN 978-83-8012-867-5.<\/li>\n<li>Uroki auskultacji, czyli kr\u00f3tka historia stetoskopu. \u201eKultura Popularna\u201d 2016, nr 2, s. 38-49.<\/li>\n<li>Jakie to posiada\u0107 ma cnoty i nauki Przewodnik lub wsp\u00f3\u0142towarzysz m\u0142odego woja\u017cera wed\u0142ug Ignacego Lubicz Czerwi\u0144skiego. \u201ePrace Kulturoznawcze\u201d 2015. T. 17, s. 53-61.<\/li>\n<li>O physiologii. \u201eKultura Wsp\u00f3\u0142czesna\u201d 2013, nr 3, s. 14-25.<\/li>\n<li>Staro\u015b\u0107 jako wyobra\u017cenie kulturowe, red. Ma\u0142gorzata Rygielska, Anna Gom\u00f3\u0142a. &#8222;grupakulturalna.pl&#8221; Katowice 2013, ss. 267. ISBN 978-83-9340-112-3.<\/li>\n<li>Przybo\u015b czyta Norwida. Wydawnictwo Uniwersytetu \u015al\u0105skiego. Katowice 2012, ss. 186. ISBN 978-83-2262-066-3.<\/li>\n<li>Revisions of History: The Tasks of the Historian according to Cyprian Kamil Norwid. W: (Re)Visions of History in Language and Fiction, red. Dorota Guttfeld, Monika Linke, Agnieszka Sowi\u0144ska. Cambridge Scholars Publishing, Newcastel upon Tyne 2012, p. 21-33.<\/li>\n<li>Dwa guziki. Norwid i ewolucjonizm. Agencja Artystyczna \u201ePara\u201d. Polska Akademia Nauk Oddzia\u0142 w Katowicach. Katowice 2011, ss. 41. ISBN 978-83-8865-749-8.<\/li>\n<\/ol>\n<p><strong>Przynale\u017cno\u015b\u0107 do organizacji i towarzystw naukowych:<\/strong><\/p>\n<ul>\n<li>rada naukowa czasopisma \u201eLaboratorium Kultury\u201d (od 2013),<\/li>\n<li>rada naukowej serii wydawniczej \u201eTeoria\/Antropologia Kultury\u201d (T\/AK) (od 2015),<\/li>\n<li>zarz\u0105d katowickiego oddzia\u0142u Polskiego Towarzystwa Kulturoznawczego.<\/li>\n<\/ul>\n<p>\n<\/div>\r\n                    <\/div>\r\n                <\/div>[\/vc_tta_section][vc_tta_section title=&#8221;ENGLISH&#8221; tab_id=&#8221;1630580690940-b6809cb6-01b2&#8243;]\r\n                <div class=\"text-modules\">\r\n                    <div class=\"container\">\r\n                        \r\n                        <div class=\"text-modules__content\"><p><strong>Ma\u0142gorzata Rygielska, PhD, DLitt<br \/>\n<\/strong><strong>Associate Professor in the Institute of Culture Studies, the University of Silesia in Katowice<\/strong><\/p>\n<p><a href=\"mailto:malgorzata.rygielska@us.edu.pl\">malgorzata.rygielska@us.edu.pl<\/a><\/p>\n<p>ORCID <a href=\"https:\/\/orcid.org\/0000-0002-7723-7677\" target=\"_blank\" rel=\"noopener\">0000-0002-7723-7677<\/a><\/p>\n<p><a href=\"https:\/\/scholar.google.com\/citations?user=fTmFlLEAAAAJ&amp;hl=pl\" target=\"_blank\" rel=\"noopener\">https:\/\/scholar.google.com\/citations?user=fTmFlLEAAAAJ&amp;hl=pl<\/a><\/p>\n<p><a href=\"https:\/\/www.researchgate.net\/profile\/Malgorzata-Rygielska\" target=\"_blank\" rel=\"noopener\">https:\/\/www.researchgate.net\/profile\/Malgorzata-Rygielska<\/a><\/p>\n<p><strong>Research interests:<\/strong><\/p>\n<ul>\n<li>theories of culture,<\/li>\n<li>history of cultural-theoretical thought,<\/li>\n<li>history of European culture,<\/li>\n<li>history of Polish culture,<\/li>\n<li>anthropology of literature in a Cultural Studies perspective in Poland and abroad,<\/li>\n<li>cultural history of medicine.<\/li>\n<\/ul>\n<p><strong>Selected publications:<\/strong><\/p>\n<ol>\n<li><em>Narcyzm po w\u0142osku albo digitambulicy i selfi\u015b<\/em><em>ci <\/em>[Italian narcissism, or digitambulists and selfie-makers]. \u201cKultura Wsp\u00f3\u0142czesna\u201d 2020, no. 1, pp. 202-209. DOI <a href=\"http:\/\/doi.org\/10.26112\/kw.2020.108.14\" target=\"_blank\" rel=\"noopener\">10.26112\/kw.2020.108.14<\/a><\/li>\n<li><em>Migruj\u0105ca teranga. O wsp\u00f3\u0142czesnych przemianach afryka\u0144skiego systemu \u015bwiadcze\u0144 ca\u0142o\u015bciowych we W\u0142oszech <\/em>[Migrating teranga. On contemporary transformations in the African system of social security benefits in Italy]. \u201cPrzestrze\u0144 Spo\u0142eczna\u201d 2020, no. 1, pp. 71-88. <a href=\"http:\/\/hdl.handle.net\/20.500.12128\/14886\" target=\"_blank\" rel=\"noopener\">http:\/\/hdl.handle.net\/20.500.12128\/14886<\/a><\/li>\n<li><em>Monografia Ignacego Lubicz Czerwi\u0144skiego <\/em>Okolica Za-dniestrska <em>Studium kulturoznawcze<\/em>. [Ignacy Lubicz Czerwi\u0144ski\u2019s monograph. The area behind the Dniester River. A cultural study]. Polskie Towarzystwo Ludoznawcze, Wroc\u0142aw 2019, 325 pages. ISBN 978-83-7977-411-1 [Archiwum Etnograficzne t. 61].<\/li>\n<li><em>O prawniczych kompetencjach Ignacego Czerwi\u0144skiego w \u015bwietle opinii profesjonalist<\/em><em>\u00f3w. <\/em>Przewodnik testatora<em> w komentarzach Antoniego Rosbierskiego<\/em> [Ignacy Czerwi\u0144ski\u2019s legal competences in the light of the opinions of professionals. <em>Przewodnik testatora<\/em> in Antoni Rosbierski\u2019s comments]. \u201cPrace Kulturoznawcze\u201d 2019, no. 3, pp. 113-131.<\/li>\n<li><em>Domowe archiwum Juliana Przybosia<\/em>. Projekt WWW [Julian Przybo\u015b\u2019 home archive. A www project], eds.: Agnieszka Kwiatkowska, Joanna Gr\u0105dziel-W\u00f3jcik, Ma\u0142gorzata Rygielska. Uniwersytet im. Adama Mickiewicza, Pozna\u0144 2019, 100 pages. ISBN 978-83-939494-8-9 <a href=\"http:\/\/przybos.edu.pl\/pl\/archiwum_domowe\" target=\"_blank\" rel=\"noopener\">http:\/\/przybos.edu.pl\/pl\/archiwum_domowe<\/a><\/li>\n<\/ol>\n<p><strong>Research grants:<\/strong><\/p>\n<p><strong>Julian Przybo\u015b \u2013 edycja tekst<\/strong><strong>\u00f3w rozproszonych i niepublikowanych <\/strong>[Julian Przybo\u015b \u2014\u00a0 the edition of scattered and unpublished texts] (project participant, the research project of the National Program for the Development of Humanities, 0059\/NPRH4\/H1b\/83\/2015, 2015\u20132018 (extended to 2019)<\/p>\n<p><strong>Academic outreach and engagement: <\/strong><\/p>\n<ul>\n<li>The Oxford Centre for the History of Science, Medicine, Technology, the Welcome Centre for Ethics and Humanities, the University of Oxford, participation in the international \u201cVirus of Hate Zoom Workshop\u201d, presentation in the Session 4, Antidotes to Hatred, 24 March 2021.<\/li>\n<li>\u201cLoci Communes. The International Journal of Studies on Spaces in Arts and Humanities, Anthropology and Architecture\u201d. Editor of the Section Miscellanea, from 2020.<\/li>\n<li>Research project: Academization of the City (stage I: 2018-2020). Researchers involved:\u00a0Professor Anna Gom\u00f3\u0142a (team leader), Professor Ma\u0142gorzata Rygielska, Dr Kamila G\u0119sikowska, Dr Adam Pisarek. <a href=\"https:\/\/us.edu.pl\/wydzial\/wh\/2021\/02\/16\/najwaznejsze-osiagniecia-badawcze-2020-r-akademizacja-miasta\/#1613483695869-294d1c79-349a\" target=\"_blank\" rel=\"noopener\">https:\/\/us.edu.pl\/wydzial\/wh\/2021\/02\/16\/najwaznejsze-osiagniecia-badawcze-2020-r-akademizacja-miasta\/#1613483695869-294d1c79-349a<\/a> The book published with the participation of the Chorz\u00f3w city funds: <em>Kocynder. 50 lat<\/em>, Kamila G\u0119sikowska, Anna Gom\u00f3\u0142a, Adam Pisarek. WN \u015al\u0105sk, Chorz\u00f3w 2020, 248 pages. ISBN 978-83-8183-070-6.<\/li>\n<\/ul>\n<p>\n<\/div>\r\n                    <\/div>\r\n                <\/div>[\/vc_tta_section][\/vc_tta_tabs][\/vc_column][vc_column width=&#8221;1\/3&#8243;]\r\n                <div class=\"text-modules\">\r\n                    <div class=\"container\">\r\n                        \r\n                        <div class=\"text-modules__content\"><\/p>\n<p>&nbsp;<\/p>\n<p><img class=\"alignnone wp-image-443 size-full\" src=\"https:\/\/us.edu.pl\/instytut\/inok\/wp-content\/uploads\/sites\/28\/Nieprzypisane\/Rygielska-nowe-zdj\u0119cie-na-stron\u0119.jpg\" alt=\"Ma\u0142gorzata Rygielska - zdj\u0119cie profilowe\" width=\"400\" height=\"600\" srcset=\"https:\/\/us.edu.pl\/instytut\/inok\/wp-content\/uploads\/sites\/28\/Nieprzypisane\/Rygielska-nowe-zdj\u0119cie-na-stron\u0119.jpg 400w, https:\/\/us.edu.pl\/instytut\/inok\/wp-content\/uploads\/sites\/28\/Nieprzypisane\/Rygielska-nowe-zdj\u0119cie-na-stron\u0119-200x300.jpg 200w, https:\/\/us.edu.pl\/instytut\/inok\/wp-content\/uploads\/sites\/28\/Nieprzypisane\/Rygielska-nowe-zdj\u0119cie-na-stron\u0119-383x575.jpg 383w\" sizes=\"(max-width: 400px) 100vw, 400px\" \/><\/p>\n<\/div>\r\n                    <\/div>\r\n                <\/div>[\/vc_column][\/vc_row]<\/p>","protected":false},"excerpt":{"rendered":"<p>[vc_row][vc_column width=&#8221;2\/3&#8243;][vc_tta_tabs][vc_tta_section title=&#8221;POLISH&#8221; tab_id=&#8221;1630580690928-81ff9700-ebf1&#8243;][\/vc_tta_section][vc_tta_section title=&#8221;ENGLISH&#8221; tab_id=&#8221;1630580690940-b6809cb6-01b2&#8243;][\/vc_tta_section][\/vc_tta_tabs][\/vc_column][vc_column width=&#8221;1\/3&#8243;][\/vc_column][\/vc_row] [&#8230;]<\/p>\n<p><a class=\"btn btn-secondary understrap-read-more-link\" href=\"https:\/\/us.edu.pl\/instytut\/inok\/osoby\/malgorzata-rygielska\/\">Read More&#8230;<\/a><\/p>\n","protected":false},"author":1,"featured_media":0,"template":"","meta":{"_expiration-date-status":"saved","_expiration-date":0,"_expiration-date-type":"","_expiration-date-categories":[],"_expiration-date-options":[]},"acf":[],"_links":{"self":[{"href":"https:\/\/us.edu.pl\/instytut\/inok\/wp-json\/wp\/v2\/osoby\/444"}],"collection":[{"href":"https:\/\/us.edu.pl\/instytut\/inok\/wp-json\/wp\/v2\/osoby"}],"about":[{"href":"https:\/\/us.edu.pl\/instytut\/inok\/wp-json\/wp\/v2\/types\/osoby"}],"author":[{"embeddable":true,"href":"https:\/\/us.edu.pl\/instytut\/inok\/wp-json\/wp\/v2\/users\/1"}],"version-history":[{"count":10,"href":"https:\/\/us.edu.pl\/instytut\/inok\/wp-json\/wp\/v2\/osoby\/444\/revisions"}],"predecessor-version":[{"id":2473,"href":"https:\/\/us.edu.pl\/instytut\/inok\/wp-json\/wp\/v2\/osoby\/444\/revisions\/2473"}],"wp:attachment":[{"href":"https:\/\/us.edu.pl\/instytut\/inok\/wp-json\/wp\/v2\/media?parent=444"}],"curies":[{"name":"wp","href":"https:\/\/api.w.org\/{rel}","templated":true}]}}

Małgorzata Rygielska

<p>[vc_row][vc_column width=&#8221;2/3&#8243;][vc_tta_tabs][vc_tta_section title=&#8221;POLISH&#8221; tab_id=&#8221;1630580690928-81ff9700-ebf1&#8243;]
                <div class="text-modules">
                    <div class="container">
                        
                        <div class="text-modules__content"><p><strong>dr hab. Małgorzata Rygielska, prof. UŚ<br />
</strong></p>
<p>e-mail: <a href="mailto:malgorzata.rygielska@us.edu.pl">malgorzata.rygielska@us.edu.pl</a></p>
<p><a href="https://orcid.org/0000-0002-7723-7677" target="_blank" rel="noopener noreferrer"><strong>https://orcid.org/0000-0002-7723-7677</strong></a></p>
<p><strong>Tematyka badawcza:</strong></p>
<ul>
<li>teorie kultury,</li>
<li>historia kultury Europy,</li>
<li>historia kultury polskiej,</li>
<li>antropologia literatury w ujęciu kulturoznawczym w Polsce i na świecie,</li>
<li>kulturowa historia medycyny.</li>
</ul>
<p><strong>Stopnie i tytuły naukowe:</strong></p>
<p><strong>Habilitacja</strong></p>
<p>2020 – Monografia Ignacego Lubicz Czerwińskiego “Okolica Za-dniestrska”. Studium kulturoznawcze, Wydział Humanistyczny, Uniwersytet Śląski.</p>
<p><strong>Doktorat</strong></p>
<p>2007 – Poezja jako nazywanie. Tekst Norwida w twórczości Juliana Przybosia, Wydział Filologiczny, Uniwersytet Śląski.</p>
<p><strong>Magisterium</strong></p>
<p>2002 – „Musi umrzeć, co ma ożyć w pieśni”. O próbie poetyckiej autobiografii Krzysztofa Karaska, Wydział Filologiczny, Uniwersytet Śląski.</p>
<p><strong>Wybrane publikacje:</strong></p>
<ol>
<li>&#8222;BrexLit” po włosku dla dzieci i dorosłych : &#8222;Rosie e gli scoiattoli di St. James&#8221; oraz &#8222;La mia Londra&#8221; Simonetty Agnello Hornby. &#8222;Porównania&#8221; 2021, nr 30, s. 291-309.</li>
<li>Monografia Ignacego Lubicz Czerwińskiego “Okolica Za-dniestrska”. Studium kulturoznawcze. Polskie Towarzystwo Ludoznawcze. Wrocław 2019, ss. 325. ISBN 978-83-7977-411-1.</li>
<li>Antropologia literatury. W: Badanie kultury. Ludzie, projekty, realizacje, red. Anna Gomóła, Marek Pacukiewicz. Wydawnictwo Uniwersytetu Śląskiego, Katowice 2016, s. 89-135. ISBN 978-83-8012-867-5.</li>
<li>Uroki auskultacji, czyli krótka historia stetoskopu. „Kultura Popularna” 2016, nr 2, s. 38-49.</li>
<li>Jakie to posiadać ma cnoty i nauki Przewodnik lub współtowarzysz młodego wojażera według Ignacego Lubicz Czerwińskiego. „Prace Kulturoznawcze” 2015. T. 17, s. 53-61.</li>
<li>O physiologii. „Kultura Współczesna” 2013, nr 3, s. 14-25.</li>
<li>Starość jako wyobrażenie kulturowe, red. Małgorzata Rygielska, Anna Gomóła. &#8222;grupakulturalna.pl&#8221; Katowice 2013, ss. 267. ISBN 978-83-9340-112-3.</li>
<li>Przyboś czyta Norwida. Wydawnictwo Uniwersytetu Śląskiego. Katowice 2012, ss. 186. ISBN 978-83-2262-066-3.</li>
<li>Revisions of History: The Tasks of the Historian according to Cyprian Kamil Norwid. W: (Re)Visions of History in Language and Fiction, red. Dorota Guttfeld, Monika Linke, Agnieszka Sowińska. Cambridge Scholars Publishing, Newcastel upon Tyne 2012, p. 21-33.</li>
<li>Dwa guziki. Norwid i ewolucjonizm. Agencja Artystyczna „Para”. Polska Akademia Nauk Oddział w Katowicach. Katowice 2011, ss. 41. ISBN 978-83-8865-749-8.</li>
</ol>
<p><strong>Przynależność do organizacji i towarzystw naukowych:</strong></p>
<ul>
<li>rada naukowa czasopisma „Laboratorium Kultury” (od 2013),</li>
<li>rada naukowej serii wydawniczej „Teoria/Antropologia Kultury” (T/AK) (od 2015),</li>
<li>zarząd katowickiego oddziału Polskiego Towarzystwa Kulturoznawczego.</li>
</ul>
<p>
</div>
                    </div>
                </div>[/vc_tta_section][vc_tta_section title=&#8221;ENGLISH&#8221; tab_id=&#8221;1630580690940-b6809cb6-01b2&#8243;]
                <div class="text-modules">
                    <div class="container">
                        
                        <div class="text-modules__content"><p><strong>Małgorzata Rygielska, PhD, DLitt<br />
</strong><strong>Associate Professor in the Institute of Culture Studies, the University of Silesia in Katowice</strong></p>
<p><a href="mailto:malgorzata.rygielska@us.edu.pl">malgorzata.rygielska@us.edu.pl</a></p>
<p>ORCID <a href="https://orcid.org/0000-0002-7723-7677" target="_blank" rel="noopener">0000-0002-7723-7677</a></p>
<p><a href="https://scholar.google.com/citations?user=fTmFlLEAAAAJ&amp;hl=pl" target="_blank" rel="noopener">https://scholar.google.com/citations?user=fTmFlLEAAAAJ&amp;hl=pl</a></p>
<p><a href="https://www.researchgate.net/profile/Malgorzata-Rygielska" target="_blank" rel="noopener">https://www.researchgate.net/profile/Malgorzata-Rygielska</a></p>
<p><strong>Research interests:</strong></p>
<ul>
<li>theories of culture,</li>
<li>history of cultural-theoretical thought,</li>
<li>history of European culture,</li>
<li>history of Polish culture,</li>
<li>anthropology of literature in a Cultural Studies perspective in Poland and abroad,</li>
<li>cultural history of medicine.</li>
</ul>
<p><strong>Selected publications:</strong></p>
<ol>
<li><em>Narcyzm po włosku albo digitambulicy i selfiś</em><em>ci </em>[Italian narcissism, or digitambulists and selfie-makers]. “Kultura Współczesna” 2020, no. 1, pp. 202-209. DOI <a href="http://doi.org/10.26112/kw.2020.108.14" target="_blank" rel="noopener">10.26112/kw.2020.108.14</a></li>
<li><em>Migrująca teranga. O współczesnych przemianach afrykańskiego systemu świadczeń całościowych we Włoszech </em>[Migrating teranga. On contemporary transformations in the African system of social security benefits in Italy]. “Przestrzeń Społeczna” 2020, no. 1, pp. 71-88. <a href="http://hdl.handle.net/20.500.12128/14886" target="_blank" rel="noopener">http://hdl.handle.net/20.500.12128/14886</a></li>
<li><em>Monografia Ignacego Lubicz Czerwińskiego </em>Okolica Za-dniestrska <em>Studium kulturoznawcze</em>. [Ignacy Lubicz Czerwiński’s monograph. The area behind the Dniester River. A cultural study]. Polskie Towarzystwo Ludoznawcze, Wrocław 2019, 325 pages. ISBN 978-83-7977-411-1 [Archiwum Etnograficzne t. 61].</li>
<li><em>O prawniczych kompetencjach Ignacego Czerwińskiego w świetle opinii profesjonalist</em><em>ów. </em>Przewodnik testatora<em> w komentarzach Antoniego Rosbierskiego</em> [Ignacy Czerwiński’s legal competences in the light of the opinions of professionals. <em>Przewodnik testatora</em> in Antoni Rosbierski’s comments]. “Prace Kulturoznawcze” 2019, no. 3, pp. 113-131.</li>
<li><em>Domowe archiwum Juliana Przybosia</em>. Projekt WWW [Julian Przyboś’ home archive. A www project], eds.: Agnieszka Kwiatkowska, Joanna Grądziel-Wójcik, Małgorzata Rygielska. Uniwersytet im. Adama Mickiewicza, Poznań 2019, 100 pages. ISBN 978-83-939494-8-9 <a href="http://przybos.edu.pl/pl/archiwum_domowe" target="_blank" rel="noopener">http://przybos.edu.pl/pl/archiwum_domowe</a></li>
</ol>
<p><strong>Research grants:</strong></p>
<p><strong>Julian Przyboś – edycja tekst</strong><strong>ów rozproszonych i niepublikowanych </strong>[Julian Przyboś —  the edition of scattered and unpublished texts] (project participant, the research project of the National Program for the Development of Humanities, 0059/NPRH4/H1b/83/2015, 2015–2018 (extended to 2019)</p>
<p><strong>Academic outreach and engagement: </strong></p>
<ul>
<li>The Oxford Centre for the History of Science, Medicine, Technology, the Welcome Centre for Ethics and Humanities, the University of Oxford, participation in the international “Virus of Hate Zoom Workshop”, presentation in the Session 4, Antidotes to Hatred, 24 March 2021.</li>
<li>“Loci Communes. The International Journal of Studies on Spaces in Arts and Humanities, Anthropology and Architecture”. Editor of the Section Miscellanea, from 2020.</li>
<li>Research project: Academization of the City (stage I: 2018-2020). Researchers involved: Professor Anna Gomóła (team leader), Professor Małgorzata Rygielska, Dr Kamila Gęsikowska, Dr Adam Pisarek. <a href="https://us.edu.pl/wydzial/wh/2021/02/16/najwaznejsze-osiagniecia-badawcze-2020-r-akademizacja-miasta/#1613483695869-294d1c79-349a" target="_blank" rel="noopener">https://us.edu.pl/wydzial/wh/2021/02/16/najwaznejsze-osiagniecia-badawcze-2020-r-akademizacja-miasta/#1613483695869-294d1c79-349a</a> The book published with the participation of the Chorzów city funds: <em>Kocynder. 50 lat</em>, Kamila Gęsikowska, Anna Gomóła, Adam Pisarek. WN Śląsk, Chorzów 2020, 248 pages. ISBN 978-83-8183-070-6.</li>
</ul>
<p>
</div>
                    </div>
                </div>[/vc_tta_section][/vc_tta_tabs][/vc_column][vc_column width=&#8221;1/3&#8243;]
                <div class="text-modules">
                    <div class="container">
                        
                        <div class="text-modules__content"></p>
<p>&nbsp;</p>
<p><img class="alignnone wp-image-443 size-full" src="https://us.edu.pl/instytut/inok/wp-content/uploads/sites/28/Nieprzypisane/Rygielska-nowe-zdjęcie-na-stronę.jpg" alt="Małgorzata Rygielska - zdjęcie profilowe" width="400" height="600" srcset="https://us.edu.pl/instytut/inok/wp-content/uploads/sites/28/Nieprzypisane/Rygielska-nowe-zdjęcie-na-stronę.jpg 400w, https://us.edu.pl/instytut/inok/wp-content/uploads/sites/28/Nieprzypisane/Rygielska-nowe-zdjęcie-na-stronę-200x300.jpg 200w, https://us.edu.pl/instytut/inok/wp-content/uploads/sites/28/Nieprzypisane/Rygielska-nowe-zdjęcie-na-stronę-383x575.jpg 383w" sizes="(max-width: 400px) 100vw, 400px" /></p>
</div>
                    </div>
                </div>[/vc_column][/vc_row]</p>
