{"id":2126,"date":"2022-03-02T11:34:12","date_gmt":"2022-03-02T10:34:12","guid":{"rendered":"https:\/\/us.edu.pl\/instytut\/inok\/?page_id=2126"},"modified":"2022-11-28T12:49:55","modified_gmt":"2022-11-28T11:49:55","slug":"2022-2","status":"publish","type":"page","link":"https:\/\/us.edu.pl\/instytut\/inok\/konferencje\/2022-2\/","title":{"rendered":"2022"},"content":{"rendered":"<p>[vc_row][vc_column]\r\n                <div class=\"text-modules\">\r\n                    <div class=\"container\">\r\n                        \r\n                        <div class=\"text-modules__content\"><\/p>\n<p style=\"text-align: center;\"><span style=\"font-size: 18pt;\"><strong>2022<\/strong><\/span><\/p>\n<p style=\"text-align: center;\"><strong><span style=\"font-size: 12pt;\">Og\u00f3lnopolska Konferencja Naukowa \u201ePo Wyspia\u0144skim?\u201d<\/span><\/strong><\/p>\n<p>Teatr \u015al\u0105ski im. Stanis\u0142awa Wyspia\u0144skiego, Katowice, 1-2 grudnia 2022 r.<\/p>\n<p>Komitet naukowy i organizacyjny konferencji: <strong>prof. dr hab. Ewa W\u0105chocka, dr hab. Dorota Fox, prof. U\u015a, dr hab. Ewa D\u0105bek-Derda, prof. U\u015a, dr hab. Beata Popczyk-Szcz\u0119sna, prof. U\u015a<\/strong>, dr hab. Carlos Dimeo-\u00c1lvarez, prof. ATH [Akademia Techniczno-Humanistyczna w Bielsku-Bia\u0142ej], <strong>dr Magdalena Figza\u0142-Janikowska, dr Aneta G\u0142owacka<\/strong>, dr Mi\u0142osz Markiewicz [Uniwersytet im. Adama Mickiewicza w Poznaniu], mgr Bartosz Cudak [Uniwersytet Jagiello\u0144ski].<\/p>\n<p>Teatr \u015al\u0105ski im. Stanis\u0142awa Wyspia\u0144skiego w\u00a0Katowicach obchodzi w\u00a0tym roku<strong>\u00a0jubileusz 115-lecia swojego istnienia oraz 100-lecie dzia\u0142ania sceny polskiej<\/strong>. Patronem tej sceny od 1936 roku jest Stanis\u0142aw Wyspia\u0144ski, wybitny inscenizator, dramatopisarz, scenograf, uznawany za tw\u00f3rc\u0119 nowoczesnego polskiego teatru. Rok jubileuszowy wydaje si\u0119 doskona\u0142\u0105 okazj\u0105 do zastanowienia si\u0119 nad tym, co nam zosta\u0142o ze spu\u015bcizny Wyspia\u0144skiego. Rozpatrywana dzi\u015b po wielu latach \u2013 parafrazuj\u0105c s\u0142owa artysty \u2013 wydaje si\u0119 by\u0107 inspiracj\u0105 do zastanowienia, co jest dzisiaj do my\u015blenia w polskim teatrze. Na ile, w jakich obszarach spe\u0142nia on kryterium sztuki \u017cywej, rezonuj\u0105cej z otaczaj\u0105c\u0105 rzeczywisto\u015bci\u0105, ale te\u017c niezwykle czu\u0142ej na mity wytwarzaj\u0105ce zbiorowe to\u017csamo\u015bci i kszta\u0142tuj\u0105ce zbiorow\u0105 wyobra\u017ani\u0119. Bior\u0105c pod uwag\u0119 r\u00f3\u017cne typy aktywno\u015bci Wyspia\u0144skiego, jednego z najwa\u017cniejszych wizjoner\u00f3w polskiego teatru, proponujemy przyjrzenie si\u0119 wsp\u00f3\u0142czesnemu teatrowi z r\u00f3\u017cnych perspektyw, r\u00f3wnie\u017c w kontek\u015bcie przemian zachodz\u0105cych w teatrze \u015bwiatowym.<\/p>\n<p><a href=\"https:\/\/teatrslaski.art.pl\/2022\/11\/15\/program-ogolnopolskiej-konferencji-naukowej-po-wyspianskim\/?fbclid=IwAR0HIoWb5Y2ZhamdNY5kzt67nHqC2NdBMZLIzbu7qTOLmxjLE6L1R3baTZ0\" target=\"_blank\" rel=\"noopener\">PROGRAM<\/a><\/p>\n<p><a href=\"https:\/\/teatrslaski.art.pl\/2022\/09\/20\/ogolnopolska-konferencja-naukowa-po-wyspianskim\/?fbclid=IwAR1IlNr5K92BCmdHg4p-ko1xLBJ4VAT5tNkWfuMIVYyYsyPiJ5T7V-UvlAE\" target=\"_blank\" rel=\"noopener\">tematy<\/a><\/p>\n<p>&nbsp;<\/p>\n<p style=\"text-align: center;\"><span style=\"font-size: 12pt;\"><strong>\u201eJoga w kontekstach kulturowych, VII edycja&#8221;<\/strong><\/span><\/p>\n<p>Katowice, 6-8 wrze\u015bnia 2022 r.<\/p>\n<p>Organizatorzy instytucjonalni: Katedra Zarz\u0105dzania Sportem i Turystyk\u0105 (Akademia Wychowania Fizycznego im. Jerzego Kukuczki w Katowicach), <strong>Instytut Nauk o Kulturze<\/strong>, Centrum Informacji Naukowej i Biblioteka Akademicka (Katowice).<\/p>\n<p>Komitet naukowy konferencji: dr hab. Janusz Szopa, prof. AWF [przewodnicz\u0105cy], dr Micha\u0142 Dziadkiewicz [Politechnika Cz\u0119stochowska], <strong>dr hab. Anna Gom\u00f3\u0142a, prof. U\u015a<\/strong>, dr hab. Ma\u0142gorzata Grabara, prof. AWF, dr hab. Miros\u0142aw Harciarek, prof. GWSH, prof. dr hab. Krzysztof Konecki [Uniwersytet \u0141\u00f3dzki], dr hab. Les\u0142aw Kulmatycki, prof. AWF [Wroc\u0142aw], dr in\u017c. Agnieszka Ulfik, dr hab. Anna Zwierzchowska, prof. AWF, prof. dr hab. Aleksandra \u017bebrowska.<\/p>\n<p>Komitet organizacyjny konferencji: dr hab. Janusz Szopa, prof. AWF [przewodnicz\u0105cy],<strong>\u00a0mgr Dagmara Wasilewska [sekretarz]<\/strong>, dr Aleksandra Budzisz, dr Micha\u0142 Dziadkiewicz, <strong>dr Kamila G\u0119sikowska<\/strong>.<\/p>\n<p>Konferencja w trybie hybrydowym: <strong>MsTeams<\/strong><\/p>\n<p>Konferencja naukowa \u201eJoga w kontekstach kulturowych\u201d jest w zamy\u015ble projektem interdyscyplinarnym. Jej celem jest pokazanie r\u00f3\u017cnych aspekt\u00f3w jogi przede wszystkim jako zjawiska modelowanego konkretnymi warunkami kulturowymi. Interesowa\u0107 nas b\u0119d\u0105 takie zagadnienia jak:<\/p>\n<p>* joga w tradycyjnym kontek\u015bcie kulturowohistorycznym,<br \/>\n* joga jako przedmiot zainteresowania kultury zachodniej,<br \/>\n* joga jako element procesu orientalizacji Zachodu,<br \/>\n* joga w Polsce: szko\u0142y, o\u015brodki i tradycje,<br \/>\n* polskie badania naukowe nad r\u00f3\u017cnymi aspektami jogi<br \/>\n* joga w ogl\u0105dzie potocznym \u2013 wyobra\u017cenia i nieporozumienia.<\/p>\n<p><a href=\"https:\/\/awf.katowice.pl\/nauka\/konferencje-naukowe\/joga-w-kontekstach-kulturowych\" target=\"_blank\" rel=\"noopener\">https:\/\/awf.katowice.pl\/nauka\/konferencje-naukowe\/joga-w-kontekstach-kulturowych<\/a><\/p>\n<p>&nbsp;<\/p>\n<p style=\"text-align: center;\"><span style=\"font-size: 12pt;\"><strong>&#8222;Komiksy i kobiety. Analizy, recepcje, referencje&#8221;<\/strong><\/span><\/p>\n<p>Warszawa, 26-27 maja 2022 r.<\/p>\n<p>Komitet Organizacyjny Konferencji: dr Jakub Jankowski [Uniwersytet Warszawski], <strong>dr Matylda S\u0119k-Iwanek<\/strong> [Uniwersytet \u015al\u0105ski w Katowicach; Instytut Nauk o Kulturze], Pawe\u0142 Timofiejuk [Polskie Stowarzyszenie Komiksowe].<br \/>\nPartner wydarzenia:\u00a0<strong>Instytut Nauk o Kulturze Uniwersytetu \u015al\u0105skiego w Katowicach.<\/strong><\/p>\n<p>Zapraszamy Pa\u0144stwa do dyskusji zogniskowanej wok\u00f3\u0142 kobiet i komiks\u00f3w \u2013 temat ten proponujemy potraktowa\u0107 bardzo szeroko i mamy nadziej\u0119 na zr\u00f3\u017cnicowane perspektywy badawcze. Wsp\u00f3\u0142czesna dyskusja wok\u00f3\u0142 kobieco\u015bci, praw kobiet, pozycji kobiet i ich r\u00f3l spo\u0142ecznych jest stale obecna we wszystkich dziedzinach sztuki. Debata dotycz\u0105ca tych poj\u0119\u0107 stanowi wa\u017cny element refleksji o wsp\u00f3\u0142czesno\u015bci. Dzi\u015b szczeg\u00f3ln\u0105 uwag\u0119 zwracamy na miejsce i losy kobiet uwik\u0142anych w konflikty zbrojne i kryzysy humanitarne. W jaki spos\u00f3b te konstatacje na temat kobiet i kobieco\u015bci znajduj\u0105 odzwierciedlenie w komiksie, w jaki spos\u00f3b sk\u0142aniaj\u0105 nas do my\u015blenia o komiksach, ale i \u015brodowisku tw\u00f3rczym, wydawcach, imprezach komiksowych. Jakie motywy dominuj\u0105 w dyskursie wok\u00f3\u0142 kobiet i kobieco\u015bci w \u015bwiecie komiksu? W jaki spos\u00f3b kszta\u0142tuje si\u0119 nasze spojrzenie na teksty, analizy i interpretacje w studiach nad komiksem?<\/p>\n<p>Wi\u0119cej o Festiwalu Komiksowa Warszawa: <a href=\"https:\/\/www.facebook.com\/Komiksowa.Warszawa\/\" target=\"_blank\" rel=\"noopener\">https:\/\/www.facebook.com\/Komiksowa.Warszawa\/<\/a><\/p>\n<\/div>\r\n                    <\/div>\r\n                <\/div>[\/vc_column][\/vc_row]<\/p>","protected":false},"excerpt":{"rendered":"<p>[vc_row][vc_column][\/vc_column][\/vc_row] [&#8230;]<\/p>\n<p><a class=\"btn btn-secondary understrap-read-more-link\" href=\"https:\/\/us.edu.pl\/instytut\/inok\/konferencje\/2022-2\/\">Read More&#8230;<\/a><\/p>\n","protected":false},"author":1658,"featured_media":0,"parent":127,"menu_order":0,"comment_status":"closed","ping_status":"closed","template":"","meta":{"_expiration-date-status":"saved","_expiration-date":0,"_expiration-date-type":"","_expiration-date-categories":[],"_expiration-date-options":[]},"acf":[],"_links":{"self":[{"href":"https:\/\/us.edu.pl\/instytut\/inok\/wp-json\/wp\/v2\/pages\/2126"}],"collection":[{"href":"https:\/\/us.edu.pl\/instytut\/inok\/wp-json\/wp\/v2\/pages"}],"about":[{"href":"https:\/\/us.edu.pl\/instytut\/inok\/wp-json\/wp\/v2\/types\/page"}],"author":[{"embeddable":true,"href":"https:\/\/us.edu.pl\/instytut\/inok\/wp-json\/wp\/v2\/users\/1658"}],"replies":[{"embeddable":true,"href":"https:\/\/us.edu.pl\/instytut\/inok\/wp-json\/wp\/v2\/comments?post=2126"}],"version-history":[{"count":9,"href":"https:\/\/us.edu.pl\/instytut\/inok\/wp-json\/wp\/v2\/pages\/2126\/revisions"}],"predecessor-version":[{"id":2857,"href":"https:\/\/us.edu.pl\/instytut\/inok\/wp-json\/wp\/v2\/pages\/2126\/revisions\/2857"}],"up":[{"embeddable":true,"href":"https:\/\/us.edu.pl\/instytut\/inok\/wp-json\/wp\/v2\/pages\/127"}],"wp:attachment":[{"href":"https:\/\/us.edu.pl\/instytut\/inok\/wp-json\/wp\/v2\/media?parent=2126"}],"curies":[{"name":"wp","href":"https:\/\/api.w.org\/{rel}","templated":true}]}}