{"id":192,"date":"2019-11-07T23:25:15","date_gmt":"2019-11-07T22:25:15","guid":{"rendered":"http:\/\/us.edu.pl\/instytut\/inos\/?post_type=osoby&#038;p=192"},"modified":"2024-04-17T13:34:35","modified_gmt":"2024-04-17T11:34:35","slug":"jerzy-gorzelik","status":"publish","type":"osoby","link":"https:\/\/us.edu.pl\/instytut\/inos\/osoby\/jerzy-gorzelik\/","title":{"rendered":"dr hab. Jerzy Gorzelik, prof. U\u015a"},"content":{"rendered":"<p>[vc_row][vc_column width=&#8221;2\/3&#8243;][vc_tta_tabs][vc_tta_section title=&#8221;POLISH&#8221; tab_id=&#8221;1620115278807-b5a8b84a-99db&#8221;]\r\n                <div class=\"text-modules\">\r\n                    <div class=\"container\">\r\n                        \r\n                        <div class=\"text-modules__content\"><p><strong>dr hab. Jerzy Gorzelik, prof. U\u015a<\/strong><br \/>\ne-mail:\u00a0<a href=\"mailto:jerzy.gorzelik@us.edu.pl\">jerzy.gorzelik@us.edu.pl<\/a><\/p>\n<p><strong>dy\u017cury:<\/strong><br \/>\nwtorki 13.00-13.45<br \/>\nKatowice, ul. Bankowa 11, pok. 26<\/p>\n<p>Ur. 1971, absolwent Uniwersytetu Jagiello\u0144skiego w Krakowie, doktorat na Uniwersytecie Wroc\u0142awskim. W swoich badaniach skupia si\u0119 na analizowaniu zjawisk artystycznych w kontek\u015bcie konfesyjnym i narodowym, ze szczeg\u00f3lnym uwzgl\u0119dnieniem sztuki G\u00f3rnego \u015al\u0105ska w XVI-XX w.<\/p>\n<p>Podejmuje problemy wykorzystania medium sztuki i dziedzictwa kulturowego w dyskursywnym kreowaniu wsp\u00f3lnot wyobra\u017conych oraz relacji mi\u0119dzy sztuk\u0105 a pami\u0119ci\u0105 zbiorow\u0105.<\/p>\n<\/div>\r\n                    <\/div>\r\n                <\/div>[\/vc_tta_section][vc_tta_section title=&#8221;ENGLISH&#8221; tab_id=&#8221;1620115278830-d4a401c9-048d&#8221;]\r\n                <div class=\"text-modules\">\r\n                    <div class=\"container\">\r\n                        \r\n                        <div class=\"text-modules__content\"><p><strong>Jerzy Gorzelik, PhD, DLitt<br \/>\n<\/strong>Associate Professor in the Institute of Arts Studies<br \/>\nFaculty of Humanities<\/p>\n<p><a href=\"mailto:jerzy.gorzelik@us.edu.pl\">jerzy.gorzelik@us.edu.pl<\/a><\/p>\n<p><a href=\"https:\/\/orcid.org\/0000-0001-6405-9835\">ORCID: 0000-0001-6405-9835<\/a><\/p>\n<p><a href=\"https:\/\/www.researchgate.net\/profile\/Jerzy_Gorzelik\">https:\/\/www.researchgate.net\/profile\/Jerzy_Gorzelik<\/a><\/p>\n<p><a href=\"https:\/\/scholar.google.pl\/citations?hl=pl&amp;user=xgCS8XYAAAAJ\">https:\/\/scholar.google.pl\/citations?hl=pl&amp;user=xgCS8XYAAAAJ<\/a><\/p>\n<p><a href=\"https:\/\/silesian.academia.edu\/JerzyGorzelik\">https:\/\/silesian.academia.edu\/JerzyGorzelik<\/a><\/p>\n<p>&nbsp;<\/p>\n<p><strong>Research interests<\/strong>:<\/p>\n<ul>\n<li>Central European art in the face of group identities: confession, national and regional;<\/li>\n<li>Relations between traditional religions and nationalisms seen through the prism of art;<\/li>\n<li>Cultural heritage in Central Europe, wooden architecture and industrial heritage in particular;<\/li>\n<li>Modern art in Upper Silesia<\/li>\n<\/ul>\n<p><strong>Recent publications<\/strong>:<\/p>\n<ul>\n<li>Gorzelik, Jerzy: <em>Mi\u0119dzy &#8222;sensus catholicus&#8221; a &#8222;uchrze\u015bcijanionym nacjonalizmem&#8221;: sztuka Ko\u015b<\/em><em>cio<\/em><em>\u0142a rzymskokatolickiego na G<\/em><em>\u00f3<\/em><em>rnym \u015al\u0105sku wobec dyskurs<\/em><em>\u00f3<\/em><em>w narodowych <\/em>[Between \u201csensus catholicus\u201d and \u201ccatholicized nationalism\u201d: the art of the Roman Catholic Church in Upper Silesia in the face of national discourses]. Katowice: Wydawnictwo Uniwersytetu \u015al\u0105skiego, 2020, ISBN 978-83-226-3898-9<\/li>\n<li>Gorzelik, Jerzy: <em>&#8222;Zrodzone z duszy ludu&#8221;: ochrona sakralnej architektury drewnianej na mi\u0119dzywojennym G<\/em><em>\u00f3<\/em><em>rnym \u015al\u0105sku a polsko-niemiecki sp<\/em><em>\u00f3<\/em><em>r o narodowy charakter regionu <\/em>[\u201cBorn out of the people\u2019s soul\u201d: Preservation of wooden religious architecture in inter-war Upper Silesia and the Polish-German conflict over the national character of the region]. \u201cWiadomo\u015bci Konserwatorskie\u201d 2020, no. 62, pp. 28-41<\/li>\n<li>Gorzelik, Jerzy: <em>Katolicyzm i Wielka Wojna : upami\u0119tnienie poleg\u0142ych i to\u017csamo\u015bciowe konstrukty w Europie \u015arodkowej na przyk\u0142adzie ko\u015b<\/em><em>cio<\/em><em>\u0142\u00f3w \u015bw. <\/em><em>Jadwigi w Opawie i \u015bw. Brunona w Gi\u017c<\/em><em>ycku<\/em> [Catholicism and the Great War: Commemoration of the dead and identity constructs in Central Europe on the example of St. Hedwig\u2019s church in Opava and St. Bruno\u2019s church in Gi\u017cycko]. \u201cStudia z Dziej\u00f3w Rosji i Europy \u015arodkowo-Wschodniej\u201d vol. 55, issue 2 (2020), pp. 49-65<\/li>\n<li>Gorzelik, Jerzy: <em>One City, Two Narratives: The nationalist discourse in inter<\/em><em>\u2011<\/em><em>war Katowice (1922\u20131939)<\/em>. In: <em>City Narratives. Built-up areas as space subject to political, architectural &amp; artistic intervention<\/em>. I. Kozina (ed.). Katowice: Academy of Fine Arts. 2019, pp. 107-130, ISBN 978-83-65825-29-2<\/li>\n<li>Gorzelik, Jerzy: \u017bo\u0142nierz, heros, kresowy rycerz &#8211; przemiana wizerunku &#8222;powsta\u0144ca \u015bl\u0105skiego&#8221; w mi\u0119dzywojennej rze\u017abie monumentalnej [Soldier, hero, Borderlands\u2019 knight \u2014 the change of the \u201cSilesian insurgent\u201d image in inter-war monumental sculpture]. \u201cStudia \u015al\u0105skie\u201d Seria Nowa, vol. 84 (2019), pp. 57-75<\/li>\n<\/ul>\n<p><strong>Academic outreach and engagement<\/strong>:<\/p>\n<ul>\n<li>Training for teachers from minority schools, organized by the German Education Society (2020) on Silesian art history: delivering a series of lectures, recording podcasts and organizing workshops in German, as part of the project LernRaum, organized by NTO (2020-2021);<\/li>\n<li>Participation in the projects of the House of Polish-German Cooperation \u2014 theme tour guiding as part of the project \u201cKr\u00f3tki kurs historii G\u00f3rnego \u015al\u0105ska\u201d [A short course of Upper Silesia history] (2019);<\/li>\n<li>Collaboration with the Foundation Dom Modernisty \u2014 participation in the project \u201cPer\u0142y katowickiej Temidy\u201d [The pearls of Katowice Themis]: a lecture and a brochure on the architecture of the court buildings in Katowice (2019), application texts about the monuments in Katowice and Miko\u0142\u00f3w (2020).<\/li>\n<\/ul>\n<p>\n<\/div>\r\n                    <\/div>\r\n                <\/div>[\/vc_tta_section][\/vc_tta_tabs][\/vc_column][vc_column width=&#8221;1\/3&#8243;]\r\n                <div class=\"text-modules\">\r\n                    <div class=\"container\">\r\n                        \r\n                        <div class=\"text-modules__content\"><\/p>\n<p>&nbsp;<\/p>\n<p><img class=\"alignnone wp-image-191 size-full\" src=\"https:\/\/us.edu.pl\/instytut\/inos\/wp-content\/uploads\/sites\/29\/Nieprzypisane\/jerzy_gorzelik_sesja_muzeum_28-08-2014_foto_radoslaw_kazmierczak_04-2.jpg\" alt=\"Jerzy Gorzelik - zdj\u0119cie portretowe\" width=\"614\" height=\"418\" srcset=\"https:\/\/us.edu.pl\/instytut\/inos\/wp-content\/uploads\/sites\/29\/Nieprzypisane\/jerzy_gorzelik_sesja_muzeum_28-08-2014_foto_radoslaw_kazmierczak_04-2.jpg 614w, https:\/\/us.edu.pl\/instytut\/inos\/wp-content\/uploads\/sites\/29\/Nieprzypisane\/jerzy_gorzelik_sesja_muzeum_28-08-2014_foto_radoslaw_kazmierczak_04-2-300x204.jpg 300w\" sizes=\"(max-width: 614px) 100vw, 614px\" \/><\/p>\n<\/div>\r\n                    <\/div>\r\n                <\/div>[\/vc_column][\/vc_row][vc_row][vc_column][vc_column_text][\/vc_column_text][\/vc_column][\/vc_row][vc_row][vc_column][vc_column_text][\/vc_column_text][\/vc_column][\/vc_row]<\/p>","protected":false},"excerpt":{"rendered":"<p>[vc_row][vc_column width=&#8221;2\/3&#8243;][vc_tta_tabs][vc_tta_section title=&#8221;POLISH&#8221; tab_id=&#8221;1620115278807-b5a8b84a-99db&#8221;][\/vc_tta_section][vc_tta_section title=&#8221;ENGLISH&#8221; tab_id=&#8221;1620115278830-d4a401c9-048d&#8221;][\/vc_tta_section][\/vc_tta_tabs][\/vc_column][vc_column width=&#8221;1\/3&#8243;][\/vc_column][\/vc_row][vc_row][vc_column][vc_column_text][\/vc_column_text][\/vc_column][\/vc_row][vc_row][vc_column][vc_column_text][\/vc_column_text][\/vc_column][\/vc_row] [&#8230;]<\/p>\n<p><a class=\"btn btn-secondary understrap-read-more-link\" href=\"https:\/\/us.edu.pl\/instytut\/inos\/osoby\/jerzy-gorzelik\/\">Read More&#8230;<\/a><\/p>\n","protected":false},"author":1,"featured_media":0,"template":"","meta":{"_expiration-date-status":"","_expiration-date":0,"_expiration-date-type":"","_expiration-date-categories":[],"_expiration-date-options":[]},"acf":[],"_links":{"self":[{"href":"https:\/\/us.edu.pl\/instytut\/inos\/wp-json\/wp\/v2\/osoby\/192"}],"collection":[{"href":"https:\/\/us.edu.pl\/instytut\/inos\/wp-json\/wp\/v2\/osoby"}],"about":[{"href":"https:\/\/us.edu.pl\/instytut\/inos\/wp-json\/wp\/v2\/types\/osoby"}],"author":[{"embeddable":true,"href":"https:\/\/us.edu.pl\/instytut\/inos\/wp-json\/wp\/v2\/users\/1"}],"version-history":[{"count":10,"href":"https:\/\/us.edu.pl\/instytut\/inos\/wp-json\/wp\/v2\/osoby\/192\/revisions"}],"predecessor-version":[{"id":1185,"href":"https:\/\/us.edu.pl\/instytut\/inos\/wp-json\/wp\/v2\/osoby\/192\/revisions\/1185"}],"wp:attachment":[{"href":"https:\/\/us.edu.pl\/instytut\/inos\/wp-json\/wp\/v2\/media?parent=192"}],"curies":[{"name":"wp","href":"https:\/\/api.w.org\/{rel}","templated":true}]}}

dr hab. Jerzy Gorzelik, prof. UŚ

<p>[vc_row][vc_column width=&#8221;2/3&#8243;][vc_tta_tabs][vc_tta_section title=&#8221;POLISH&#8221; tab_id=&#8221;1620115278807-b5a8b84a-99db&#8221;]
                <div class="text-modules">
                    <div class="container">
                        
                        <div class="text-modules__content"><p><strong>dr hab. Jerzy Gorzelik, prof. UŚ</strong><br />
e-mail: <a href="mailto:jerzy.gorzelik@us.edu.pl">jerzy.gorzelik@us.edu.pl</a></p>
<p><strong>dyżury:</strong><br />
wtorki 13.00-13.45<br />
Katowice, ul. Bankowa 11, pok. 26</p>
<p>Ur. 1971, absolwent Uniwersytetu Jagiellońskiego w Krakowie, doktorat na Uniwersytecie Wrocławskim. W swoich badaniach skupia się na analizowaniu zjawisk artystycznych w kontekście konfesyjnym i narodowym, ze szczególnym uwzględnieniem sztuki Górnego Śląska w XVI-XX w.</p>
<p>Podejmuje problemy wykorzystania medium sztuki i dziedzictwa kulturowego w dyskursywnym kreowaniu wspólnot wyobrażonych oraz relacji między sztuką a pamięcią zbiorową.</p>
</div>
                    </div>
                </div>[/vc_tta_section][vc_tta_section title=&#8221;ENGLISH&#8221; tab_id=&#8221;1620115278830-d4a401c9-048d&#8221;]
                <div class="text-modules">
                    <div class="container">
                        
                        <div class="text-modules__content"><p><strong>Jerzy Gorzelik, PhD, DLitt<br />
</strong>Associate Professor in the Institute of Arts Studies<br />
Faculty of Humanities</p>
<p><a href="mailto:jerzy.gorzelik@us.edu.pl">jerzy.gorzelik@us.edu.pl</a></p>
<p><a href="https://orcid.org/0000-0001-6405-9835">ORCID: 0000-0001-6405-9835</a></p>
<p><a href="https://www.researchgate.net/profile/Jerzy_Gorzelik">https://www.researchgate.net/profile/Jerzy_Gorzelik</a></p>
<p><a href="https://scholar.google.pl/citations?hl=pl&amp;user=xgCS8XYAAAAJ">https://scholar.google.pl/citations?hl=pl&amp;user=xgCS8XYAAAAJ</a></p>
<p><a href="https://silesian.academia.edu/JerzyGorzelik">https://silesian.academia.edu/JerzyGorzelik</a></p>
<p>&nbsp;</p>
<p><strong>Research interests</strong>:</p>
<ul>
<li>Central European art in the face of group identities: confession, national and regional;</li>
<li>Relations between traditional religions and nationalisms seen through the prism of art;</li>
<li>Cultural heritage in Central Europe, wooden architecture and industrial heritage in particular;</li>
<li>Modern art in Upper Silesia</li>
</ul>
<p><strong>Recent publications</strong>:</p>
<ul>
<li>Gorzelik, Jerzy: <em>Między &#8222;sensus catholicus&#8221; a &#8222;uchrześcijanionym nacjonalizmem&#8221;: sztuka Koś</em><em>cio</em><em>ła rzymskokatolickiego na G</em><em>ó</em><em>rnym Śląsku wobec dyskurs</em><em>ó</em><em>w narodowych </em>[Between “sensus catholicus” and “catholicized nationalism”: the art of the Roman Catholic Church in Upper Silesia in the face of national discourses]. Katowice: Wydawnictwo Uniwersytetu Śląskiego, 2020, ISBN 978-83-226-3898-9</li>
<li>Gorzelik, Jerzy: <em>&#8222;Zrodzone z duszy ludu&#8221;: ochrona sakralnej architektury drewnianej na międzywojennym G</em><em>ó</em><em>rnym Śląsku a polsko-niemiecki sp</em><em>ó</em><em>r o narodowy charakter regionu </em>[“Born out of the people’s soul”: Preservation of wooden religious architecture in inter-war Upper Silesia and the Polish-German conflict over the national character of the region]. “Wiadomości Konserwatorskie” 2020, no. 62, pp. 28-41</li>
<li>Gorzelik, Jerzy: <em>Katolicyzm i Wielka Wojna : upamiętnienie poległych i tożsamościowe konstrukty w Europie Środkowej na przykładzie koś</em><em>cio</em><em>łów św. </em><em>Jadwigi w Opawie i św. Brunona w Giż</em><em>ycku</em> [Catholicism and the Great War: Commemoration of the dead and identity constructs in Central Europe on the example of St. Hedwig’s church in Opava and St. Bruno’s church in Giżycko]. “Studia z Dziejów Rosji i Europy Środkowo-Wschodniej” vol. 55, issue 2 (2020), pp. 49-65</li>
<li>Gorzelik, Jerzy: <em>One City, Two Narratives: The nationalist discourse in inter</em><em>‑</em><em>war Katowice (1922–1939)</em>. In: <em>City Narratives. Built-up areas as space subject to political, architectural &amp; artistic intervention</em>. I. Kozina (ed.). Katowice: Academy of Fine Arts. 2019, pp. 107-130, ISBN 978-83-65825-29-2</li>
<li>Gorzelik, Jerzy: Żołnierz, heros, kresowy rycerz &#8211; przemiana wizerunku &#8222;powstańca śląskiego&#8221; w międzywojennej rzeźbie monumentalnej [Soldier, hero, Borderlands’ knight — the change of the “Silesian insurgent” image in inter-war monumental sculpture]. “Studia Śląskie” Seria Nowa, vol. 84 (2019), pp. 57-75</li>
</ul>
<p><strong>Academic outreach and engagement</strong>:</p>
<ul>
<li>Training for teachers from minority schools, organized by the German Education Society (2020) on Silesian art history: delivering a series of lectures, recording podcasts and organizing workshops in German, as part of the project LernRaum, organized by NTO (2020-2021);</li>
<li>Participation in the projects of the House of Polish-German Cooperation — theme tour guiding as part of the project “Krótki kurs historii Górnego Śląska” [A short course of Upper Silesia history] (2019);</li>
<li>Collaboration with the Foundation Dom Modernisty — participation in the project “Perły katowickiej Temidy” [The pearls of Katowice Themis]: a lecture and a brochure on the architecture of the court buildings in Katowice (2019), application texts about the monuments in Katowice and Mikołów (2020).</li>
</ul>
<p>
</div>
                    </div>
                </div>[/vc_tta_section][/vc_tta_tabs][/vc_column][vc_column width=&#8221;1/3&#8243;]
                <div class="text-modules">
                    <div class="container">
                        
                        <div class="text-modules__content"></p>
<p>&nbsp;</p>
<p><img class="alignnone wp-image-191 size-full" src="https://us.edu.pl/instytut/inos/wp-content/uploads/sites/29/Nieprzypisane/jerzy_gorzelik_sesja_muzeum_28-08-2014_foto_radoslaw_kazmierczak_04-2.jpg" alt="Jerzy Gorzelik - zdjęcie portretowe" width="614" height="418" srcset="https://us.edu.pl/instytut/inos/wp-content/uploads/sites/29/Nieprzypisane/jerzy_gorzelik_sesja_muzeum_28-08-2014_foto_radoslaw_kazmierczak_04-2.jpg 614w, https://us.edu.pl/instytut/inos/wp-content/uploads/sites/29/Nieprzypisane/jerzy_gorzelik_sesja_muzeum_28-08-2014_foto_radoslaw_kazmierczak_04-2-300x204.jpg 300w" sizes="(max-width: 614px) 100vw, 614px" /></p>
</div>
                    </div>
                </div>[/vc_column][/vc_row][vc_row][vc_column][vc_column_text][/vc_column_text][/vc_column][/vc_row][vc_row][vc_column][vc_column_text][/vc_column_text][/vc_column][/vc_row]</p>
