{"id":143,"date":"2019-11-07T21:19:36","date_gmt":"2019-11-07T20:19:36","guid":{"rendered":"http:\/\/us.edu.pl\/instytut\/inos\/?page_id=143"},"modified":"2020-11-02T16:52:43","modified_gmt":"2020-11-02T15:52:43","slug":"nauka","status":"publish","type":"page","link":"https:\/\/us.edu.pl\/instytut\/inos\/nauka\/","title":{"rendered":"nauka"},"content":{"rendered":"<p>[vc_row el_class=&#8221;container&#8221;][vc_column width=&#8221;2\/3&#8243; el_class=&#8221;container&#8221;]\r\n                <div class=\"text-modules\">\r\n                    <div class=\"container\">\r\n                        \r\n                        <div class=\"text-modules__content\"><p>Dyscyplina nauki o sztuce obejmuje zdywersyfikowany problemowo obszar bada\u0144 i refleksji, zwi\u0105zany nie tylko z szeroko rozumianymi sztukami wizualnymi, histori\u0105 i teori\u0105 sztuki, ale tak\u017ce kultur\u0105 artystyczn\u0105, muzyczn\u0105, sceniczn\u0105, filmow\u0105 i refleksj\u0105 muzykologiczn\u0105. Priorytetem instytutu jest prowadzenie bada\u0144 transdyscyplinarnych, koresponduj\u0105cych ze wsp\u00f3\u0142czesnymi dyskursami w humanistyce, w szczeg\u00f3lno\u015bci takich jak: koincydencja\/synergia i r\u00f3\u017cnopostaciowo\u015b\u0107 sztuk w ponowoczesnej rzeczywisto\u015bci, teoria interpretacji tekst\u00f3w kultury (sztuki wizualne \/muzyka), sztuka i jej recepcja uwarunkowana kulturowo. W nawi\u0105zaniu do tradycji badawczych dawnego Zak\u0142adu Historii Sztuki, kontynuuje si\u0119 badania nad zjawiskami artystycznymi z terenu Europy \u015arodkowej, ze szczeg\u00f3lnym uwzgl\u0119dnieniem \u015al\u0105ska. Kontynuacj\u0105 bada\u0144 muzykologicznych s\u0105 studia nad recepcj\u0105 sztuki d\u017awi\u0119ku, jej kontekstami spo\u0142ecznymi i kulturowymi, unikatowe w skali kraju pod wzgl\u0119dem penetracji wsp\u00f3lnego obszaru muzykologii i socjologii muzyki, oraz nad muzyk\u0105 wsp\u00f3\u0142czesn\u0105 i nowoczesn\u0105. Pracownicy Instytutu realizuj\u0105 r\u00f3wnie\u017c badania nad recepcj\u0105 polskiego kina za granic\u0105 oraz nad wp\u0142ywem kina na procesy akomodacji i adaptacji uchod\u017ac\u00f3w i migrant\u00f3w.<\/p>\n<\/div>\r\n                    <\/div>\r\n                <\/div>[\/vc_column][vc_column width=&#8221;1\/3&#8243;]\r\n                <div class=\"text-modules\">\r\n                    <div class=\"container\">\r\n                        \r\n                        <div class=\"text-modules__content\"><p><img class=\"alignnone size-medium wp-image-717\" src=\"https:\/\/us.edu.pl\/instytut\/inos\/wp-content\/uploads\/sites\/29\/Nieprzypisane\/social-media-3846597_1280-300x189.png\" alt=\"Grafika przedstawiaj\u0105c sie\u0107 kontakt\u00f3w pomi\u0119dzy r\u00f3\u017cnymi osobami ilustruj\u0105ca interdyscyplinarno\u015b\u0107\" width=\"300\" height=\"189\" srcset=\"https:\/\/us.edu.pl\/instytut\/inos\/wp-content\/uploads\/sites\/29\/Nieprzypisane\/social-media-3846597_1280-300x189.png 300w, https:\/\/us.edu.pl\/instytut\/inos\/wp-content\/uploads\/sites\/29\/Nieprzypisane\/social-media-3846597_1280-768x484.png 768w, https:\/\/us.edu.pl\/instytut\/inos\/wp-content\/uploads\/sites\/29\/Nieprzypisane\/social-media-3846597_1280-1024x646.png 1024w, https:\/\/us.edu.pl\/instytut\/inos\/wp-content\/uploads\/sites\/29\/Nieprzypisane\/social-media-3846597_1280-575x363.png 575w, https:\/\/us.edu.pl\/instytut\/inos\/wp-content\/uploads\/sites\/29\/Nieprzypisane\/social-media-3846597_1280.png 1280w\" sizes=\"(max-width: 300px) 100vw, 300px\" \/><\/p>\n<\/div>\r\n                    <\/div>\r\n                <\/div>[\/vc_column][\/vc_row][vc_row][vc_column][\/vc_column][\/vc_row]<\/p>","protected":false},"excerpt":{"rendered":"<p>[vc_row el_class=&#8221;container&#8221;][vc_column width=&#8221;2\/3&#8243; el_class=&#8221;container&#8221;][\/vc_column][vc_column width=&#8221;1\/3&#8243;][\/vc_column][\/vc_row][vc_row][vc_column][\/vc_column][\/vc_row] [&#8230;]<\/p>\n<p><a class=\"btn btn-secondary understrap-read-more-link\" href=\"https:\/\/us.edu.pl\/instytut\/inos\/nauka\/\">Read More&#8230;<\/a><\/p>\n","protected":false},"author":32,"featured_media":0,"parent":0,"menu_order":0,"comment_status":"closed","ping_status":"closed","template":"","meta":{"_expiration-date-status":"saved","_expiration-date":0,"_expiration-date-type":"","_expiration-date-categories":[],"_expiration-date-options":[]},"acf":[],"_links":{"self":[{"href":"https:\/\/us.edu.pl\/instytut\/inos\/wp-json\/wp\/v2\/pages\/143"}],"collection":[{"href":"https:\/\/us.edu.pl\/instytut\/inos\/wp-json\/wp\/v2\/pages"}],"about":[{"href":"https:\/\/us.edu.pl\/instytut\/inos\/wp-json\/wp\/v2\/types\/page"}],"author":[{"embeddable":true,"href":"https:\/\/us.edu.pl\/instytut\/inos\/wp-json\/wp\/v2\/users\/32"}],"replies":[{"embeddable":true,"href":"https:\/\/us.edu.pl\/instytut\/inos\/wp-json\/wp\/v2\/comments?post=143"}],"version-history":[{"count":3,"href":"https:\/\/us.edu.pl\/instytut\/inos\/wp-json\/wp\/v2\/pages\/143\/revisions"}],"predecessor-version":[{"id":719,"href":"https:\/\/us.edu.pl\/instytut\/inos\/wp-json\/wp\/v2\/pages\/143\/revisions\/719"}],"wp:attachment":[{"href":"https:\/\/us.edu.pl\/instytut\/inos\/wp-json\/wp\/v2\/media?parent=143"}],"curies":[{"name":"wp","href":"https:\/\/api.w.org\/{rel}","templated":true}]}}

<p>[vc_row el_class=&#8221;container&#8221;][vc_column width=&#8221;2/3&#8243; el_class=&#8221;container&#8221;]
                <div class="text-modules">
                    <div class="container">
                        
                        <div class="text-modules__content"><p>Dyscyplina nauki o sztuce obejmuje zdywersyfikowany problemowo obszar badań i refleksji, związany nie tylko z szeroko rozumianymi sztukami wizualnymi, historią i teorią sztuki, ale także kulturą artystyczną, muzyczną, sceniczną, filmową i refleksją muzykologiczną. Priorytetem instytutu jest prowadzenie badań transdyscyplinarnych, korespondujących ze współczesnymi dyskursami w humanistyce, w szczególności takich jak: koincydencja/synergia i różnopostaciowość sztuk w ponowoczesnej rzeczywistości, teoria interpretacji tekstów kultury (sztuki wizualne /muzyka), sztuka i jej recepcja uwarunkowana kulturowo. W nawiązaniu do tradycji badawczych dawnego Zakładu Historii Sztuki, kontynuuje się badania nad zjawiskami artystycznymi z terenu Europy Środkowej, ze szczególnym uwzględnieniem Śląska. Kontynuacją badań muzykologicznych są studia nad recepcją sztuki dźwięku, jej kontekstami społecznymi i kulturowymi, unikatowe w skali kraju pod względem penetracji wspólnego obszaru muzykologii i socjologii muzyki, oraz nad muzyką współczesną i nowoczesną. Pracownicy Instytutu realizują również badania nad recepcją polskiego kina za granicą oraz nad wpływem kina na procesy akomodacji i adaptacji uchodźców i migrantów.</p>
</div>
                    </div>
                </div>[/vc_column][vc_column width=&#8221;1/3&#8243;]
                <div class="text-modules">
                    <div class="container">
                        
                        <div class="text-modules__content"><p><img class="alignnone size-medium wp-image-717" src="https://us.edu.pl/instytut/inos/wp-content/uploads/sites/29/Nieprzypisane/social-media-3846597_1280-300x189.png" alt="Grafika przedstawiając sieć kontaktów pomiędzy różnymi osobami ilustrująca interdyscyplinarność" width="300" height="189" srcset="https://us.edu.pl/instytut/inos/wp-content/uploads/sites/29/Nieprzypisane/social-media-3846597_1280-300x189.png 300w, https://us.edu.pl/instytut/inos/wp-content/uploads/sites/29/Nieprzypisane/social-media-3846597_1280-768x484.png 768w, https://us.edu.pl/instytut/inos/wp-content/uploads/sites/29/Nieprzypisane/social-media-3846597_1280-1024x646.png 1024w, https://us.edu.pl/instytut/inos/wp-content/uploads/sites/29/Nieprzypisane/social-media-3846597_1280-575x363.png 575w, https://us.edu.pl/instytut/inos/wp-content/uploads/sites/29/Nieprzypisane/social-media-3846597_1280.png 1280w" sizes="(max-width: 300px) 100vw, 300px" /></p>
</div>
                    </div>
                </div>[/vc_column][/vc_row][vc_row][vc_column][/vc_column][/vc_row]</p>
