{"id":2059,"date":"2023-03-08T10:11:05","date_gmt":"2023-03-08T09:11:05","guid":{"rendered":"https:\/\/us.edu.pl\/instytut\/is\/?page_id=2059"},"modified":"2024-07-15T09:23:25","modified_gmt":"2024-07-15T07:23:25","slug":"2059-2","status":"publish","type":"page","link":"https:\/\/us.edu.pl\/instytut\/is\/2059-2\/","title":{"rendered":"Marta Klekotko"},"content":{"rendered":"<p>[vc_row][vc_column]\r\n                <div class=\"text-modules reverse\">\r\n                    <div class=\"container\">\r\n                        <h3 class=\"section-title section-title_border-bottom\">dr Marta Klekotko<\/h3> <h3 class=\"subtitle text-modules__subtitle\">marta.klekotko@us.edu.pl<\/h3>\r\n                        <div class=\"row m-0\">\r\n                            <div class=\"text-modules__content\">\r\n                                <strong>ZAINTERESOWANIA NAUKOWE<\/strong><\/p>\n<p>studia miejskie, studia nad wsp\u00f3lnotami i spo\u0142eczno\u015bciami, studia nad rozwojem<\/p>\n<p><strong>WYBRANE PUBLIKACJE<\/strong><\/p>\n<p><strong>Ksi\u0105\u017cki:<\/strong><\/p>\n<ul>\n<li>Marta Klekotko. 2024. Scenes and Communities in the City. Palgrave Macmillan.<\/li>\n<li>Marta Klekotko i Clemente Navarro. 2015. Wymiary kulturowe polskich miast i miasteczek. Wydawnictwo Uniwersytetu Jagiello\u0144skiego.<\/li>\n<li>Marta Klekotko. 2012. Rozw\u00f3j po \u015bl\u0105sku: Procesy kapitalizacji kultury w \u015bl\u0105skiej spo\u0142eczno\u015bci g\u00f3rniczej. Krak\u00f3w: Wydawnictwo Uniwersytetu Jagiello\u0144skiego<\/li>\n<\/ul>\n<p><strong>Wybrane artyku\u0142y:<\/strong><\/p>\n<ul>\n<li>Klekotko, M. 2021. Mathematics of Culture, or How to Count the Cultural Character of a City? Ask: Research and Methods. Volume 30, Issue 1 (2021), pp. 81-104<\/li>\n<li>Klekotko, M. 2019. \u201cUrban inequalities and egalitarian scenes: Relationality in urban place-making and community-building and paradox of egalitarianism\u201d, in: Marta Smagacz-Poziemska, M. Victoria G\u00f3mez, Patr\u00edcia Pereira, Laura Guarino, Sebastian Kurtenbach and Juan Jose Villalon (eds.) \u201cInequality and Uncertainty &#8211; Current Challenges for Cities\u201d, Palgrave Macmillan<\/li>\n<li>Klekotko, M. 2018. &#8222;Praktyki wsp\u00f3lnotowe w ponowoczesnym mie\u015bcie: w poszukiwaniu nowej perspektywy\u201d, Miscellanea Anthropologica et Sociologica 2018, 19(1): 209-229<\/li>\n<li>Klekotko, M. 2018: &#8222;Mi\u0119dzy lokalno\u015bci\u0105 a wsp\u00f3lnotowo\u015bci\u0105: o wsp\u00f3lnototw\u00f3rczych w\u0142a\u015bciwo\u015bciach scen miejskich\u201d, Folia Sociologica, Vol. 64, s.5-19.<\/li>\n<li>Klekotko, M. 2018. &#8222;Civil Society, Governance and Community Sustainable Development: A Cognitive Approach on the Example of Rural Poland&#8221;, EMECON Employment and economy in Central and Eastern Europe, nr 1\/2018, <a href=\"http:\/\/www.emecon.eu\/Klekotko\">http:\/\/www.emecon.eu\/Klekotko<\/a><\/li>\n<li>Gorlach, K., Klekotko, M., Jastrz\u0119biec-Witowska, A., Nowak, P. &#8222;Think locally and act globally: understanding human development in the era of globalization&#8221;, Eastern European Countryside, Vol.24, s.111-141.<\/li>\n<li>Klekotko, M. 2014: \u201eMiasta bez charakteru? Polskie miasta w teorii scen\u201d, Przegl\u0105d Socjologiczny, s.171-196<\/li>\n<\/ul>\n<p>&nbsp;<\/p>\n<p>Pe\u0142ny zestaw publikacji dost\u0119pny w tym miejscu:<\/p>\n<p><strong>\u00a0<\/strong><\/p>\n<p><strong>DODATKOWE INFORMACJE<\/strong><\/p>\n<ul>\n<li>Przewodnicz\u0105ca Committee on Community Research (RC03) International Sociological Association (2023 \u2013 2027)<\/li>\n<li>Vice-przewodnicz\u0105ca Committee on Community Research (RC03) International Sociological Association (2018 \u2013 2023)<\/li>\n<li>Sta\u017ce naukowe i wizyty badawcze w University of Chicago, State University of New York in Buffalo, Universitat de Barcelona, Universidad de Pablo de Olavide en Sevilla, University of Sussex oraz University of Brighton<\/li>\n<li>Kierowniczka projekt\u00f3w badawczych \u201cKulturowe mechanizmy strukturacji miejskich wsp\u00f3lnot lokalnych\u201d (NCN 2017-2023) oraz \u201cSceny miejskie: kultura w rozwoju polskich miast\u201d (NCN 2011-2015)<\/li>\n<li>Sta\u0142a wsp\u00f3\u0142pracowniczka mi\u0119dzynarodowej sieci badawczej Scenes Project koordynowanej przez University of Chicago<\/li>\n<li>Obecnie wykonawczyni w projekcie \u201eNormalno\u015b\u0107 w niepewno\u015bci. Perspektywa prakseologiczna w badaniach (re)produkcji 'normalnego&#8217; \u017cycia miejskiego\u201d (NCN 2022-2025) oraz &#8222;Escenas Culturales Saludables: el car\u00e1cter simb\u00f3lico del contexto cultural y los estilos de vida saludables (HEALTHY-SCENES)&#8221; (2020-2024, Ministerio de Ciencia e Innovaci\u00f3n de Espa\u00f1a)<\/li>\n<\/ul>\n<p><strong>ADRESY INTERNETOWE W SIECI<\/strong><\/p>\n<p><a href=\"https:\/\/orcid.org\/0000-0001-5945-3061\">https:\/\/orcid.org\/0000-0001-5945-3061<\/a><\/p>\n<p><a href=\"https:\/\/www.researchgate.net\/profile\/Marta-Klekotko-2\">https:\/\/www.researchgate.net\/profile\/Marta-Klekotko-2<\/a><\/p>\n<p>martaklekotko.com<\/p>\n<p>&nbsp;<\/p>\n<p>&nbsp;<\/p>\n<p>&nbsp;<\/p>\n<p>&nbsp;<\/p>\n<p>&nbsp;<\/p>\n<div class=\"mt-3\"><\/div>\r\n                            <\/div>\r\n                            \r\n                            <div class=\"text-modules__img\"><img src=\"https:\/\/us.edu.pl\/instytut\/is\/wp-content\/uploads\/sites\/34\/Bez-kategorii\/1-225x300.jpg\" alt=\"img\"><\/div>\r\n                        <\/div>\r\n                    <\/div>\r\n                <\/div>[\/vc_column][\/vc_row][vc_row][vc_column][vc_column_text][\/vc_column_text][\/vc_column][\/vc_row][vc_row][vc_column][vc_column_text][\/vc_column_text][\/vc_column][\/vc_row][vc_row][vc_column][vc_column_text]<\/p>","protected":false},"excerpt":{"rendered":"<p>[vc_row][vc_column][\/vc_column][\/vc_row][vc_row][vc_column][vc_column_text][\/vc_column_text][\/vc_column][\/vc_row][vc_row][vc_column][vc_column_text][\/vc_column_text][\/vc_column][\/vc_row][vc_row][vc_column][vc_column_text] [&#8230;]<\/p>\n<p><a class=\"btn btn-secondary understrap-read-more-link\" href=\"https:\/\/us.edu.pl\/instytut\/is\/2059-2\/\">Read More&#8230;<\/a><\/p>\n","protected":false},"author":5105,"featured_media":0,"parent":0,"menu_order":0,"comment_status":"closed","ping_status":"closed","template":"","meta":{"_expiration-date-status":"","_expiration-date":0,"_expiration-date-type":"","_expiration-date-categories":[],"_expiration-date-options":[]},"acf":[],"_links":{"self":[{"href":"https:\/\/us.edu.pl\/instytut\/is\/wp-json\/wp\/v2\/pages\/2059"}],"collection":[{"href":"https:\/\/us.edu.pl\/instytut\/is\/wp-json\/wp\/v2\/pages"}],"about":[{"href":"https:\/\/us.edu.pl\/instytut\/is\/wp-json\/wp\/v2\/types\/page"}],"author":[{"embeddable":true,"href":"https:\/\/us.edu.pl\/instytut\/is\/wp-json\/wp\/v2\/users\/5105"}],"replies":[{"embeddable":true,"href":"https:\/\/us.edu.pl\/instytut\/is\/wp-json\/wp\/v2\/comments?post=2059"}],"version-history":[{"count":6,"href":"https:\/\/us.edu.pl\/instytut\/is\/wp-json\/wp\/v2\/pages\/2059\/revisions"}],"predecessor-version":[{"id":2629,"href":"https:\/\/us.edu.pl\/instytut\/is\/wp-json\/wp\/v2\/pages\/2059\/revisions\/2629"}],"wp:attachment":[{"href":"https:\/\/us.edu.pl\/instytut\/is\/wp-json\/wp\/v2\/media?parent=2059"}],"curies":[{"name":"wp","href":"https:\/\/api.w.org\/{rel}","templated":true}]}}

<p>[vc_row][vc_column]
                <div class="text-modules reverse">
                    <div class="container">
                        <h3 class="section-title section-title_border-bottom">dr Marta Klekotko</h3> <h3 class="subtitle text-modules__subtitle">marta.klekotko@us.edu.pl</h3>
                        <div class="row m-0">
                            <div class="text-modules__content">
                                <strong>ZAINTERESOWANIA NAUKOWE</strong></p>
<p>studia miejskie, studia nad wspólnotami i społecznościami, studia nad rozwojem</p>
<p><strong>WYBRANE PUBLIKACJE</strong></p>
<p><strong>Książki:</strong></p>
<ul>
<li>Marta Klekotko. 2024. Scenes and Communities in the City. Palgrave Macmillan.</li>
<li>Marta Klekotko i Clemente Navarro. 2015. Wymiary kulturowe polskich miast i miasteczek. Wydawnictwo Uniwersytetu Jagiellońskiego.</li>
<li>Marta Klekotko. 2012. Rozwój po śląsku: Procesy kapitalizacji kultury w śląskiej społeczności górniczej. Kraków: Wydawnictwo Uniwersytetu Jagiellońskiego</li>
</ul>
<p><strong>Wybrane artykuły:</strong></p>
<ul>
<li>Klekotko, M. 2021. Mathematics of Culture, or How to Count the Cultural Character of a City? Ask: Research and Methods. Volume 30, Issue 1 (2021), pp. 81-104</li>
<li>Klekotko, M. 2019. “Urban inequalities and egalitarian scenes: Relationality in urban place-making and community-building and paradox of egalitarianism”, in: Marta Smagacz-Poziemska, M. Victoria Gómez, Patrícia Pereira, Laura Guarino, Sebastian Kurtenbach and Juan Jose Villalon (eds.) “Inequality and Uncertainty &#8211; Current Challenges for Cities”, Palgrave Macmillan</li>
<li>Klekotko, M. 2018. &#8222;Praktyki wspólnotowe w ponowoczesnym mieście: w poszukiwaniu nowej perspektywy”, Miscellanea Anthropologica et Sociologica 2018, 19(1): 209-229</li>
<li>Klekotko, M. 2018: &#8222;Między lokalnością a wspólnotowością: o wspólnototwórczych właściwościach scen miejskich”, Folia Sociologica, Vol. 64, s.5-19.</li>
<li>Klekotko, M. 2018. &#8222;Civil Society, Governance and Community Sustainable Development: A Cognitive Approach on the Example of Rural Poland&#8221;, EMECON Employment and economy in Central and Eastern Europe, nr 1/2018, <a href="http://www.emecon.eu/Klekotko">http://www.emecon.eu/Klekotko</a></li>
<li>Gorlach, K., Klekotko, M., Jastrzębiec-Witowska, A., Nowak, P. &#8222;Think locally and act globally: understanding human development in the era of globalization&#8221;, Eastern European Countryside, Vol.24, s.111-141.</li>
<li>Klekotko, M. 2014: „Miasta bez charakteru? Polskie miasta w teorii scen”, Przegląd Socjologiczny, s.171-196</li>
</ul>
<p>&nbsp;</p>
<p>Pełny zestaw publikacji dostępny w tym miejscu:</p>
<p><strong> </strong></p>
<p><strong>DODATKOWE INFORMACJE</strong></p>
<ul>
<li>Przewodnicząca Committee on Community Research (RC03) International Sociological Association (2023 – 2027)</li>
<li>Vice-przewodnicząca Committee on Community Research (RC03) International Sociological Association (2018 – 2023)</li>
<li>Staże naukowe i wizyty badawcze w University of Chicago, State University of New York in Buffalo, Universitat de Barcelona, Universidad de Pablo de Olavide en Sevilla, University of Sussex oraz University of Brighton</li>
<li>Kierowniczka projektów badawczych “Kulturowe mechanizmy strukturacji miejskich wspólnot lokalnych” (NCN 2017-2023) oraz “Sceny miejskie: kultura w rozwoju polskich miast” (NCN 2011-2015)</li>
<li>Stała współpracowniczka międzynarodowej sieci badawczej Scenes Project koordynowanej przez University of Chicago</li>
<li>Obecnie wykonawczyni w projekcie „Normalność w niepewności. Perspektywa prakseologiczna w badaniach (re)produkcji 'normalnego&#8217; życia miejskiego” (NCN 2022-2025) oraz &#8222;Escenas Culturales Saludables: el carácter simbólico del contexto cultural y los estilos de vida saludables (HEALTHY-SCENES)&#8221; (2020-2024, Ministerio de Ciencia e Innovación de España)</li>
</ul>
<p><strong>ADRESY INTERNETOWE W SIECI</strong></p>
<p><a href="https://orcid.org/0000-0001-5945-3061">https://orcid.org/0000-0001-5945-3061</a></p>
<p><a href="https://www.researchgate.net/profile/Marta-Klekotko-2">https://www.researchgate.net/profile/Marta-Klekotko-2</a></p>
<p>martaklekotko.com</p>
<p>&nbsp;</p>
<p>&nbsp;</p>
<p>&nbsp;</p>
<p>&nbsp;</p>
<p>&nbsp;</p>
<div class="mt-3"></div>
                            </div>
                            
                            <div class="text-modules__img"><img src="https://us.edu.pl/instytut/is/wp-content/uploads/sites/34/Bez-kategorii/1-225x300.jpg" alt="img"></div>
                        </div>
                    </div>
                </div>[/vc_column][/vc_row][vc_row][vc_column][vc_column_text][/vc_column_text][/vc_column][/vc_row][vc_row][vc_column][vc_column_text][/vc_column_text][/vc_column][/vc_row][vc_row][vc_column][vc_column_text]</p>
