{"id":2014,"date":"2021-07-16T14:28:48","date_gmt":"2021-07-16T12:28:48","guid":{"rendered":"https:\/\/us.edu.pl\/instytut\/isp\/?post_type=multimedia&#038;p=2014"},"modified":"2021-07-16T16:20:02","modified_gmt":"2021-07-16T14:20:02","slug":"obrony-dyplomow-licencjackich-i-magisterskich-lipiec-2021-roku","status":"publish","type":"multimedia","link":"https:\/\/us.edu.pl\/instytut\/isp\/multimedia\/obrony-dyplomow-licencjackich-i-magisterskich-lipiec-2021-roku\/","title":{"rendered":"Obrony dyplom\u00f3w licencjackich i magisterskich \u2013 lipiec 2021 roku"},"content":{"rendered":"<p>[vc_row][vc_column]\r\n                <div class=\"text-modules\">\r\n                    <div class=\"container\">\r\n                        \r\n                        <div class=\"text-modules__content\"><\/p>\n<p style=\"margin: 0cm; margin-bottom: .0001pt;\"><span style=\"font-family: 'Arial',sans-serif; color: black; background: white;\">Obrony prac dyplomowych student\u00f3w Instytutu Sztuk Plastycznych U\u015a przeprowadzone w lipcu 2021 roku. Serdecznie gratulujemy i \u017cyczymy wielu sukces\u00f3w zawodowych!<\/span><\/p>\n<p>\n<\/div>\r\n                    <\/div>\r\n                <\/div>[\/vc_column][\/vc_row]<\/p>","protected":false},"excerpt":{"rendered":"<p>[vc_row][vc_column][\/vc_column][\/vc_row] [&#8230;]<\/p>\n<p><a class=\"btn btn-secondary understrap-read-more-link\" href=\"https:\/\/us.edu.pl\/instytut\/isp\/multimedia\/obrony-dyplomow-licencjackich-i-magisterskich-lipiec-2021-roku\/\">Read More&#8230;<\/a><\/p>\n","protected":false},"author":26,"featured_media":2036,"template":"","meta":{"_expiration-date-status":"saved","_expiration-date":0,"_expiration-date-type":"","_expiration-date-categories":[],"_expiration-date-options":[]},"acf":[],"_links":{"self":[{"href":"https:\/\/us.edu.pl\/instytut\/isp\/wp-json\/wp\/v2\/multimedia\/2014"}],"collection":[{"href":"https:\/\/us.edu.pl\/instytut\/isp\/wp-json\/wp\/v2\/multimedia"}],"about":[{"href":"https:\/\/us.edu.pl\/instytut\/isp\/wp-json\/wp\/v2\/types\/multimedia"}],"author":[{"embeddable":true,"href":"https:\/\/us.edu.pl\/instytut\/isp\/wp-json\/wp\/v2\/users\/26"}],"version-history":[{"count":6,"href":"https:\/\/us.edu.pl\/instytut\/isp\/wp-json\/wp\/v2\/multimedia\/2014\/revisions"}],"predecessor-version":[{"id":2051,"href":"https:\/\/us.edu.pl\/instytut\/isp\/wp-json\/wp\/v2\/multimedia\/2014\/revisions\/2051"}],"wp:featuredmedia":[{"embeddable":true,"href":"https:\/\/us.edu.pl\/instytut\/isp\/wp-json\/wp\/v2\/media\/2036"}],"wp:attachment":[{"href":"https:\/\/us.edu.pl\/instytut\/isp\/wp-json\/wp\/v2\/media?parent=2014"}],"curies":[{"name":"wp","href":"https:\/\/api.w.org\/{rel}","templated":true}]}}

Obrony dyplomów licencjackich i magisterskich – lipiec 2021 roku

<p>[vc_row][vc_column]
                <div class="text-modules">
                    <div class="container">
                        
                        <div class="text-modules__content"></p>
<p style="margin: 0cm; margin-bottom: .0001pt;"><span style="font-family: 'Arial',sans-serif; color: black; background: white;">Obrony prac dyplomowych studentów Instytutu Sztuk Plastycznych UŚ przeprowadzone w lipcu 2021 roku. Serdecznie gratulujemy i życzymy wielu sukcesów zawodowych!</span></p>
<p>
</div>
                    </div>
                </div>[/vc_column][/vc_row]</p>
