{"id":1030,"date":"2020-11-10T14:17:46","date_gmt":"2020-11-10T13:17:46","guid":{"rendered":"https:\/\/us.edu.pl\/instytut\/isp\/?page_id=1030"},"modified":"2020-11-18T15:02:28","modified_gmt":"2020-11-18T14:02:28","slug":"prof-us-dr-hab-joanna-wowrzeczka","status":"publish","type":"page","link":"https:\/\/us.edu.pl\/instytut\/isp\/wykladowcy\/prof-us-dr-hab-joanna-wowrzeczka\/","title":{"rendered":"dr hab Joanna Wowrzeczka, prof. U\u015a"},"content":{"rendered":"<p>[vc_row][vc_column]\r\n                <div class=\"text-modules\">\r\n                    <div class=\"container\">\r\n                        <h3 class=\"page-title text__title\">dr hab Joanna Wowrzeczka, prof. U\u015a<\/h3>\r\n                        <div class=\"text-modules__content\"><p>Artystka (habilitacja w zakresie sztuk pi\u0119knych) i socjolo\u017cka (doktor nauk humanistycznych). Jako socjolo\u017cka zajmuje si\u0119 badaniem pola sztuki w Polsce, jako artystka problemem zdominowanych i przestrzeni\u0105 publiczn\u0105. Od 1999 pracuje w Instytucie Sztuki Uniwersytetu \u015al\u0105skiego. Od 2010 koordynuje \u015awietlic\u0119 Krytyki Politycznej w Cieszynie. Wsp\u00f3\u0142za\u0142o\u017cycielka Galerii (sztuki wsp\u00f3\u0142czesnej) \u201eSzara\u201d w Cieszynie (obecnie umiejscowiona w Katowicach), jej kuratorka w latach 2001-2005. Od 2018 Radna Rady Miejskiej Cieszyna (kadencja 2018-23). Od kilku lat swoje dzia\u0142ania artystyczne anga\u017cuje do diagnozowania rzeczywisto\u015bci spo\u0142ecznej, koncentruje si\u0119 na tematach zwi\u0105zanych z prac\u0105, polityk\u0105, miastem, wykluczeniem. Jest artystka zaanga\u017cowan\u0105. Zaj\u0119cia ze studentami w du\u017cej mierze realizuje w przestrzeni publicznej odpowiadaj\u0105c na jej aktualne problemy.<\/p>\n<\/div>\r\n                    <\/div>\r\n                <\/div>[\/vc_column][\/vc_row][vc_row][vc_column]            \r\n                    <div class=\"container\">\r\n                        <div class=\"gallery gallery_2\" data-images-in-row=\"2\">\r\n                            \r\n                            <div class=\"row m-0\">\r\n                                <a data-fancybox-group=\"button\" title=\"36. Radek, Z cyklu Niebieska karta, 49x64, akryl, p\u0142\u00f3tno, 2014\" data-fancybox=\"6154\" href=\"https:\/\/us.edu.pl\/instytut\/isp\/wp-content\/uploads\/sites\/46\/Nieprzypisane\/net-36.jpg\" class=\"gallery__item thumbnail\"\r\n                                    style=\"background-image: url(https:\/\/us.edu.pl\/instytut\/isp\/wp-content\/uploads\/sites\/46\/Nieprzypisane\/net-36.jpg)\"> <span class=\"d-none\">https:\/\/us.edu.pl\/instytut\/isp\/wp-content\/uploads\/sites\/46\/Nieprzypisane\/net-36.jpg<\/span> <\/a><a data-fancybox-group=\"button\" title=\"&quot;Kom\u00f3rka rachuby&quot; (2018) , dzia\u0142anie performatywne wykonane wraz z Micha\u0142em Klasikiem;\" data-fancybox=\"6154\" href=\"https:\/\/us.edu.pl\/instytut\/isp\/wp-content\/uploads\/sites\/46\/Nieprzypisane\/net-Komo\u0301rka-rachuby.jpg\" class=\"gallery__item thumbnail\"\r\n                                    style=\"background-image: url(https:\/\/us.edu.pl\/instytut\/isp\/wp-content\/uploads\/sites\/46\/Nieprzypisane\/net-Komo\u0301rka-rachuby.jpg)\"> <span class=\"d-none\">https:\/\/us.edu.pl\/instytut\/isp\/wp-content\/uploads\/sites\/46\/Nieprzypisane\/net-Komo\u0301rka-rachuby.jpg<\/span> <\/a><a data-fancybox-group=\"button\" title=\"Przestrzen\u0301 mozliwos\u0301ci\" data-fancybox=\"6154\" href=\"https:\/\/us.edu.pl\/instytut\/isp\/wp-content\/uploads\/sites\/46\/Nieprzypisane\/net-Przestrzen\u0301-mozliwos\u0301ci.jpg\" class=\"gallery__item thumbnail\"\r\n                                    style=\"background-image: url(https:\/\/us.edu.pl\/instytut\/isp\/wp-content\/uploads\/sites\/46\/Nieprzypisane\/net-Przestrzen\u0301-mozliwos\u0301ci.jpg)\"> <span class=\"d-none\">https:\/\/us.edu.pl\/instytut\/isp\/wp-content\/uploads\/sites\/46\/Nieprzypisane\/net-Przestrzen\u0301-mozliwos\u0301ci.jpg<\/span> <\/a><a data-fancybox-group=\"button\" title=\"Radek, Z cyklu Niebieska karta\" data-fancybox=\"6154\" href=\"https:\/\/us.edu.pl\/instytut\/isp\/wp-content\/uploads\/sites\/46\/Nieprzypisane\/net-Radek-Z-cyklu-Niebieska-karta.jpg\" class=\"gallery__item thumbnail\"\r\n                                    style=\"background-image: url(https:\/\/us.edu.pl\/instytut\/isp\/wp-content\/uploads\/sites\/46\/Nieprzypisane\/net-Radek-Z-cyklu-Niebieska-karta.jpg)\"> <span class=\"d-none\">https:\/\/us.edu.pl\/instytut\/isp\/wp-content\/uploads\/sites\/46\/Nieprzypisane\/net-Radek-Z-cyklu-Niebieska-karta.jpg<\/span> <\/a><a data-fancybox-group=\"button\" title=\"&quot;Sylwester&quot; , Z cyklu &quot;Niebieska karta&quot;, 49x64, akryl, p\u0142\u00f3tno, 2014\" data-fancybox=\"6154\" href=\"https:\/\/us.edu.pl\/instytut\/isp\/wp-content\/uploads\/sites\/46\/Nieprzypisane\/net-Sylwester-Z-cyklu-Niebieska-karta.jpg\" class=\"gallery__item thumbnail\"\r\n                                    style=\"background-image: url(https:\/\/us.edu.pl\/instytut\/isp\/wp-content\/uploads\/sites\/46\/Nieprzypisane\/net-Sylwester-Z-cyklu-Niebieska-karta.jpg)\"> <span class=\"d-none\">https:\/\/us.edu.pl\/instytut\/isp\/wp-content\/uploads\/sites\/46\/Nieprzypisane\/net-Sylwester-Z-cyklu-Niebieska-karta.jpg<\/span> <\/a><a data-fancybox-group=\"button\" title=\"&quot;Tysi\u0105ce uk\u0142u\u0107&quot; (2019-2020) , obrazy formatu od 17,5 x 25cm do 30 x 43 cm, p\u0142\u00f3tno, nadruk, akryl, ni\u0107;\" data-fancybox=\"6154\" href=\"https:\/\/us.edu.pl\/instytut\/isp\/wp-content\/uploads\/sites\/46\/Nieprzypisane\/net-Tysia\u0328ce-uk\u0142uc\u0301.jpg\" class=\"gallery__item thumbnail\"\r\n                                    style=\"background-image: url(https:\/\/us.edu.pl\/instytut\/isp\/wp-content\/uploads\/sites\/46\/Nieprzypisane\/net-Tysia\u0328ce-uk\u0142uc\u0301.jpg)\"> <span class=\"d-none\">https:\/\/us.edu.pl\/instytut\/isp\/wp-content\/uploads\/sites\/46\/Nieprzypisane\/net-Tysia\u0328ce-uk\u0142uc\u0301.jpg<\/span> <\/a><a data-fancybox-group=\"button\" title=\"\" data-fancybox=\"6154\" href=\"\" class=\"gallery__item thumbnail\"\r\n                                    style=\"background-image: url()\"> <span class=\"d-none\"><\/span> <\/a>\r\n                            <\/div>\r\n                    <\/div>\r\n                <\/div>[\/vc_column][\/vc_row]<\/p>","protected":false},"excerpt":{"rendered":"<p>[vc_row][vc_column][\/vc_column][\/vc_row][vc_row][vc_column][\/vc_column][\/vc_row] [&#8230;]<\/p>\n<p><a class=\"btn btn-secondary understrap-read-more-link\" href=\"https:\/\/us.edu.pl\/instytut\/isp\/wykladowcy\/prof-us-dr-hab-joanna-wowrzeczka\/\">Read More&#8230;<\/a><\/p>\n","protected":false},"author":110,"featured_media":0,"parent":995,"menu_order":0,"comment_status":"closed","ping_status":"closed","template":"","meta":{"_expiration-date-status":"saved","_expiration-date":0,"_expiration-date-type":"","_expiration-date-categories":[],"_expiration-date-options":[]},"acf":[],"_links":{"self":[{"href":"https:\/\/us.edu.pl\/instytut\/isp\/wp-json\/wp\/v2\/pages\/1030"}],"collection":[{"href":"https:\/\/us.edu.pl\/instytut\/isp\/wp-json\/wp\/v2\/pages"}],"about":[{"href":"https:\/\/us.edu.pl\/instytut\/isp\/wp-json\/wp\/v2\/types\/page"}],"author":[{"embeddable":true,"href":"https:\/\/us.edu.pl\/instytut\/isp\/wp-json\/wp\/v2\/users\/110"}],"replies":[{"embeddable":true,"href":"https:\/\/us.edu.pl\/instytut\/isp\/wp-json\/wp\/v2\/comments?post=1030"}],"version-history":[{"count":3,"href":"https:\/\/us.edu.pl\/instytut\/isp\/wp-json\/wp\/v2\/pages\/1030\/revisions"}],"predecessor-version":[{"id":1264,"href":"https:\/\/us.edu.pl\/instytut\/isp\/wp-json\/wp\/v2\/pages\/1030\/revisions\/1264"}],"up":[{"embeddable":true,"href":"https:\/\/us.edu.pl\/instytut\/isp\/wp-json\/wp\/v2\/pages\/995"}],"wp:attachment":[{"href":"https:\/\/us.edu.pl\/instytut\/isp\/wp-json\/wp\/v2\/media?parent=1030"}],"curies":[{"name":"wp","href":"https:\/\/api.w.org\/{rel}","templated":true}]}}

dr hab Joanna Wowrzeczka, prof. UŚ

<p>[vc_row][vc_column]
                <div class="text-modules">
                    <div class="container">
                        <h3 class="page-title text__title">dr hab Joanna Wowrzeczka, prof. UŚ</h3>
                        <div class="text-modules__content"><p>Artystka (habilitacja w zakresie sztuk pięknych) i socjolożka (doktor nauk humanistycznych). Jako socjolożka zajmuje się badaniem pola sztuki w Polsce, jako artystka problemem zdominowanych i przestrzenią publiczną. Od 1999 pracuje w Instytucie Sztuki Uniwersytetu Śląskiego. Od 2010 koordynuje Świetlicę Krytyki Politycznej w Cieszynie. Współzałożycielka Galerii (sztuki współczesnej) „Szara” w Cieszynie (obecnie umiejscowiona w Katowicach), jej kuratorka w latach 2001-2005. Od 2018 Radna Rady Miejskiej Cieszyna (kadencja 2018-23). Od kilku lat swoje działania artystyczne angażuje do diagnozowania rzeczywistości społecznej, koncentruje się na tematach związanych z pracą, polityką, miastem, wykluczeniem. Jest artystka zaangażowaną. Zajęcia ze studentami w dużej mierze realizuje w przestrzeni publicznej odpowiadając na jej aktualne problemy.</p>
</div>
                    </div>
                </div>[/vc_column][/vc_row][vc_row][vc_column]            
                    <div class="container">
                        <div class="gallery gallery_2" data-images-in-row="2">
                            
                            <div class="row m-0">
                                <a data-fancybox-group="button" title="36. Radek, Z cyklu Niebieska karta, 49x64, akryl, płótno, 2014" data-fancybox="6154" href="https://us.edu.pl/instytut/isp/wp-content/uploads/sites/46/Nieprzypisane/net-36.jpg" class="gallery__item thumbnail"
                                    style="background-image: url(https://us.edu.pl/instytut/isp/wp-content/uploads/sites/46/Nieprzypisane/net-36.jpg)"> <span class="d-none">https://us.edu.pl/instytut/isp/wp-content/uploads/sites/46/Nieprzypisane/net-36.jpg</span> </a><a data-fancybox-group="button" title="&quot;Komórka rachuby&quot; (2018) , działanie performatywne wykonane wraz z Michałem Klasikiem;" data-fancybox="6154" href="https://us.edu.pl/instytut/isp/wp-content/uploads/sites/46/Nieprzypisane/net-Komórka-rachuby.jpg" class="gallery__item thumbnail"
                                    style="background-image: url(https://us.edu.pl/instytut/isp/wp-content/uploads/sites/46/Nieprzypisane/net-Komórka-rachuby.jpg)"> <span class="d-none">https://us.edu.pl/instytut/isp/wp-content/uploads/sites/46/Nieprzypisane/net-Komórka-rachuby.jpg</span> </a><a data-fancybox-group="button" title="Przestrzeń mozliwości" data-fancybox="6154" href="https://us.edu.pl/instytut/isp/wp-content/uploads/sites/46/Nieprzypisane/net-Przestrzeń-mozliwości.jpg" class="gallery__item thumbnail"
                                    style="background-image: url(https://us.edu.pl/instytut/isp/wp-content/uploads/sites/46/Nieprzypisane/net-Przestrzeń-mozliwości.jpg)"> <span class="d-none">https://us.edu.pl/instytut/isp/wp-content/uploads/sites/46/Nieprzypisane/net-Przestrzeń-mozliwości.jpg</span> </a><a data-fancybox-group="button" title="Radek, Z cyklu Niebieska karta" data-fancybox="6154" href="https://us.edu.pl/instytut/isp/wp-content/uploads/sites/46/Nieprzypisane/net-Radek-Z-cyklu-Niebieska-karta.jpg" class="gallery__item thumbnail"
                                    style="background-image: url(https://us.edu.pl/instytut/isp/wp-content/uploads/sites/46/Nieprzypisane/net-Radek-Z-cyklu-Niebieska-karta.jpg)"> <span class="d-none">https://us.edu.pl/instytut/isp/wp-content/uploads/sites/46/Nieprzypisane/net-Radek-Z-cyklu-Niebieska-karta.jpg</span> </a><a data-fancybox-group="button" title="&quot;Sylwester&quot; , Z cyklu &quot;Niebieska karta&quot;, 49x64, akryl, płótno, 2014" data-fancybox="6154" href="https://us.edu.pl/instytut/isp/wp-content/uploads/sites/46/Nieprzypisane/net-Sylwester-Z-cyklu-Niebieska-karta.jpg" class="gallery__item thumbnail"
                                    style="background-image: url(https://us.edu.pl/instytut/isp/wp-content/uploads/sites/46/Nieprzypisane/net-Sylwester-Z-cyklu-Niebieska-karta.jpg)"> <span class="d-none">https://us.edu.pl/instytut/isp/wp-content/uploads/sites/46/Nieprzypisane/net-Sylwester-Z-cyklu-Niebieska-karta.jpg</span> </a><a data-fancybox-group="button" title="&quot;Tysiące ukłuć&quot; (2019-2020) , obrazy formatu od 17,5 x 25cm do 30 x 43 cm, płótno, nadruk, akryl, nić;" data-fancybox="6154" href="https://us.edu.pl/instytut/isp/wp-content/uploads/sites/46/Nieprzypisane/net-Tysiące-ukłuć.jpg" class="gallery__item thumbnail"
                                    style="background-image: url(https://us.edu.pl/instytut/isp/wp-content/uploads/sites/46/Nieprzypisane/net-Tysiące-ukłuć.jpg)"> <span class="d-none">https://us.edu.pl/instytut/isp/wp-content/uploads/sites/46/Nieprzypisane/net-Tysiące-ukłuć.jpg</span> </a><a data-fancybox-group="button" title="" data-fancybox="6154" href="" class="gallery__item thumbnail"
                                    style="background-image: url()"> <span class="d-none"></span> </a>
                            </div>
                    </div>
                </div>[/vc_column][/vc_row]</p>
