{"id":1042,"date":"2020-11-10T14:25:32","date_gmt":"2020-11-10T13:25:32","guid":{"rendered":"https:\/\/us.edu.pl\/instytut\/isp\/?page_id=1042"},"modified":"2020-11-18T15:01:19","modified_gmt":"2020-11-18T14:01:19","slug":"prof-us-dr-hab-krzysztof-pasztula","status":"publish","type":"page","link":"https:\/\/us.edu.pl\/instytut\/isp\/wykladowcy\/prof-us-dr-hab-krzysztof-pasztula\/","title":{"rendered":"dr hab. Krzysztof Pasztu\u0142a, prof. U\u015a"},"content":{"rendered":"<p>[vc_row][vc_column]\r\n                <div class=\"text-modules\">\r\n                    <div class=\"container\">\r\n                        <h3 class=\"page-title text__title\">dr hab. Krzysztof Pasztu\u0142a, prof. U\u015a<\/h3>\r\n                        <div class=\"text-modules__content\"><p>Urodzony w 1953 r. w Dobrzanach ko\u0142o Stargardu Szczeci\u0144skiego. Absolwent katowickiego Wydzia\u0142u Grafiki Akademii Sztuk Pi\u0119knych w Krakowie. Dyplom z plakatu pod kierunkiem prof. Tadeusza Grabowskiego i aneks z grafiki w pracowni prof. Stanis\u0142awa Gawrona wyr\u00f3\u017cniony medalem w 1978 r. W latach 1980 \u2013 85 praca w charakterze asystenta w pracowni litografii na ASP w Katowicach.\u00a0 Od 2001 r. praca na Wydziale Artystycznym Uniwersytetu \u015al\u0105skiego w Cieszynie, od 2002 r. na stanowisku adiunkta. 2013 uzyskanie tytu\u0142u doktora habilitowanego, od 2019 zatrudniony na stanowisku profesora. Autor 40 wystaw indywidualnych, uczestnik ponad 200 wystaw zbiorowych. Zajmuje si\u0119 malarstwem i grafik\u0105.<\/p>\n<\/div>\r\n                    <\/div>\r\n                <\/div>[\/vc_column][\/vc_row][vc_row][vc_column]            \r\n                    <div class=\"container\">\r\n                        <div class=\"gallery gallery_2\" data-images-in-row=\"2\">\r\n                            \r\n                            <div class=\"row m-0\">\r\n                                <a data-fancybox-group=\"button\" title=\"Amsterdam bez adresu,akryl na p\u0142o\u0301tnie,100x100 cm,2009\" data-fancybox=\"7237\" href=\"https:\/\/us.edu.pl\/instytut\/isp\/wp-content\/uploads\/sites\/46\/Nieprzypisane\/net-Amsterdam-bez-adresuakryl-na-p\u0142o\u0301tnie100x100-cm2009-.jpg\" class=\"gallery__item thumbnail\"\r\n                                    style=\"background-image: url(https:\/\/us.edu.pl\/instytut\/isp\/wp-content\/uploads\/sites\/46\/Nieprzypisane\/net-Amsterdam-bez-adresuakryl-na-p\u0142o\u0301tnie100x100-cm2009-.jpg)\"> <span class=\"d-none\">https:\/\/us.edu.pl\/instytut\/isp\/wp-content\/uploads\/sites\/46\/Nieprzypisane\/net-Amsterdam-bez-adresuakryl-na-p\u0142o\u0301tnie100x100-cm2009-.jpg<\/span> <\/a><a data-fancybox-group=\"button\" title=\"Karuzela co niedziela, akryl na p\u0142o\u0301tnie 80x100 cm, 2008\" data-fancybox=\"7237\" href=\"https:\/\/us.edu.pl\/instytut\/isp\/wp-content\/uploads\/sites\/46\/Nieprzypisane\/net-Karuzela-co-niedziela-akryl-na-p\u0142o\u0301tnie-80x100-cm-2008.jpg\" class=\"gallery__item thumbnail\"\r\n                                    style=\"background-image: url(https:\/\/us.edu.pl\/instytut\/isp\/wp-content\/uploads\/sites\/46\/Nieprzypisane\/net-Karuzela-co-niedziela-akryl-na-p\u0142o\u0301tnie-80x100-cm-2008.jpg)\"> <span class=\"d-none\">https:\/\/us.edu.pl\/instytut\/isp\/wp-content\/uploads\/sites\/46\/Nieprzypisane\/net-Karuzela-co-niedziela-akryl-na-p\u0142o\u0301tnie-80x100-cm-2008.jpg<\/span> <\/a><a data-fancybox-group=\"button\" title=\"Mo\u0301j stole, mo\u0301j wierny psie, akryl na p\u0142o\u0301tnie 80x100,2013 cm\" data-fancybox=\"7237\" href=\"https:\/\/us.edu.pl\/instytut\/isp\/wp-content\/uploads\/sites\/46\/Nieprzypisane\/net-Mo\u0301j-stole-mo\u0301j-wierny-psie-akryl-na-p\u0142o\u0301tnie-80x1002013-cm.jpg\" class=\"gallery__item thumbnail\"\r\n                                    style=\"background-image: url(https:\/\/us.edu.pl\/instytut\/isp\/wp-content\/uploads\/sites\/46\/Nieprzypisane\/net-Mo\u0301j-stole-mo\u0301j-wierny-psie-akryl-na-p\u0142o\u0301tnie-80x1002013-cm.jpg)\"> <span class=\"d-none\">https:\/\/us.edu.pl\/instytut\/isp\/wp-content\/uploads\/sites\/46\/Nieprzypisane\/net-Mo\u0301j-stole-mo\u0301j-wierny-psie-akryl-na-p\u0142o\u0301tnie-80x1002013-cm.jpg<\/span> <\/a><a data-fancybox-group=\"button\" title=\"Pierwszy rower,akryl na p\u0142o\u0301tnie,120x120 cm,2009\" data-fancybox=\"7237\" href=\"https:\/\/us.edu.pl\/instytut\/isp\/wp-content\/uploads\/sites\/46\/Nieprzypisane\/net-Pierwszy-rowerakryl-na-p\u0142o\u0301tnie120x120-cm2009.jpg\" class=\"gallery__item thumbnail\"\r\n                                    style=\"background-image: url(https:\/\/us.edu.pl\/instytut\/isp\/wp-content\/uploads\/sites\/46\/Nieprzypisane\/net-Pierwszy-rowerakryl-na-p\u0142o\u0301tnie120x120-cm2009.jpg)\"> <span class=\"d-none\">https:\/\/us.edu.pl\/instytut\/isp\/wp-content\/uploads\/sites\/46\/Nieprzypisane\/net-Pierwszy-rowerakryl-na-p\u0142o\u0301tnie120x120-cm2009.jpg<\/span> <\/a><a data-fancybox-group=\"button\" title=\"Pros\u0301ba _ akryl na p\u0142o\u0301tnie 120x120 cm, 2018\" data-fancybox=\"7237\" href=\"https:\/\/us.edu.pl\/instytut\/isp\/wp-content\/uploads\/sites\/46\/Nieprzypisane\/net-Pros\u0301ba-_-akryl-na-p\u0142o\u0301tnie-120x120-cm-2018.jpg\" class=\"gallery__item thumbnail\"\r\n                                    style=\"background-image: url(https:\/\/us.edu.pl\/instytut\/isp\/wp-content\/uploads\/sites\/46\/Nieprzypisane\/net-Pros\u0301ba-_-akryl-na-p\u0142o\u0301tnie-120x120-cm-2018.jpg)\"> <span class=\"d-none\">https:\/\/us.edu.pl\/instytut\/isp\/wp-content\/uploads\/sites\/46\/Nieprzypisane\/net-Pros\u0301ba-_-akryl-na-p\u0142o\u0301tnie-120x120-cm-2018.jpg<\/span> <\/a><a data-fancybox-group=\"button\" title=\"Pukanie do nieba bram, akryl 150x110 cm, 2017\" data-fancybox=\"7237\" href=\"https:\/\/us.edu.pl\/instytut\/isp\/wp-content\/uploads\/sites\/46\/Nieprzypisane\/net-Pukanie-do-nieba-bram-akryl-150x110-cm-2017.jpg\" class=\"gallery__item thumbnail\"\r\n                                    style=\"background-image: url(https:\/\/us.edu.pl\/instytut\/isp\/wp-content\/uploads\/sites\/46\/Nieprzypisane\/net-Pukanie-do-nieba-bram-akryl-150x110-cm-2017.jpg)\"> <span class=\"d-none\">https:\/\/us.edu.pl\/instytut\/isp\/wp-content\/uploads\/sites\/46\/Nieprzypisane\/net-Pukanie-do-nieba-bram-akryl-150x110-cm-2017.jpg<\/span> <\/a>\r\n                            <\/div>\r\n                    <\/div>\r\n                <\/div>[\/vc_column][\/vc_row]<\/p>","protected":false},"excerpt":{"rendered":"<p>[vc_row][vc_column][\/vc_column][\/vc_row][vc_row][vc_column][\/vc_column][\/vc_row] [&#8230;]<\/p>\n<p><a class=\"btn btn-secondary understrap-read-more-link\" href=\"https:\/\/us.edu.pl\/instytut\/isp\/wykladowcy\/prof-us-dr-hab-krzysztof-pasztula\/\">Read More&#8230;<\/a><\/p>\n","protected":false},"author":110,"featured_media":0,"parent":995,"menu_order":0,"comment_status":"closed","ping_status":"closed","template":"","meta":{"_expiration-date-status":"saved","_expiration-date":0,"_expiration-date-type":"","_expiration-date-categories":[],"_expiration-date-options":[]},"acf":[],"_links":{"self":[{"href":"https:\/\/us.edu.pl\/instytut\/isp\/wp-json\/wp\/v2\/pages\/1042"}],"collection":[{"href":"https:\/\/us.edu.pl\/instytut\/isp\/wp-json\/wp\/v2\/pages"}],"about":[{"href":"https:\/\/us.edu.pl\/instytut\/isp\/wp-json\/wp\/v2\/types\/page"}],"author":[{"embeddable":true,"href":"https:\/\/us.edu.pl\/instytut\/isp\/wp-json\/wp\/v2\/users\/110"}],"replies":[{"embeddable":true,"href":"https:\/\/us.edu.pl\/instytut\/isp\/wp-json\/wp\/v2\/comments?post=1042"}],"version-history":[{"count":3,"href":"https:\/\/us.edu.pl\/instytut\/isp\/wp-json\/wp\/v2\/pages\/1042\/revisions"}],"predecessor-version":[{"id":1262,"href":"https:\/\/us.edu.pl\/instytut\/isp\/wp-json\/wp\/v2\/pages\/1042\/revisions\/1262"}],"up":[{"embeddable":true,"href":"https:\/\/us.edu.pl\/instytut\/isp\/wp-json\/wp\/v2\/pages\/995"}],"wp:attachment":[{"href":"https:\/\/us.edu.pl\/instytut\/isp\/wp-json\/wp\/v2\/media?parent=1042"}],"curies":[{"name":"wp","href":"https:\/\/api.w.org\/{rel}","templated":true}]}}

dr hab. Krzysztof Pasztuła, prof. UŚ

<p>[vc_row][vc_column]
                <div class="text-modules">
                    <div class="container">
                        <h3 class="page-title text__title">dr hab. Krzysztof Pasztuła, prof. UŚ</h3>
                        <div class="text-modules__content"><p>Urodzony w 1953 r. w Dobrzanach koło Stargardu Szczecińskiego. Absolwent katowickiego Wydziału Grafiki Akademii Sztuk Pięknych w Krakowie. Dyplom z plakatu pod kierunkiem prof. Tadeusza Grabowskiego i aneks z grafiki w pracowni prof. Stanisława Gawrona wyróżniony medalem w 1978 r. W latach 1980 – 85 praca w charakterze asystenta w pracowni litografii na ASP w Katowicach.  Od 2001 r. praca na Wydziale Artystycznym Uniwersytetu Śląskiego w Cieszynie, od 2002 r. na stanowisku adiunkta. 2013 uzyskanie tytułu doktora habilitowanego, od 2019 zatrudniony na stanowisku profesora. Autor 40 wystaw indywidualnych, uczestnik ponad 200 wystaw zbiorowych. Zajmuje się malarstwem i grafiką.</p>
</div>
                    </div>
                </div>[/vc_column][/vc_row][vc_row][vc_column]            
                    <div class="container">
                        <div class="gallery gallery_2" data-images-in-row="2">
                            
                            <div class="row m-0">
                                <a data-fancybox-group="button" title="Amsterdam bez adresu,akryl na płótnie,100x100 cm,2009" data-fancybox="7237" href="https://us.edu.pl/instytut/isp/wp-content/uploads/sites/46/Nieprzypisane/net-Amsterdam-bez-adresuakryl-na-płótnie100x100-cm2009-.jpg" class="gallery__item thumbnail"
                                    style="background-image: url(https://us.edu.pl/instytut/isp/wp-content/uploads/sites/46/Nieprzypisane/net-Amsterdam-bez-adresuakryl-na-płótnie100x100-cm2009-.jpg)"> <span class="d-none">https://us.edu.pl/instytut/isp/wp-content/uploads/sites/46/Nieprzypisane/net-Amsterdam-bez-adresuakryl-na-płótnie100x100-cm2009-.jpg</span> </a><a data-fancybox-group="button" title="Karuzela co niedziela, akryl na płótnie 80x100 cm, 2008" data-fancybox="7237" href="https://us.edu.pl/instytut/isp/wp-content/uploads/sites/46/Nieprzypisane/net-Karuzela-co-niedziela-akryl-na-płótnie-80x100-cm-2008.jpg" class="gallery__item thumbnail"
                                    style="background-image: url(https://us.edu.pl/instytut/isp/wp-content/uploads/sites/46/Nieprzypisane/net-Karuzela-co-niedziela-akryl-na-płótnie-80x100-cm-2008.jpg)"> <span class="d-none">https://us.edu.pl/instytut/isp/wp-content/uploads/sites/46/Nieprzypisane/net-Karuzela-co-niedziela-akryl-na-płótnie-80x100-cm-2008.jpg</span> </a><a data-fancybox-group="button" title="Mój stole, mój wierny psie, akryl na płótnie 80x100,2013 cm" data-fancybox="7237" href="https://us.edu.pl/instytut/isp/wp-content/uploads/sites/46/Nieprzypisane/net-Mój-stole-mój-wierny-psie-akryl-na-płótnie-80x1002013-cm.jpg" class="gallery__item thumbnail"
                                    style="background-image: url(https://us.edu.pl/instytut/isp/wp-content/uploads/sites/46/Nieprzypisane/net-Mój-stole-mój-wierny-psie-akryl-na-płótnie-80x1002013-cm.jpg)"> <span class="d-none">https://us.edu.pl/instytut/isp/wp-content/uploads/sites/46/Nieprzypisane/net-Mój-stole-mój-wierny-psie-akryl-na-płótnie-80x1002013-cm.jpg</span> </a><a data-fancybox-group="button" title="Pierwszy rower,akryl na płótnie,120x120 cm,2009" data-fancybox="7237" href="https://us.edu.pl/instytut/isp/wp-content/uploads/sites/46/Nieprzypisane/net-Pierwszy-rowerakryl-na-płótnie120x120-cm2009.jpg" class="gallery__item thumbnail"
                                    style="background-image: url(https://us.edu.pl/instytut/isp/wp-content/uploads/sites/46/Nieprzypisane/net-Pierwszy-rowerakryl-na-płótnie120x120-cm2009.jpg)"> <span class="d-none">https://us.edu.pl/instytut/isp/wp-content/uploads/sites/46/Nieprzypisane/net-Pierwszy-rowerakryl-na-płótnie120x120-cm2009.jpg</span> </a><a data-fancybox-group="button" title="Prośba _ akryl na płótnie 120x120 cm, 2018" data-fancybox="7237" href="https://us.edu.pl/instytut/isp/wp-content/uploads/sites/46/Nieprzypisane/net-Prośba-_-akryl-na-płótnie-120x120-cm-2018.jpg" class="gallery__item thumbnail"
                                    style="background-image: url(https://us.edu.pl/instytut/isp/wp-content/uploads/sites/46/Nieprzypisane/net-Prośba-_-akryl-na-płótnie-120x120-cm-2018.jpg)"> <span class="d-none">https://us.edu.pl/instytut/isp/wp-content/uploads/sites/46/Nieprzypisane/net-Prośba-_-akryl-na-płótnie-120x120-cm-2018.jpg</span> </a><a data-fancybox-group="button" title="Pukanie do nieba bram, akryl 150x110 cm, 2017" data-fancybox="7237" href="https://us.edu.pl/instytut/isp/wp-content/uploads/sites/46/Nieprzypisane/net-Pukanie-do-nieba-bram-akryl-150x110-cm-2017.jpg" class="gallery__item thumbnail"
                                    style="background-image: url(https://us.edu.pl/instytut/isp/wp-content/uploads/sites/46/Nieprzypisane/net-Pukanie-do-nieba-bram-akryl-150x110-cm-2017.jpg)"> <span class="d-none">https://us.edu.pl/instytut/isp/wp-content/uploads/sites/46/Nieprzypisane/net-Pukanie-do-nieba-bram-akryl-150x110-cm-2017.jpg</span> </a>
                            </div>
                    </div>
                </div>[/vc_column][/vc_row]</p>
