{"id":144,"date":"2020-02-24T11:19:52","date_gmt":"2020-02-24T10:19:52","guid":{"rendered":"http:\/\/us.edu.pl\/instytut\/ibbios\/?page_id=144"},"modified":"2025-10-06T08:38:05","modified_gmt":"2025-10-06T06:38:05","slug":"rada-naukowa-instytutu-regulamin-obrad-rady-instytutu","status":"publish","type":"page","link":"https:\/\/us.edu.pl\/instytut\/ibbios\/instytut\/rada-naukowa-instytutu-regulamin-obrad-rady-instytutu\/","title":{"rendered":"Rada Naukowa Instytutu"},"content":{"rendered":"<p>[vc_row][vc_column]\r\n                <div class=\"text-modules\">\r\n                    <div class=\"container\">\r\n                        \r\n                        <div class=\"text-modules__content\"><p><strong><span style=\"font-size: 14pt;\">Sk\u0142ad Rady Naukowej\u00a0<\/span><\/strong><strong><span style=\"font-size: 14pt;\">Instytutu Biologii, Biotechnologii i Ochrony \u015arodowiska<\/span><\/strong><\/p>\n<p><strong><span style=\"font-size: 14pt;\">od dnia 01 pa\u017adziernika 2024 r.<\/span><\/strong><\/p>\n<p>&nbsp;<\/p>\n<ol>\n<li><strong>Dr hab. Mariusz Kanturski, prof. U\u015a &#8211; dyrektor IBBiO\u015a<\/strong><\/li>\n<li><strong>Dr hab. Urszula Guzik, prof. U\u015a &#8211; zast\u0119pca dyrektora IBBiO\u015a<\/strong><\/li>\n<li>Prof. dr hab. Maria Augustyniak<\/li>\n<li>Prof. dr hab. Ma\u0142gorzata Gaj<\/li>\n<li>Prof. dr hab. Robert Hasterok<\/li>\n<li>Prof. dr hab. Ewa Kurczy\u0144ska<\/li>\n<li>Prof. dr hab. Jolanta Kwa\u015bniewska<\/li>\n<li>Prof. dr hab. Dorota Kwiatkowska<\/li>\n<li>Prof. dr hab. Agnieszka Mrozik<\/li>\n<li>Prof. dr hab. Mariusz Pietruszka<\/li>\n<li>Prof. dr hab. Zofia Piotrowska-Seget<\/li>\n<li>Prof. dr hab. Adam Rosta\u0144ski<\/li>\n<li>Prof. dr hab. Magdalena Rost-Roszkowska<\/li>\n<li>Prof. dr hab. Piotr Skuba\u0142a<\/li>\n<li>Prof. dr hab. Piotr \u015awi\u0105tek<\/li>\n<li>Prof. dr hab. Barbara Tokarska-Guzik<\/li>\n<li>Prof. dr hab. Piotr W\u0119gierek<\/li>\n<li>Prof. dr hab. Karina Wieczorek<\/li>\n<li>Prof. dr hab. Danuta Wojcieszy\u0144ska<\/li>\n<li>Dr hab. Agnieszka Babczy\u0144ska, prof. U\u015a<\/li>\n<li>Dr hab. Alexander Betekhtin, prof. U\u015a<\/li>\n<li>Dr hab. Jolanta Bro\u017cek, prof. U\u015a<\/li>\n<li>Dr hab. Agata Burian, prof. U\u015a<\/li>\n<li>Dr hab. Agata Daszkowska-Golec, prof. U\u015a<\/li>\n<li>Dr hab. Damian Gruszka, prof. U\u015a<\/li>\n<li>Dr hab. Agnieszka Janiak, prof. U\u015a<\/li>\n<li>Dr hab. Katarzyna Kasperkiewicz, prof. U\u015a<\/li>\n<li>Dr hab. Bo\u017cena Kolano, prof. U\u015a<\/li>\n<li>Dr hab. Eugeniusz Ma\u0142kowski, prof. U\u015a<\/li>\n<li>Dr hab. Marek Marzec, prof. U\u015a<\/li>\n<li>Dr hab. Aleksandra Nadg\u00f3rska-Socha, prof. U\u015a<\/li>\n<li>Dr hab. Anna Orczewska, prof. U\u015a<\/li>\n<li>Dr hab. Izabela Poprawa, prof. U\u015a<\/li>\n<li>Dr hab. Weronika Rupik, prof. U\u015a<\/li>\n<li>Dr hab. Edyta Sierka, prof. U\u015a<\/li>\n<li>Dr hab. Gabriela Wo\u017aniak, prof. U\u015a<\/li>\n<li>Dr Jacek Francikowski<\/li>\n<li>Dr Bartosz \u0141ozowski<\/li>\n<li>Dr Ewa Mazur<\/li>\n<li>Dr Artur Pi\u0144ski<\/li>\n<li>Dr Krzysztof Sitko<\/li>\n<li>Dr S\u0142awomir Su\u0142owicz<\/li>\n<li>Dr Monika Tarnawska<\/li>\n<li>Dr Artur Taszakowski<\/li>\n<li>Dr Justyna Wr\u00f3bel-Marek<\/li>\n<\/ol>\n<p>\n<\/div>\r\n                    <\/div>\r\n                <\/div>[\/vc_column][\/vc_row]<\/p>","protected":false},"excerpt":{"rendered":"<p>[vc_row][vc_column][\/vc_column][\/vc_row] [&#8230;]<\/p>\n<p><a class=\"btn btn-secondary understrap-read-more-link\" href=\"https:\/\/us.edu.pl\/instytut\/ibbios\/instytut\/rada-naukowa-instytutu-regulamin-obrad-rady-instytutu\/\">Read More&#8230;<\/a><\/p>\n","protected":false},"author":114,"featured_media":0,"parent":6082,"menu_order":0,"comment_status":"closed","ping_status":"closed","template":"page-templates\/inner-page.php","meta":{"_expiration-date-status":"","_expiration-date":0,"_expiration-date-type":"","_expiration-date-categories":[],"_expiration-date-options":[]},"acf":[],"_links":{"self":[{"href":"https:\/\/us.edu.pl\/instytut\/ibbios\/wp-json\/wp\/v2\/pages\/144"}],"collection":[{"href":"https:\/\/us.edu.pl\/instytut\/ibbios\/wp-json\/wp\/v2\/pages"}],"about":[{"href":"https:\/\/us.edu.pl\/instytut\/ibbios\/wp-json\/wp\/v2\/types\/page"}],"author":[{"embeddable":true,"href":"https:\/\/us.edu.pl\/instytut\/ibbios\/wp-json\/wp\/v2\/users\/114"}],"replies":[{"embeddable":true,"href":"https:\/\/us.edu.pl\/instytut\/ibbios\/wp-json\/wp\/v2\/comments?post=144"}],"version-history":[{"count":13,"href":"https:\/\/us.edu.pl\/instytut\/ibbios\/wp-json\/wp\/v2\/pages\/144\/revisions"}],"predecessor-version":[{"id":10028,"href":"https:\/\/us.edu.pl\/instytut\/ibbios\/wp-json\/wp\/v2\/pages\/144\/revisions\/10028"}],"up":[{"embeddable":true,"href":"https:\/\/us.edu.pl\/instytut\/ibbios\/wp-json\/wp\/v2\/pages\/6082"}],"wp:attachment":[{"href":"https:\/\/us.edu.pl\/instytut\/ibbios\/wp-json\/wp\/v2\/media?parent=144"}],"curies":[{"name":"wp","href":"https:\/\/api.w.org\/{rel}","templated":true}]}}

<p>[vc_row][vc_column]
                <div class="text-modules">
                    <div class="container">
                        
                        <div class="text-modules__content"><p><strong><span style="font-size: 14pt;">Skład Rady Naukowej </span></strong><strong><span style="font-size: 14pt;">Instytutu Biologii, Biotechnologii i Ochrony Środowiska</span></strong></p>
<p><strong><span style="font-size: 14pt;">od dnia 01 października 2024 r.</span></strong></p>
<p>&nbsp;</p>
<ol>
<li><strong>Dr hab. Mariusz Kanturski, prof. UŚ &#8211; dyrektor IBBiOŚ</strong></li>
<li><strong>Dr hab. Urszula Guzik, prof. UŚ &#8211; zastępca dyrektora IBBiOŚ</strong></li>
<li>Prof. dr hab. Maria Augustyniak</li>
<li>Prof. dr hab. Małgorzata Gaj</li>
<li>Prof. dr hab. Robert Hasterok</li>
<li>Prof. dr hab. Ewa Kurczyńska</li>
<li>Prof. dr hab. Jolanta Kwaśniewska</li>
<li>Prof. dr hab. Dorota Kwiatkowska</li>
<li>Prof. dr hab. Agnieszka Mrozik</li>
<li>Prof. dr hab. Mariusz Pietruszka</li>
<li>Prof. dr hab. Zofia Piotrowska-Seget</li>
<li>Prof. dr hab. Adam Rostański</li>
<li>Prof. dr hab. Magdalena Rost-Roszkowska</li>
<li>Prof. dr hab. Piotr Skubała</li>
<li>Prof. dr hab. Piotr Świątek</li>
<li>Prof. dr hab. Barbara Tokarska-Guzik</li>
<li>Prof. dr hab. Piotr Węgierek</li>
<li>Prof. dr hab. Karina Wieczorek</li>
<li>Prof. dr hab. Danuta Wojcieszyńska</li>
<li>Dr hab. Agnieszka Babczyńska, prof. UŚ</li>
<li>Dr hab. Alexander Betekhtin, prof. UŚ</li>
<li>Dr hab. Jolanta Brożek, prof. UŚ</li>
<li>Dr hab. Agata Burian, prof. UŚ</li>
<li>Dr hab. Agata Daszkowska-Golec, prof. UŚ</li>
<li>Dr hab. Damian Gruszka, prof. UŚ</li>
<li>Dr hab. Agnieszka Janiak, prof. UŚ</li>
<li>Dr hab. Katarzyna Kasperkiewicz, prof. UŚ</li>
<li>Dr hab. Bożena Kolano, prof. UŚ</li>
<li>Dr hab. Eugeniusz Małkowski, prof. UŚ</li>
<li>Dr hab. Marek Marzec, prof. UŚ</li>
<li>Dr hab. Aleksandra Nadgórska-Socha, prof. UŚ</li>
<li>Dr hab. Anna Orczewska, prof. UŚ</li>
<li>Dr hab. Izabela Poprawa, prof. UŚ</li>
<li>Dr hab. Weronika Rupik, prof. UŚ</li>
<li>Dr hab. Edyta Sierka, prof. UŚ</li>
<li>Dr hab. Gabriela Woźniak, prof. UŚ</li>
<li>Dr Jacek Francikowski</li>
<li>Dr Bartosz Łozowski</li>
<li>Dr Ewa Mazur</li>
<li>Dr Artur Piński</li>
<li>Dr Krzysztof Sitko</li>
<li>Dr Sławomir Sułowicz</li>
<li>Dr Monika Tarnawska</li>
<li>Dr Artur Taszakowski</li>
<li>Dr Justyna Wróbel-Marek</li>
</ol>
<p>
</div>
                    </div>
                </div>[/vc_column][/vc_row]</p>
