{"id":6165,"date":"2023-03-29T10:14:48","date_gmt":"2023-03-29T08:14:48","guid":{"rendered":"https:\/\/us.edu.pl\/instytut\/ibbios\/?page_id=6165"},"modified":"2025-04-01T12:29:56","modified_gmt":"2025-04-01T10:29:56","slug":"nawa-program-im-mieczyslawa-bekkera","status":"publish","type":"page","link":"https:\/\/us.edu.pl\/instytut\/ibbios\/nauka\/wymiana-akademicka\/nawa-program-im-mieczyslawa-bekkera\/","title":{"rendered":"NAWA: Program im. Mieczys\u0142awa Bekkera"},"content":{"rendered":"<p>[vc_row][vc_column]\r\n                <div class=\"text-modules reverse\">\r\n                    <div class=\"container\">\r\n                        <h3 class=\"section-title section-title_border-bottom\">Program im. Mieczys\u0142awa Bekkera<\/h3> \r\n                        <div class=\"row m-0\">\r\n                            <div class=\"text-modules__content\">\r\n                                <span style=\"font-size: 12pt;\"><strong>Dla kogo:<\/strong> pracownicy, doktoranci<\/span><\/p>\n<p>&nbsp;<\/p>\n<p><span style=\"font-size: 12pt;\"><strong>Terminy naboru 2025<\/strong>: 20 marca 2025 &#8211; 30 maja 2025. <\/span><\/p>\n<p><span style=\"font-size: 12pt;\"><strong>Og\u0142oszenie wynik\u00f3w<\/strong>: do 31 stycznia 2026.<\/span><\/p>\n<p>&nbsp;<\/p>\n<p><span style=\"font-size: 12pt;\"><strong>Okres realizacji programu<\/strong>: 1 marca 2026 &#8211; 31 stycznia 2029.<\/span><\/p>\n<p>&nbsp;<\/p>\n<p>&nbsp;<\/p>\n<p><span style=\"font-size: 12pt;\"><strong>Jak aplikowa\u0107<\/strong>: Osoby zainteresowane Programem bli\u017csze informacje o terminach naboru zg\u0142osze\u0144 znajd\u0105 pod <a href=\"https:\/\/nawa.gov.pl\/programy-nawa\/programy-nawa-alias\/programy\/bekker-nawa-3\">linkiem<\/a>.<\/span> \r\n                                <div class=\"mt-3\"><\/div>\r\n                            <\/div>\r\n                            \r\n                            <div class=\"text-modules__img\"><img src=\"https:\/\/us.edu.pl\/instytut\/ibbios\/wp-content\/uploads\/sites\/36\/2022\/03\/bekker.jpg\" alt=\"img\"><\/div>\r\n                        <\/div>\r\n                    <\/div>\r\n                <\/div>\r\n                <div class=\"text-modules\">\r\n                    <div class=\"container\">\r\n                        \r\n                        <div class=\"text-modules__content\"><p><span style=\"font-size: 12pt;\"><strong>Informacje<\/strong>: Celem Programu jest wsparcie mobilno\u015bci mi\u0119dzynarodowej doktorant\u00f3w, naukowc\u00f3w i\u00a0nauczycieli akademickich w\u00a0d\u0105\u017ceniu do doskona\u0142o\u015bci naukowej przez umo\u017cliwienie im rozwoju naukowego w\u00a0zagranicznych o\u015brodkach badawczych oraz akademickich na ca\u0142ym \u015bwiecie.\u00a0<\/span><\/p>\n<p><span style=\"font-size: 12pt;\">Program jest otwarty dla doktorant\u00f3w i\u00a0naukowc\u00f3w reprezentuj\u0105cych wszystkie dziedziny nauki, a\u00a0jednostkami goszcz\u0105cymi mog\u0105 by\u0107 o\u015brodki naukowe lub akademickie na ca\u0142ym \u015bwiecie.<\/span><\/p>\n<p><span style=\"font-size: 12pt;\">Wyjazdy trwaj\u0105ce od 3 do 24 miesi\u0119cy<strong>\u00a0<\/strong>pozwol\u0105 im na\u00a0pobyt w\u00a0uznanych o\u015brodkach naukowych, nawi\u0105zanie z\u00a0nimi d\u0142ugofalowej wsp\u00f3\u0142pracy oraz na\u00a0realizacj\u0119 projekt\u00f3w wsp\u00f3lnie z\u00a0wybitnymi naukowcami z\u00a0zagranicy. M\u0142odszym naukowcom Program stworzy tak\u017ce szans\u0119 realizacji warto\u015bciowych sta\u017cy podoktorskich za\u015b doktorantom na realizacj\u0119 cz\u0119\u015bci kszta\u0142cenia.<\/span><\/p>\n<p><span style=\"font-size: 12pt;\">Program zapewnia finansowanie stypendium obejmuj\u0105cego zar\u00f3wno koszty utrzymania stypendysty zwi\u0105zane z\u00a0pobytem naukowca w\u00a0zagranicznym o\u015brodku goszcz\u0105cym, jak i\u00a0dodatek mobilno\u015bciowy. Kwota stypendium mo\u017ce by\u0107 podwy\u017cszona, je\u015bli w\u00a0wyje\u017adzie uczestniczy ma\u0142\u017conek stypendysty oraz jego niepe\u0142noletnie dzieci, a\u00a0w\u00a0przypadku stypendysty z\u00a0orzeczon\u0105 niepe\u0142nosprawno\u015bci\u0105 w\u00a0stopniu znacznym lub umiarkowanym \u2013 opiekun.<\/span><\/p>\n<p>&nbsp;<\/p>\n<p><strong>Wydzia\u0142owy Koordynator mobilno\u015bci w ramach NAWA: <\/strong>dr hab. Alexander Betekhtin (IBBiO\u015a, email: <a href=\"mailto:alexander.betekhtin@us.edu.pl\">alexander.betekhtin@us.edu.pl<\/a>)<\/p>\n<p><strong>Kontakt z Dzia\u0142em wsp\u00f3\u0142pracy z zagranic\u0105 dla os\u00f3b zainteresowanych programem<\/strong>: <a href=\"mailto:brmm@us.edu.pl\">brmm@us.edu.pl<\/a><\/p>\n<\/div>\r\n                    <\/div>\r\n                <\/div>[\/vc_column][\/vc_row]<\/p>","protected":false},"excerpt":{"rendered":"<p>[vc_row][vc_column][\/vc_column][\/vc_row] [&#8230;]<\/p>\n<p><a class=\"btn btn-secondary understrap-read-more-link\" href=\"https:\/\/us.edu.pl\/instytut\/ibbios\/nauka\/wymiana-akademicka\/nawa-program-im-mieczyslawa-bekkera\/\">Read More&#8230;<\/a><\/p>\n","protected":false},"author":4825,"featured_media":0,"parent":4177,"menu_order":0,"comment_status":"closed","ping_status":"closed","template":"page-templates\/inner-page.php","meta":{"_expiration-date-status":"","_expiration-date":0,"_expiration-date-type":"","_expiration-date-categories":[],"_expiration-date-options":[]},"acf":[],"_links":{"self":[{"href":"https:\/\/us.edu.pl\/instytut\/ibbios\/wp-json\/wp\/v2\/pages\/6165"}],"collection":[{"href":"https:\/\/us.edu.pl\/instytut\/ibbios\/wp-json\/wp\/v2\/pages"}],"about":[{"href":"https:\/\/us.edu.pl\/instytut\/ibbios\/wp-json\/wp\/v2\/types\/page"}],"author":[{"embeddable":true,"href":"https:\/\/us.edu.pl\/instytut\/ibbios\/wp-json\/wp\/v2\/users\/4825"}],"replies":[{"embeddable":true,"href":"https:\/\/us.edu.pl\/instytut\/ibbios\/wp-json\/wp\/v2\/comments?post=6165"}],"version-history":[{"count":4,"href":"https:\/\/us.edu.pl\/instytut\/ibbios\/wp-json\/wp\/v2\/pages\/6165\/revisions"}],"predecessor-version":[{"id":9371,"href":"https:\/\/us.edu.pl\/instytut\/ibbios\/wp-json\/wp\/v2\/pages\/6165\/revisions\/9371"}],"up":[{"embeddable":true,"href":"https:\/\/us.edu.pl\/instytut\/ibbios\/wp-json\/wp\/v2\/pages\/4177"}],"wp:attachment":[{"href":"https:\/\/us.edu.pl\/instytut\/ibbios\/wp-json\/wp\/v2\/media?parent=6165"}],"curies":[{"name":"wp","href":"https:\/\/api.w.org\/{rel}","templated":true}]}}