{"id":1547,"date":"2021-02-03T11:02:11","date_gmt":"2021-02-03T10:02:11","guid":{"rendered":"https:\/\/us.edu.pl\/instytut\/ich\/?page_id=1547"},"modified":"2021-02-05T12:12:13","modified_gmt":"2021-02-05T11:12:13","slug":"zapytaj-chemika","status":"publish","type":"page","link":"https:\/\/us.edu.pl\/instytut\/ich\/zapytaj-chemika\/","title":{"rendered":"Zapytaj Chemika"},"content":{"rendered":"<p>[vc_row][vc_column width=&#8221;1\/5&#8243;][\/vc_column][vc_column width=&#8221;3\/5&#8243;][vc_column_text]<\/p>\n<p style=\"text-align: center\">Pracownicy Instytutu Chemii Uniwersytetu \u015al\u0105skiego zapraszaj\u0105 do kontaktu wszystkich zainteresowanych, zar\u00f3wno ze sfery spo\u0142eczno-gospodarczej jak i przemys\u0142owej.<\/p>\n<p style=\"text-align: center\">Odpowiemy na zapytania dotycz\u0105ce bada\u0144 zleconych, ekspertyz, rozwi\u0105za\u0144 technicznych oraz konsultacji merytorycznych itp. Jeste\u015bmy otwarci na nowe wyzwania oraz s\u0142u\u017cymy nasz\u0105 wiedz\u0105 i do\u015bwiadczeniem.<\/p>\n<p>&nbsp;<\/p>\n<div role=\"form\" class=\"wpcf7\" id=\"wpcf7-f1558-o1\" lang=\"pl-PL\" dir=\"ltr\">\n<div class=\"screen-reader-response\"><p role=\"status\" aria-live=\"polite\" aria-atomic=\"true\"><\/p> <ul><\/ul><\/div>\n<form action=\"\/instytut\/ich\/wp-json\/wp\/v2\/pages\/1547#wpcf7-f1558-o1\" method=\"post\" class=\"wpcf7-form init\" enctype=\"multipart\/form-data\" novalidate=\"novalidate\" data-status=\"init\">\n<div style=\"display: none;\">\n<input type=\"hidden\" name=\"_wpcf7\" value=\"1558\" \/>\n<input type=\"hidden\" name=\"_wpcf7_version\" value=\"5.6.4\" \/>\n<input type=\"hidden\" name=\"_wpcf7_locale\" value=\"pl_PL\" \/>\n<input type=\"hidden\" name=\"_wpcf7_unit_tag\" value=\"wpcf7-f1558-o1\" \/>\n<input type=\"hidden\" name=\"_wpcf7_container_post\" value=\"0\" \/>\n<input type=\"hidden\" name=\"_wpcf7_posted_data_hash\" value=\"\" \/>\n<\/div>\n<p><label> Imi\u0119 i nazwisko (wymagane)<br \/>\n    <span class=\"wpcf7-form-control-wrap\" data-name=\"your-name\"><input type=\"text\" name=\"your-name\" value=\"\" size=\"40\" class=\"wpcf7-form-control wpcf7-text wpcf7-validates-as-required\" aria-required=\"true\" aria-invalid=\"false\" \/><\/span> <\/label><\/p>\n<p><label> Numer telefonu<br \/>\n    <span class=\"wpcf7-form-control-wrap\" data-name=\"tel-145\"><input type=\"tel\" name=\"tel-145\" value=\"\" size=\"40\" class=\"wpcf7-form-control wpcf7-text wpcf7-tel wpcf7-validates-as-tel\" aria-invalid=\"false\" \/><\/span> <\/label><\/p>\n<p><label> Adres email (wymagane)<br \/>\n    <span class=\"wpcf7-form-control-wrap\" data-name=\"your-email\"><input type=\"email\" name=\"your-email\" value=\"\" size=\"40\" class=\"wpcf7-form-control wpcf7-text wpcf7-email wpcf7-validates-as-required wpcf7-validates-as-email\" aria-required=\"true\" aria-invalid=\"false\" \/><\/span> <\/label><\/p>\n<p><label> Temat (do wyboru)<br \/>\n    <span class=\"wpcf7-form-control-wrap\" data-name=\"menu-460\"><select name=\"menu-460\" class=\"wpcf7-form-control wpcf7-select wpcf7-validates-as-required\" aria-required=\"true\" aria-invalid=\"false\"><option value=\"Badania zlecone\">Badania zlecone<\/option><option value=\"Konsultacje merytoryczne\">Konsultacje merytoryczne<\/option><option value=\"Ekspertyza\">Ekspertyza<\/option><option value=\"Wsp\u00f3\u0142praca\">Wsp\u00f3\u0142praca<\/option><option value=\"Inne\">Inne<\/option><\/select><\/span> <\/label><\/p>\n<p><label> Tre\u015b\u0107 wiadomo\u015bci<br \/>\n    <span class=\"wpcf7-form-control-wrap\" data-name=\"your-message\"><textarea name=\"your-message\" cols=\"40\" rows=\"10\" class=\"wpcf7-form-control wpcf7-textarea\" aria-invalid=\"false\"><\/textarea><\/span> <\/label><\/p>\n<p><label> Za\u0142\u0105cznik (opcjonalne)<br \/>\n    <span class=\"wpcf7-form-control-wrap\" data-name=\"file-783\"><input type=\"file\" name=\"file-783\" size=\"40\" class=\"wpcf7-form-control wpcf7-file\" accept=\".zip,.rar,.7z,.jpg,.jpeg,.gif,.png,.bmp,.doc,.docx,.xls,.xlsx,.ppt,.pptx,.txt,.odt,.ods,.odp\" aria-invalid=\"false\" \/><\/span> <\/label><\/p>\n<p><input type=\"submit\" value=\"Wy\u015blij\" class=\"wpcf7-form-control has-spinner wpcf7-submit\" \/><\/p>\n<div class=\"wpcf7-response-output\" aria-hidden=\"true\"><\/div><\/form><\/div>[\/vc_column_text][\/vc_column][vc_column width=&#8221;1\/5&#8243;][\/vc_column][\/vc_row]<\/p>","protected":false},"excerpt":{"rendered":"<p>[vc_row][vc_column width=&#8221;1\/5&#8243;][\/vc_column][vc_column width=&#8221;3\/5&#8243;][vc_column_text] Pracownicy Instytutu Chemii Uniwersytetu \u015al\u0105skiego zapraszaj\u0105 do kontaktu wszystkich zainteresowanych, zar\u00f3wno ze sfery spo\u0142eczno-gospodarczej jak i przemys\u0142owej. Odpowiemy na zapytania dotycz\u0105ce bada\u0144 zleconych, ekspertyz, rozwi\u0105za\u0144 technicznych oraz konsultacji merytorycznych itp. Jeste\u015bmy otwarci na nowe wyzwania oraz s\u0142u\u017cymy nasz\u0105 wiedz\u0105 i do\u015bwiadczeniem. &nbsp; [\/vc_column_text][\/vc_column][vc_column width=&#8221;1\/5&#8243;][\/vc_column][\/vc_row] [&#8230;]<\/p>\n<p><a class=\"btn btn-secondary understrap-read-more-link\" href=\"https:\/\/us.edu.pl\/instytut\/ich\/zapytaj-chemika\/\">Read More&#8230;<\/a><\/p>\n","protected":false},"author":99,"featured_media":0,"parent":0,"menu_order":0,"comment_status":"closed","ping_status":"closed","template":"","meta":{"_expiration-date-status":"saved","_expiration-date":0,"_expiration-date-type":"","_expiration-date-categories":[],"_expiration-date-options":[]},"acf":[],"_links":{"self":[{"href":"https:\/\/us.edu.pl\/instytut\/ich\/wp-json\/wp\/v2\/pages\/1547"}],"collection":[{"href":"https:\/\/us.edu.pl\/instytut\/ich\/wp-json\/wp\/v2\/pages"}],"about":[{"href":"https:\/\/us.edu.pl\/instytut\/ich\/wp-json\/wp\/v2\/types\/page"}],"author":[{"embeddable":true,"href":"https:\/\/us.edu.pl\/instytut\/ich\/wp-json\/wp\/v2\/users\/99"}],"replies":[{"embeddable":true,"href":"https:\/\/us.edu.pl\/instytut\/ich\/wp-json\/wp\/v2\/comments?post=1547"}],"version-history":[{"count":6,"href":"https:\/\/us.edu.pl\/instytut\/ich\/wp-json\/wp\/v2\/pages\/1547\/revisions"}],"predecessor-version":[{"id":1576,"href":"https:\/\/us.edu.pl\/instytut\/ich\/wp-json\/wp\/v2\/pages\/1547\/revisions\/1576"}],"wp:attachment":[{"href":"https:\/\/us.edu.pl\/instytut\/ich\/wp-json\/wp\/v2\/media?parent=1547"}],"curies":[{"name":"wp","href":"https:\/\/api.w.org\/{rel}","templated":true}]}}