{"id":223,"date":"2020-03-20T12:55:11","date_gmt":"2020-03-20T11:55:11","guid":{"rendered":"http:\/\/us.edu.pl\/instytut\/ich\/?page_id=223"},"modified":"2021-01-26T11:36:23","modified_gmt":"2021-01-26T10:36:23","slug":"grzegorz-zadora","status":"publish","type":"page","link":"https:\/\/us.edu.pl\/instytut\/ich\/dzialalnosc-naukowa\/zespoly-badawcze\/chemia-sadowa\/grzegorz-zadora\/","title":{"rendered":"prof. dr hab. Grzegorz Zadora"},"content":{"rendered":"<p>[vc_row][vc_column width=&#8221;1\/12&#8243;][\/vc_column][vc_column width=&#8221;3\/6&#8243;]\r\n                <div class=\"text-modules\">\r\n                    <div class=\"container\">\r\n                        <h3 class=\"page-title text__title\">prof. dr hab. Grzegorz Zadora<\/h3>\r\n                        <div class=\"text-modules__content\"><p><a href=\"https:\/\/ab.us.edu.pl\/emp?id=45981\">Uniwersytet \u015al\u0105ski<\/a><\/p>\n<p><a href=\"https:\/\/www.scopus.com\/authid\/detail.uri?authorId=6603075450\" target=\"_blank\" rel=\"noopener noreferrer\">Scopus<\/a><\/p>\n<p><a href=\"https:\/\/orcid.org\/0000-0002-3906-2861\" target=\"_blank\" rel=\"noopener noreferrer\">ORCID<\/a><\/p>\n<hr \/>\n<p>Informacje:<\/p>\n<p>Doktorat: <em>2001 &#8211; Uniwersytet Jagiello\u0144ski, Wydzia\u0142 Chemii, Krak\u00f3w <\/em><br \/>\nHabilitacja: <em>2011 &#8211; Uniwersytet Jagiello\u0144ski, Wydzia\u0142 Chemii, Krak\u00f3w <\/em><br \/>\nProfesor tytularny: <em>2020 &#8211; Uniwersytet \u015al\u0105ski w Katowicach, Instytut Chemii, Katowice<br \/>\n<\/em><\/p>\n<hr \/>\n<p>Dane kontaktowe:<\/p>\n<p>e-mail: <em>grzegorz.zadora@us.edu.pl<br \/>\n<\/em>telefon: <em>(32) 359-11-44<\/em><br \/>\nadres: <em>pok. <strong>51<\/strong>, ul. Szkolna 9, 40-006 Katowice<\/em><\/p>\n<hr \/>\n<p>Nagrody, wyr\u00f3\u017cnienia, pe\u0142nione funkcje:<\/p>\n<ul>\n<li>Cz\u0142onek Komisji Chemometrii i Metrologii Chemicznej Komitetu Chemii Analitycznej PAN (od 2007 roku; od 2016 roku \u2013 wiceprzewodnicz\u0105cy Komisji)<\/li>\n<li>Cz\u0142onek Polskiego Towarzystwa Kryminalistycznego<\/li>\n<li>Cz\u0142onek Komisji Nauk Chemicznych PAN, Oddzia\u0142 w Katowicach (wice-przewodnicz\u0105cy od 2019 roku)<\/li>\n<li>Cz\u0142onek grupy roboczej ds. Badania Lakier\u00f3w i Szk\u0142a (ENFSI Paint and Glass Working Group) dzia\u0142aj\u0105cej w ramach Europejskiej Sieci Instytut\u00f3w Nauk S\u0105dowych (ENFSI) w latach 2000-2015<\/li>\n<li>Cz\u0142onek zarz\u0105du grupy ds. Badania Lakier\u00f3w i Szk\u0142a (ENFSI Paint and Glass Working Group)\u00a0 dzia\u0142aj\u0105cej w ramach Europejskiej Sieci Instytut\u00f3w Nauk S\u0105dowych (ENFSI) w latach 2005 \u2013 2015<\/li>\n<li>Cz\u0142onek grupy roboczej ds. analizy balistycznej i cz\u0105stek powystrza\u0142owych (ENFSI Firearms GSR Working Group) dzia\u0142aj\u0105cej w ramach Europejskiej Sieci Instytut\u00f3w Nauk S\u0105dowych (ENFSI) w latach 2001 \u2013 2003<\/li>\n<li>Cz\u0142onek grupy roboczej ds. badania przyczyn po\u017car\u00f3w (ENFSI Fire and Explosion Investigation Working Group) dzia\u0142aj\u0105cej w ramach Europejskiej Sieci Instytut\u00f3w Nauk S\u0105dowych (ENFSI) w latach 2002 \u2013 2005<\/li>\n<li>Cz\u0142onek grupy roboczej ds. analizy miejsca zdarzenia \u2013 podgrupa ds. analizy mechanizmu powstania \u015blad\u00f3w krwawych (ENFSI Scenes of Crime Working Group; sub-committee Blood Pattern Analysis; dzia\u0142aj\u0105cej w ramach Europejskiej Sieci Instytut\u00f3w Nauk S\u0105dowych (ENFSI) \u2013 od 2018<\/li>\n<li>p.o. Kierownika Pracowni Badania Alkoholu i Narkotyk\u00f3w w Instytucie Ekspertyz S\u0105dowych im. Prof. dra Jana Sehna w Krakowie (od czerwca 2017 do wrze\u015bnia 2019)<\/li>\n<li>p.o. Kierownika Pracowni Badania Mikro\u015blad\u00f3w w Instytucie Ekspertyz S\u0105dowych im. Prof. dra Jana Sehna w Krakowie (od grudnia 2019).<\/li>\n<li>Nagrodzone prace doktorskie:\n<ul>\n<li>Praca dr in\u017c. Agnieszki Martyny (obroniona w 2016 roku na Wydziale Chemii Uniwersytetu Jagiello\u0144skiego w Krakowie) zosta\u0142a nagrodzona w 2017 przez Komitet Chemii Analitycznej Polskiej Akademii Nauk za najlepsz\u0105 prac\u0119 doktorsk\u0105 z chemii analitycznej (nagroda firmy Polygen)<\/li>\n<li>Praca doktorska dr Aleksandry Michalskiej (adiunkt w Instytucie Ekspertyz S\u0105dowych im. Prof. dra Jana Sehna w Krakowie, obroniona w 2018 roku na Uniwersytecie \u015al\u0105skim w Katowicach, promotor: dr hab. Grzegorz Zadora, prof. IES) zosta\u0142a nagrodzona przez Polskie Towarzystwo Kryminalistyczne, w kategorii \u2013 prace doktorskie, w XIX Edycji Konkursu im. Prof. Tadeusza Hanauska na Prac\u0119 Roku z Dziedziny Kryminalistyki<\/li>\n<\/ul>\n<\/li>\n<\/ul>\n<p>Informacje o wsp\u00f3\u0142pracy z innymi o\u015brodkami\/zespo\u0142ami:<\/p>\n<ul>\n<li>Realizuj\u0105c projekty badawcze w Instytucie Chemii Uniwersytetu \u015al\u0105skiego w Katowicach, wsp\u00f3\u0142pracujemy z nast\u0119puj\u0105cymi instytucjami i osobami:\n<ul>\n<li>Instytutem Ekspertyz S\u0105dowych im. Prof. dra Jana Sehna w Krakowie, gdzie bieg\u0142ym z zakresu fizykochemii kryminalistycznej oraz bieg\u0142ym z zakresu analizy mechanizmu powstania \u015blad\u00f3w krwawych jest Lider zespo\u0142u<\/li>\n<li>School of Mathematics, University of Edinburgh, Edynburg, Wielka Brytania (Prof. Colin Aitken od 2003 roku; w tym w latach 2007 \u2013 2016 projekt edukacyjny FORSTAT \u2013 Forensic Statistics realizowany pod auspicjami Europejskiej Sieci Instytut\u00f3w Nauk S\u0105dowych (ENFSI))<\/li>\n<li>School of Mathematics and Statistics, University of Glasgow, Glasgow, Wielka Brytania (dr Tereza Neocleous, od 2006 roku)<\/li>\n<li>Audias: Audio, Data Intelligence and Speech, Escuela Politecnica Superior, Universidad Autonoma de Madrid, Madryt, Hiszpania (prof. Daniel Ramos, od 2005)<\/li>\n<li>Centro Regionale Antidoping e di Tossicologia \u201eA. Bertinaria\u201d, Orbassano, Turyn, W\u0142ochy (prof. Marco Vincenti oraz dr Eugenio Alladio, od 2015)<\/li>\n<li>Dipartimento di Chimica, Universit\u00e0 degli Studi di Torino, Turyn, W\u0142ochy (prof. Marco Vincenti, prof. Gianmario Martra oraz dr Eugenio Alladio, od 2015)<\/li>\n<li>Bundesanstalt f\u00fcr Geowissenschaften und Rohstoffe (BGR), Hannover, Niemcy (dr Hans-Eike G\u00e4bler, od 2013)<\/li>\n<li>Prof. Anders Nordgaard (National Forensic Centre, Link\u00f6ping, Szwecja) \u2013 projekt edukacyjny FORSTAT \u2013 Forensic Statistics (od 2018))<\/li>\n<li>Universit\u00e0 degli Studi di Genova \u2013 Dipartimento di Farmacia (DIFAR) (Prof. Paolo Oliveri, od 2019)<\/li>\n<\/ul>\n<\/li>\n<\/ul>\n<hr \/>\n<p>\n<\/div>\r\n                    <\/div>\r\n                <\/div>[\/vc_column][vc_column width=&#8221;2\/6&#8243;][\/vc_column][vc_column width=&#8221;1\/12&#8243;][\/vc_column][\/vc_row]<\/p>","protected":false},"excerpt":{"rendered":"<p>[vc_row][vc_column width=&#8221;1\/12&#8243;][\/vc_column][vc_column width=&#8221;3\/6&#8243;][\/vc_column][vc_column width=&#8221;2\/6&#8243;][\/vc_column][vc_column width=&#8221;1\/12&#8243;][\/vc_column][\/vc_row] [&#8230;]<\/p>\n<p><a class=\"btn btn-secondary understrap-read-more-link\" href=\"https:\/\/us.edu.pl\/instytut\/ich\/dzialalnosc-naukowa\/zespoly-badawcze\/chemia-sadowa\/grzegorz-zadora\/\">Read More&#8230;<\/a><\/p>\n","protected":false},"author":99,"featured_media":0,"parent":197,"menu_order":0,"comment_status":"closed","ping_status":"closed","template":"","meta":{"_expiration-date-status":"saved","_expiration-date":0,"_expiration-date-type":"","_expiration-date-categories":[],"_expiration-date-options":[]},"acf":[],"_links":{"self":[{"href":"https:\/\/us.edu.pl\/instytut\/ich\/wp-json\/wp\/v2\/pages\/223"}],"collection":[{"href":"https:\/\/us.edu.pl\/instytut\/ich\/wp-json\/wp\/v2\/pages"}],"about":[{"href":"https:\/\/us.edu.pl\/instytut\/ich\/wp-json\/wp\/v2\/types\/page"}],"author":[{"embeddable":true,"href":"https:\/\/us.edu.pl\/instytut\/ich\/wp-json\/wp\/v2\/users\/99"}],"replies":[{"embeddable":true,"href":"https:\/\/us.edu.pl\/instytut\/ich\/wp-json\/wp\/v2\/comments?post=223"}],"version-history":[{"count":8,"href":"https:\/\/us.edu.pl\/instytut\/ich\/wp-json\/wp\/v2\/pages\/223\/revisions"}],"predecessor-version":[{"id":1263,"href":"https:\/\/us.edu.pl\/instytut\/ich\/wp-json\/wp\/v2\/pages\/223\/revisions\/1263"}],"up":[{"embeddable":true,"href":"https:\/\/us.edu.pl\/instytut\/ich\/wp-json\/wp\/v2\/pages\/197"}],"wp:attachment":[{"href":"https:\/\/us.edu.pl\/instytut\/ich\/wp-json\/wp\/v2\/media?parent=223"}],"curies":[{"name":"wp","href":"https:\/\/api.w.org\/{rel}","templated":true}]}}