{"id":250,"date":"2020-03-23T10:01:06","date_gmt":"2020-03-23T09:01:06","guid":{"rendered":"http:\/\/us.edu.pl\/instytut\/ich\/?page_id=250"},"modified":"2021-01-29T07:44:57","modified_gmt":"2021-01-29T06:44:57","slug":"stanislaw-krompiec","status":"publish","type":"page","link":"https:\/\/us.edu.pl\/instytut\/ich\/dzialalnosc-naukowa\/zespoly-badawcze\/synteza-elektroaktywnych-materialow-molekularnych-dedykowanych-organicznej-elektronice\/stanislaw-krompiec\/","title":{"rendered":"prof. dr hab. in\u017c. Stanis\u0142aw Krompiec"},"content":{"rendered":"<p>[vc_row][vc_column width=&#8221;1\/12&#8243;][\/vc_column][vc_column width=&#8221;3\/6&#8243;]\r\n                <div class=\"text-modules\">\r\n                    <div class=\"container\">\r\n                        <h3 class=\"page-title text__title\">prof. dr hab. in\u017c. Stanis\u0142aw Krompiec<\/h3>\r\n                        <div class=\"text-modules__content\"><p><a href=\"https:\/\/ab.us.edu.pl\/emp?id=13402\">Uniwersytet \u015al\u0105ski<\/a><\/p>\n<p><a href=\"https:\/\/www.scopus.com\/authid\/detail.uri?authorId=55931979900\" target=\"_blank\" rel=\"noopener noreferrer\">Scopus<\/a><\/p>\n<p><a href=\"https:\/\/orcid.org\/0000-0003-3516-4235\">ORCID<\/a><\/p>\n<hr \/>\n<p>Informacje:<\/p>\n<p>Studia (uzyskany stopie\u0144: Magister In\u017cynier): <em>1972 do 1977 &#8211; Wydzia\u0142 Technologii i In\u017cynierii Chemicznej Politechniki \u015al\u0105skiej, specjalno\u015b\u0107: Technologia Chemiczna Organiczna<\/em><br \/>\nDoktorat (nauki techniczne): <em>1989 &#8211; Politechnika \u015al\u0105ska<\/em><br \/>\nHabilitacja (chemia organiczna): <em>1998 &#8211; Politechnika \u015al\u0105ska<\/em><br \/>\nProfesor tytularny (nauki chemiczne): <em>2010 &#8211; Politechnika \u015al\u0105ska<\/em><\/p>\n<p>Praca zawodowa: od 2005 Instytut Chemii Uniwersytetu \u015al\u0105skiego, prof. zwyczajny; Dyrektor d\/s naukowych Instytutu (2008-2016), Kierownik Zak\u0142adu Chemii Nieorganicznej, Metaloorganicznej i Katalizy (od 2005); Prof. Uniwersytetu \u015al\u0105skiego; 1977-2005 Politechnika \u015al\u0105ska (1977-1999 Instytut Chemii i Technologii Organicznej; 1999-2003 Instytut Chemii, Technologii Nieorganicznej i Elektrochemii; 2003-2005 Katedra Chemii Analitycznej i Og\u00f3lnej); 2003-2005 Prof. Politechniki \u015al\u0105skiej, Kierownik Zak\u0142adu Chemii Og\u00f3lnej i Koordynacyjnej (2003 \u2013 2005); Lider Zespo\u0142u Badawczego od 2019; nazwa Zespo\u0142u: &#8222;Projektowanie, synteza i badania w\u0142a\u015bciwo\u015bci materia\u0142\u00f3w i nanomateria\u0142\u00f3w dla innowacyjnych technologii&#8221;.<\/p>\n<p><em>\u00a0<\/em><\/p>\n<hr \/>\n<p>Dane kontaktowe:<\/p>\n<p>e-mail: <em>stanislaw.krompiec@us.edu.pl<br \/>\n<\/em>telefon: <em>(32) 359-16-46, (32) 238-20-56<\/em><br \/>\nadres: <em>pok. <strong>114<\/strong>, ul. Bankowa 14, 40-007 Katowice<\/em><\/p>\n<hr \/>\n<p>Nagrody, wyr\u00f3\u017cnienia, pe\u0142nione funkcje:<\/p>\n<ul>\n<li>Z\u0142oty Krzy\u017c Zas\u0142ugi (1995)<\/li>\n<li>Medal NSZZ &#8222;Solidarno\u015b\u0107&#8221; za dzia\u0142alno\u015b\u0107 zwi\u0105zkow\u0105\u201d (1996)<\/li>\n<li>Z\u0142ota Odznaka Zas\u0142u\u017conemu dla Politechniki \u015al\u0105skiej (2000)<\/li>\n<li>Medal Komisji Edukacji Narodowej (2005)<\/li>\n<li>Nagroda Ministra Obrony Narodowej II stopnia, w konkursie na najlepsz\u0105 prac\u0119 naukow\u0105 i badawcz\u0105 z obszaru obronno\u015bci, pod patronatem Prezydenta Rzeczypospolitej Polskiej (2013)<\/li>\n<li>Nagrody Rektora Politechniki \u015al\u0105skiej (do 2004) oraz Rektora Uniwersytetu \u015al\u0105skiego za dzia\u0142alno\u015b\u0107 naukow\u0105 i organizacyjn\u0105 (od 2005) &#8211; wielokrotnie<\/li>\n<li>Z\u0142ota Odznaka Zas\u0142u\u017conemu dla Uniwersytetu \u015al\u0105skiego (2016)<\/li>\n<\/ul>\n<p>Dorobek naukowy:<\/p>\n<ul>\n<li><em>Promotorstwo prac doktorskich:<\/em> 13 przewod\u00f3w zako\u0144czonych<\/li>\n<li><em>Opieka nad doktorantam 4<\/em> doktorant\u00f3w\/doktorantki (aktualnie)<\/li>\n<li><em>Kierownictwo grant\u00f3w: <\/em>11<\/li>\n<li><em>Publikacje (publications): <\/em>114<\/li>\n<li><em>Patenty, zg\u0142oszenia patentowe <\/em>41; 24<\/li>\n<li><em>ksi\u0105\u017cki (Books): <\/em>1; 2<\/li>\n<li><em>Recenzje w sprawie o nadanie tytu\u0142u profesora <\/em>5<\/li>\n<li><em>Recenzje prac doktorskich: <\/em>28 (Politechnika \u015al\u0105ska 3, Uniwersytet \u015al\u0105ski 13, UAM Pozna\u0144 4, Uniwersytet Wroc\u0142awski 3, Politechnika Warszawska 2, WAT Warszawa 2, Politechnika Pozna\u0144ska 1)<\/li>\n<li><em>Recenzje artyku\u0142\u00f3w naukowych:<\/em>\u00a0\u00a0\u00a0\u00a0\u00a0\u00a0 dla Organic Letters, Green Chemistry, Journal of Organic Chemistry, Journal of Molecular Catalysis, Current Organic Chemistry, Organometallics, Monatschefte f\u00fcr Chemie, Inorganica Chimica Acta, Tetrahedron, Synthetic Metals, Nanomaterials i innych (\u0142\u0105cznie ponad 200)<\/li>\n<li><em>Recenzje projekt\u00f3w badawczych:<\/em> dla Narodowego Centrum Nauki, Narodowego Centrum Bada\u0144 Rozwoju, dla Urz\u0119du Marsza\u0142kowskiego (w ramach programu DoktoRIS)<\/li>\n<li><em>Cz\u0142onek Komisji Nagrody PTChem za osi\u0105gni\u0119cia naukowe<\/em><\/li>\n<li><em>Udzia\u0142 w konferencjach:<\/em> ponad 150 (wyk\u0142ady, komunikaty, postery)<\/li>\n<li><em>Referaty na zaproszenie<\/em> 15<\/li>\n<li><em>Prace niepublikowane, (zako\u0144czone sprawozdaniem), ekspertyzy, zlecenia z przemys\u0142u:<\/em> ponad 60<\/li>\n<\/ul>\n<p>Wsp\u00f3\u0142praca naukowa i przemys\u0142owa (wybrana):<\/p>\n<ul>\n<li>Uniwersytet Adama Mickiewicza w Poznaniu (prof. Bogdan Marciniec, prof. Cezary Pietraszuk);<\/li>\n<li>Instytut Chemii Organicznej PAN w Warszawie (prof. Witold Danikiewicz);<\/li>\n<li>Politechnika \u015al\u0105ska w Gliwicach (prof. Mieczys\u0142aw \u0141apkowski, prof. Anna Chrobok);<\/li>\n<li>Instytut Fizyki Uniwersytetu \u015al\u0105skiego (prof. Marian Paluch);<\/li>\n<li>Instytut Nowych Technologii Wojskowej Akademii Technicznej w Warszawie (prof. Stanis\u0142aw Cudzi\u0142o);<\/li>\n<li>Zak\u0142ad przemys\u0142owo-handlowy Syntal-Chemicals w Gliwicach;<\/li>\n<li>Instytut Metali Nie\u017celaznych w Gliwicach (dr in\u017c. Grzegorz Benke, dr hab. in\u017c. Katarzyna Leszczy\u0144ska-Sejda)<\/li>\n<\/ul>\n<p>Dorobek wdro\u017ceniowy (wybrane elementy):<\/p>\n<ul>\n<li>Wsp\u00f3\u0142autorstwo:\n<ul>\n<li>wielkolaboratoryjnej metody syntezy <em>p-<\/em>dinitrobenzenu opracowanej na zlecenie PPCh POCh Gliwice (i tam wdro\u017conej), w latach 1982-1983;<\/li>\n<li>wielkolaboratoryjnej metody otrzymywania kamforchinonu na zlecenie Firmy \u201eALWIDO\u201d z Gliwic w 1992 roku (i tam wdro\u017conej);<\/li>\n<li>wielkolaboratoryjnej technologii wytwarzania rozpuszczalnika do \u017cywic silikonowych&#8221; na zlecenie firmy &#8222;JKK Kwiatkowski&#8221; z Katowic (realizacja od\u00a0 1994 do 1996 roku);<\/li>\n<li>technologii utylizacji utylizacji poprodukcyjnego wodorotlenku chromu(III)&#8221; na zlecenie Centrum Ekologicznego Licencyjnych Technologii &#8222;CELT&#8221; Ltd. z Katowic (zrealizowano w 1996 roku);<\/li>\n<li>metody ustalania pochodzenia octu, na zlecenie Zrzeszenia Polskich Producent\u00f3w Octu, analizy wykonywano od roku 2000 \u2013 do 2010;<\/li>\n<li>technologii wytwarzania specjalnej czysto\u015bci renianu(VII) potasu opracowanej przez Instytut Metali Nie\u017celaznych w Gliwicach w latach 2004-2008 (wdro\u017conej w Firmie Eko-ren Polska\u201d)<\/li>\n<\/ul>\n<\/li>\n<\/ul>\n<p>Dorobek dydaktyczny, popularyzacja chemii:<\/p>\n<ul>\n<li>Wyk\u0142ady i seminaria z: chemii og\u00f3lnej, organicznej, nieorganicznej, koordynacyjnej i metaloorganicznej, katalizy, syntezy organicznej, technologii chemicznej (dla student\u00f3w, doktorant\u00f3w i nauczycieli chemii);<\/li>\n<li>Promotorstwo ponad 100 prac dyplomowych &#8211; licencjackich, in\u017cynierskich i magisterskich.<\/li>\n<li>Wyk\u0142ady popularyzuj\u0105ce chemi\u0119 &#8211; dla uczni\u00f3w szk\u00f3\u0142 ponadpodstawowych (kilkadziesi\u0105t), opieka nad szczeg\u00f3lnie uzdolnion\u0105 m\u0142odzie\u017c\u0105 (nad laureatami olimpiady chemicznej)<\/li>\n<li>Kierowanie Komitetem Organizacyjnym Og\u00f3lnopolskiego Konkursu Chemicznego od 26 lat, w tym 12 lat na Politechnice \u015al\u0105skiej i od 14 lat na Uniwersytecie \u015al\u0105skim.<\/li>\n<li>Przewodnicz\u0105cy Katowickiego Oddzia\u0142u Komitetu Olimpiady Chemicznej.<\/li>\n<li>Kilkadziesi\u0105t wyk\u0142ad\u00f3w popularnonaukowych dla uczni\u00f3w i nauczycieli szk\u00f3\u0142 ponadpodstawowych.<\/li>\n<li>Opieka nad uczestnikami Olimpiady Chemicznej, w tym zwyci\u0119zc\u0105 Olimpiady 2015 (Micha\u0142 Gala) i laureatami z lat wcze\u015bniejszych (od 20 lat).<\/li>\n<\/ul>\n<p>Inne zainteresowania:<\/p>\n<p>psychologia, muzyka klasyczna, polityka, filozofia<\/p>\n<p>Specjalne informacje:<\/p>\n<ul>\n<li>\u201ePink balloon\u201d (documentary made by Polish public tv channel TVP, describing my life after the accident) <a href=\"https:\/\/www.youtube.com\/watch?v=F9Ks0ywKokI\">https:\/\/www.youtube.com\/watch?v=F9Ks0ywKokI<\/a><\/li>\n<li>Organ piece &#8222;Lumiere de L&#8217;aube&#8221;, composer: Micha\u0142 Sch\u00e4fer; dedicated to me<br \/>\nPartytura &#8211; <a href=\"https:\/\/us.edu.pl\/instytut\/ich\/wp-content\/uploads\/sites\/38\/dzialalnosc-naukowa\/badania-naukowe\/unnamed-file.pdf\/SKrompiec-LdL.pdf\" class=\"mtli_attachment mtli_pdf\" data-mtli=\"mtli_filesize641,24kB\" class=\"mtli_attachment mtli_pdf\" data-mtli=\"mtli_filesize641,24kB\">plik w formacie .PDF<\/a><br \/>\nNagranie utworu &#8211; <a href=\"https:\/\/drive.google.com\/open?id=1TINvCUhhnlg-tpzHn7fBNaapEUq88E5f\">plik w formacie .WMV (Google Drive)<\/a><\/li>\n<\/ul>\n<p>\n<style type=\"text\/css\">a[data-mtli~=\"mtli_filesize641,24kB\"]:after {content:\" (641,24 kB)\"}<\/style><\/div>\r\n                    <\/div>\r\n                <\/div>[\/vc_column][vc_column width=&#8221;2\/6&#8243;][\/vc_column][vc_column width=&#8221;1\/12&#8243;][\/vc_column][\/vc_row]<\/p>\n<style type=\"text\/css\">a[data-mtli~=\"mtli_filesize641,24kB\"]:after {content:\" (641,24 kB)\"}<\/style>","protected":false},"excerpt":{"rendered":"<p>[vc_row][vc_column width=&#8221;1\/12&#8243;][\/vc_column][vc_column width=&#8221;3\/6&#8243;][\/vc_column][vc_column width=&#8221;2\/6&#8243;][\/vc_column][vc_column width=&#8221;1\/12&#8243;][\/vc_column][\/vc_row] [&#8230;]<\/p>\n<p><a class=\"btn btn-secondary understrap-read-more-link\" href=\"https:\/\/us.edu.pl\/instytut\/ich\/dzialalnosc-naukowa\/zespoly-badawcze\/synteza-elektroaktywnych-materialow-molekularnych-dedykowanych-organicznej-elektronice\/stanislaw-krompiec\/\">Read More&#8230;<\/a><\/p>\n","protected":false},"author":99,"featured_media":0,"parent":249,"menu_order":0,"comment_status":"closed","ping_status":"closed","template":"","meta":{"_expiration-date-status":"saved","_expiration-date":0,"_expiration-date-type":"","_expiration-date-categories":[],"_expiration-date-options":[]},"acf":[],"_links":{"self":[{"href":"https:\/\/us.edu.pl\/instytut\/ich\/wp-json\/wp\/v2\/pages\/250"}],"collection":[{"href":"https:\/\/us.edu.pl\/instytut\/ich\/wp-json\/wp\/v2\/pages"}],"about":[{"href":"https:\/\/us.edu.pl\/instytut\/ich\/wp-json\/wp\/v2\/types\/page"}],"author":[{"embeddable":true,"href":"https:\/\/us.edu.pl\/instytut\/ich\/wp-json\/wp\/v2\/users\/99"}],"replies":[{"embeddable":true,"href":"https:\/\/us.edu.pl\/instytut\/ich\/wp-json\/wp\/v2\/comments?post=250"}],"version-history":[{"count":9,"href":"https:\/\/us.edu.pl\/instytut\/ich\/wp-json\/wp\/v2\/pages\/250\/revisions"}],"predecessor-version":[{"id":1495,"href":"https:\/\/us.edu.pl\/instytut\/ich\/wp-json\/wp\/v2\/pages\/250\/revisions\/1495"}],"up":[{"embeddable":true,"href":"https:\/\/us.edu.pl\/instytut\/ich\/wp-json\/wp\/v2\/pages\/249"}],"wp:attachment":[{"href":"https:\/\/us.edu.pl\/instytut\/ich\/wp-json\/wp\/v2\/media?parent=250"}],"curies":[{"name":"wp","href":"https:\/\/api.w.org\/{rel}","templated":true}]}}