{"id":2537,"date":"2023-09-20T11:04:42","date_gmt":"2023-09-20T09:04:42","guid":{"rendered":"https:\/\/us.edu.pl\/instytut\/ich\/?page_id=2537"},"modified":"2024-01-11T08:42:21","modified_gmt":"2024-01-11T07:42:21","slug":"joanna-orzel","status":"publish","type":"page","link":"https:\/\/us.edu.pl\/instytut\/ich\/dzialalnosc-naukowa\/badacze-indywidualni\/joanna-orzel\/","title":{"rendered":"dr Joanna Orze\u0142"},"content":{"rendered":"<p>[vc_row][vc_column][vc_column_text][\/vc_column_text][\/vc_column][\/vc_row][vc_row][vc_column width=&#8221;1\/12&#8243;][\/vc_column][vc_column width=&#8221;3\/6&#8243;]\r\n                <div class=\"text-modules\">\r\n                    <div class=\"container\">\r\n                        <h3 class=\"page-title text__title\">dr Joanna Orze\u0142<\/h3>\r\n                        <div class=\"text-modules__content\"><p><a href=\"https:\/\/ab.us.edu.pl\/emp?id=50122\">Uniwersytet \u015al\u0105ski<\/a><\/p>\n<p><a href=\"https:\/\/orcid.org\/0000-0002-5957-0599\">ORCID<\/a><\/p>\n<p><a href=\"https:\/\/www.researchgate.net\/profile\/Joanna_Orzel2\">Research Gate<\/a><\/p>\n<p><a href=\"https:\/\/scholar.google.com\/citations?hl=pl&amp;user=hDi6GTcAAAAJ\">Google Scholar<\/a><\/p>\n<p><a href=\"https:\/\/sites.google.com\/view\/joanna-orzel-researchpage\/strona-g%C5%82%C3%B3wna\">W\u0142asna strona<\/a><\/p>\n<hr \/>\n<p>Informacje:<\/p>\n<p>Doktorat:\u00a0<em>2015 \u2013 Uniwersytet \u015al\u0105ski w Katowicach<\/em><\/p>\n<hr \/>\n<p>Dane kontaktowe:<\/p>\n<p>e-mail: <em>joanna.orzel@us.edu.pl<br \/>\n<\/em>telefon:\u00a0<em>(32) 359-15-08<\/em><br \/>\nadres:\u00a0<em>pok.\u00a0<strong>29<\/strong>, ul. Szkolna 9, 40-006 Katowice<\/em><\/p>\n<hr \/>\n<p>Tematyka bada\u0144:<\/p>\n<p>Badania zwi\u0105zane z ocen\u0105 jako\u015bci produkt\u00f3w, rozumian\u0105 mi\u0119dzy innymi jako ich zgodno\u015b\u0107 z deklaracj\u0105 sk\u0142adu, miejsca pochodzenia, sposobu produkcji, bezpiecze\u0144stwa dla u\u017cytkownika oraz \u015brodowiska naturalnego. Badania realizowane dla produkt\u00f3w spo\u017cywczych, przetw\u00f3rstwa naftowego, przetw\u00f3rstwa tekstylnego, produkt\u00f3w oznaczanych certyfikatami jako\u015bci czy znacznikami akcyzowymi.<\/p>\n<hr \/>\n<p>Nagrody, wyr\u00f3\u017cnienia, pe\u0142nione funkcje:<\/p>\n<ul>\n<li>Nagroda Zespo\u0142owa Rektora II stopnia za dzia\u0142alno\u015b\u0107 organizacyjn\u0105 (2021)<\/li>\n<li>Nagroda Komisji chemii Analitycznej PAN za najlepsz\u0105 rozpraw\u0119 doktorsk\u0105 z analitycznej spektrometrii (2017)<\/li>\n<li>Stypendium naukowe w ramach projektu DoktoRIS (2013-2015)<\/li>\n<li>Stypendium naukowe w ramach projektu UPGOW (2012-2013)<\/li>\n<li>Stypendium naukowe Rektora U\u015a dla najlepszego doktoranta (2012-2013)<\/li>\n<\/ul>\n<hr \/>\n<p>Wsp\u00f3\u0142praca:<\/p>\n<ul>\n<li>GLOKOR Sp. z.o.o. w kwestii oceny zawarto\u015bci kwasu mlekowego w serwatce (2014-2015)<\/li>\n<\/ul>\n<hr \/>\n<p>Projekty:<\/p>\n<ul>\n<li>Indywidualny projekt zwi\u0105zany z opracowaniem metody analizy zawarto\u015bci bisfenoli w pr\u00f3bkach \u015brodowiskowych i spo\u017cywczych, Swoboda Bada\u0144, Inicjatywa Doskona\u0142o\u015bci Naukowej (edycja 2021) &#8211; kierownik<\/li>\n<li>Stability of excise duty components, NCN (2014\/13\/B\/ST4\/05007 ) &#8211; wykonawca<\/li>\n<li>Fluorescence landscapes and chemometrics as potential tool to determine the total antioxidant capacity, NCN (2011\/03\/N\/ST4\/00713) &#8211; kierownik<\/li>\n<\/ul>\n<hr \/>\n<p>Wybrane publikacje:<\/p>\n<ul>\n<li>P. Swit, J. Orzel, Towards the assessment of exposure to bisphenols in everyday items with increased accuracy by the use of integrated calibration method (ICM)-based methodology,Journal of Chromatography A, 1715 (2024)<\/li>\n<li>P. Swit, A. Pollap, J. Orzel, Spectroscopic Determination of Acetylcholine (ACh): A Representative Review, Topics in Current Chemistry, 381 (2023)<\/li>\n<li>P. Swit, J. Orzel, S. Maslanka, Investigation of the origin and concentration of polycyclic aromatic hydrocarbon with improved accuracy by the use of a multi-component integrated calibration method in the Katowice region, Poland, Journal of Hazardous Materials 448 (2023)<\/li>\n<li>P. Swit, J. Orzel, S. Maslanka, Monitoring of PAHs in simulated natural and artificial fires by HPLC-DAD-FLD with the application of Multi-Component Integrated Calibration Method to improve quality of analytical results, Measurement, 196 (2022) 111242<\/li>\n<li>J. Orzel, P. Swit, Comparison of quantitative detection methods based on molecular fluorescence spectroscopy and chromatographic techniques used for the determination of bisphenol compounds, International Journal of Molecular Science, 22 (2021) 10596<\/li>\n<li>M. Daszykowski, J. Orzel, I. Stanimirova, A. Poliwoda, D. Prukala, P. Mlynarz, Studying the stability of Solvent Red 19 and 23 as excise duty components under the influence of controlled factors, Fuel Processing Technology, 206 (2020) 106465 (Open Access)<\/li>\n<li>J. Orzel, B. Krakowska, I. Stanimirova, M. Daszykowski, Detecting chemical markers to uncover counterfeit rebated excise duty diesel oil, Talanta, 204 (2019) 229-237<\/li>\n<li>J. Poledniok, J. Orzel, J. Galeczka, R. Czoik, A highly sensitive spectrophotometric method for gallium determination with chrome azurol S in the presence of mixed cationic-nonionic surfactants and its application in plant analysis, Communications in Soil Science and Plant Analysis, 48 (2017) 936-942<\/li>\n<li>J. Orzel, M. Daszykowski, Recent trends in the use of liquid fuel taggants and their analysis, TrAC, 87 (2017) 98-111<\/li>\n<li>J. Orzel, I. Stanimirova, B. Czarnik-Matusewicz, M. Daszykowski, Prediction of hydrophilic antioxidant capacity of tomato pastes from the IR and fluorescence excitation-emission spectra of extracts and intact samples, Talanta, 138 (2015) 64\u201370<\/li>\n<li>B. Krakowska, I. Stanimirova, J. Orzel, M. Daszykowski, I. Grabowski, G. Zaleszczyk, M. Sznajder, Detection of discoloration in diesel fuel based on gas chromatographic fingerprints, Analytical and Bioanalytical Chemistry, 407 (2015) 1159-1170<\/li>\n<li>J. Orzel, M. Daszykowski, M. Kazura, D. de Beer, E. Joubert, A.E. Schulze, T. Beelders, A. de Villiers, C.J. Malherbe, B. Walczak, Modeling of the total antioxidant capacity of rooibos (Aspalathus linearis) tea infusions from chromatographic fingerprints and identification of potential antioxidant markers, Journal of Chromatography A, 1366 (2014) 101-109<\/li>\n<li>J. Orzel, M. Daszykowski, A rapid validation of the antioxidant capacity of food commodities based on their fluorescence excitation-emission spectra as applicable to coffee and peppermint extracts, Chemometrics and Intelligent Laboratory Systems, 137 (2014) 74-81<\/li>\n<li>J. Orzel, M. Daszykowski, I. Grabowski, G. Zaleszczyk, M. Sznajder, Identifying the illegal removal from diesel oil of certain chemical markers that designate excise duty, Fuel, 117 (2014) 224\u2013229<\/li>\n<li>J. Orzel, M. Daszykowski, B. Walczak, Controlling sugar quality on the basis of fluorescence fingerprints using robust calibration, Chemometrics and Intelligent Laboratory Systems, 110 (2012) 89-93<\/li>\n<li>J. Orzel, M. Daszykowski, I. Grabowski, G. Zaleszczyk, M. Sznajder, B. Walczak, Simultaneous determination of solvent yellow 124 and solvent red 19 using fluorescence spectroscopy and chemometrics, Talanta, 101 (2012) 78-84<\/li>\n<li>M. Daszykowski, J. Orzel, M.S. Wrobel, H. Czarnik-Matusewicz, B. Walczak, Improvement of classification using robust soft classification rules for near-infrared reflectance spectral data, Chemometrics and Intelligent Laboratory Systems, 109 (2011) 86-93<\/li>\n<\/ul>\n<p>&nbsp;<\/p>\n<p>&nbsp;<\/p>\n<p>&nbsp;<\/p>\n<p>&nbsp;<\/p>\n<p>\n<\/div>\r\n                    <\/div>\r\n                <\/div>[\/vc_column][vc_column width=&#8221;2\/6&#8243;][\/vc_column][vc_column width=&#8221;1\/12&#8243;][\/vc_column][\/vc_row][vc_row][vc_column][vc_column_text]<\/p>","protected":false},"excerpt":{"rendered":"<p>[vc_row][vc_column][vc_column_text][\/vc_column_text][\/vc_column][\/vc_row][vc_row][vc_column width=&#8221;1\/12&#8243;][\/vc_column][vc_column width=&#8221;3\/6&#8243;][\/vc_column][vc_column width=&#8221;2\/6&#8243;][\/vc_column][vc_column width=&#8221;1\/12&#8243;][\/vc_column][\/vc_row][vc_row][vc_column][vc_column_text] [&#8230;]<\/p>\n<p><a class=\"btn btn-secondary understrap-read-more-link\" href=\"https:\/\/us.edu.pl\/instytut\/ich\/dzialalnosc-naukowa\/badacze-indywidualni\/joanna-orzel\/\">Read More&#8230;<\/a><\/p>\n","protected":false},"author":99,"featured_media":0,"parent":128,"menu_order":0,"comment_status":"closed","ping_status":"closed","template":"","meta":{"_expiration-date-status":"","_expiration-date":0,"_expiration-date-type":"","_expiration-date-categories":[],"_expiration-date-options":[]},"acf":[],"_links":{"self":[{"href":"https:\/\/us.edu.pl\/instytut\/ich\/wp-json\/wp\/v2\/pages\/2537"}],"collection":[{"href":"https:\/\/us.edu.pl\/instytut\/ich\/wp-json\/wp\/v2\/pages"}],"about":[{"href":"https:\/\/us.edu.pl\/instytut\/ich\/wp-json\/wp\/v2\/types\/page"}],"author":[{"embeddable":true,"href":"https:\/\/us.edu.pl\/instytut\/ich\/wp-json\/wp\/v2\/users\/99"}],"replies":[{"embeddable":true,"href":"https:\/\/us.edu.pl\/instytut\/ich\/wp-json\/wp\/v2\/comments?post=2537"}],"version-history":[{"count":3,"href":"https:\/\/us.edu.pl\/instytut\/ich\/wp-json\/wp\/v2\/pages\/2537\/revisions"}],"predecessor-version":[{"id":2640,"href":"https:\/\/us.edu.pl\/instytut\/ich\/wp-json\/wp\/v2\/pages\/2537\/revisions\/2640"}],"up":[{"embeddable":true,"href":"https:\/\/us.edu.pl\/instytut\/ich\/wp-json\/wp\/v2\/pages\/128"}],"wp:attachment":[{"href":"https:\/\/us.edu.pl\/instytut\/ich\/wp-json\/wp\/v2\/media?parent=2537"}],"curies":[{"name":"wp","href":"https:\/\/api.w.org\/{rel}","templated":true}]}}