{"id":317,"date":"2020-03-25T15:19:52","date_gmt":"2020-03-25T14:19:52","guid":{"rendered":"http:\/\/us.edu.pl\/instytut\/ich\/?page_id=317"},"modified":"2021-01-26T11:29:04","modified_gmt":"2021-01-26T10:29:04","slug":"rafal-sitko","status":"publish","type":"page","link":"https:\/\/us.edu.pl\/instytut\/ich\/dzialalnosc-naukowa\/zespoly-badawcze\/chemia-analityczna\/rafal-sitko\/","title":{"rendered":"prof. dr hab. Rafa\u0142 Sitko"},"content":{"rendered":"<p>[vc_row][vc_column width=&#8221;1\/12&#8243;][\/vc_column][vc_column width=&#8221;3\/6&#8243;]\r\n                <div class=\"text-modules\">\r\n                    <div class=\"container\">\r\n                        <h3 class=\"page-title text__title\">prof. dr hab. Rafa\u0142 Sitko<\/h3>\r\n                        <div class=\"text-modules__content\"><p><a href=\"https:\/\/ab.us.edu.pl\/emp?id=24802\">Uniwersytet \u015al\u0105ski<\/a><\/p>\n<p><a href=\"https:\/\/www.scopus.com\/authid\/detail.uri?authorId=55885537900\" target=\"_blank\" rel=\"noopener noreferrer\">Scopus<\/a><\/p>\n<p><a href=\"https:\/\/orcid.org\/0000-0002-0469-5159\" target=\"_blank\" rel=\"noopener noreferrer\">ORCID<\/a><\/p>\n<hr \/>\n<p>Informacje:<\/p>\n<p>Doktorat: <em>1999 &#8211; Wydzia\u0142 Matematyki, Fizyki i Chemii Uniwersytetu \u015al\u0105skiego<\/em><br \/>\nHabilitacja: <em>2009 &#8211; Wydzia\u0142 Chemiczny Politechniki \u0141\u00f3dzkiej<\/em><br \/>\nProfesor tytularny: <em>2017<\/em><\/p>\n<hr \/>\n<p>Dane kontaktowe:<\/p>\n<p>e-mail: <em>rafal.sitko@us.edu.pl<br \/>\n<\/em>telefon: <em>(32) 359-15-56<\/em><br \/>\nadres: <em>pok. <strong>31<\/strong>, ul. Szkolna 9, 40-006 Katowice<\/em><\/p>\n<hr \/>\n<p>Nagrody, wyr\u00f3\u017cnienia, pe\u0142nione funkcje:<\/p>\n<ul>\n<li>Kierownik studi\u00f3w doktoranckich w Instytucie Chemii U\u015a<\/li>\n<li>Cz\u0142onek komitetu redakcyjnego Journal of Spectroscopy<\/li>\n<li>Cz\u0142onek Komisji Nauk Chemicznych PAN oddzia\u0142 Katowice<\/li>\n<li>Cz\u0142onek Polskiego Towarzystwa Chemicznego<\/li>\n<li>Nagrody indywidualne I, II i III stopnia za dzia\u0142alno\u015b\u0107 naukowo-badawcz\u0105 przyznane przez JM Rektora U\u015a<\/li>\n<\/ul>\n<hr \/>\n<p>Informacje o wsp\u00f3\u0142pracy z innymi o\u015brodkami\/zespo\u0142ami:<\/p>\n<ul>\n<li>Department of Chemistry, University of Girona, Girona, Hiszpania<\/li>\n<li>Institute of Earth Sciences &#8222;Jaume Almera&#8221;, CSIC, Barcelona, Hiszpania<\/li>\n<li>Institute of Environmental Assessment and Water Research, IDAEA-CSIC, Barcelona, Hiszpania<\/li>\n<li>Instytut Niskich Temperatur i Bada\u0144 Strukturalnych, Polska Akademia Nauk, Wroc\u0142aw<\/li>\n<li>Instytut Fizyki, Uniwersytet \u015al\u0105ski<\/li>\n<li>Wydzia\u0142 Nauk Przyrodniczych, Uniwersytet \u015al\u0105ski<\/li>\n<\/ul>\n<hr \/>\n<p>\n<\/div>\r\n                    <\/div>\r\n                <\/div>[\/vc_column][vc_column width=&#8221;2\/6&#8243;][\/vc_column][vc_column width=&#8221;1\/12&#8243;][\/vc_column][\/vc_row]<\/p>","protected":false},"excerpt":{"rendered":"<p>[vc_row][vc_column width=&#8221;1\/12&#8243;][\/vc_column][vc_column width=&#8221;3\/6&#8243;][\/vc_column][vc_column width=&#8221;2\/6&#8243;][\/vc_column][vc_column width=&#8221;1\/12&#8243;][\/vc_column][\/vc_row] [&#8230;]<\/p>\n<p><a class=\"btn btn-secondary understrap-read-more-link\" href=\"https:\/\/us.edu.pl\/instytut\/ich\/dzialalnosc-naukowa\/zespoly-badawcze\/chemia-analityczna\/rafal-sitko\/\">Read More&#8230;<\/a><\/p>\n","protected":false},"author":99,"featured_media":0,"parent":315,"menu_order":0,"comment_status":"closed","ping_status":"closed","template":"","meta":{"_expiration-date-status":"saved","_expiration-date":0,"_expiration-date-type":"","_expiration-date-categories":[],"_expiration-date-options":[]},"acf":[],"_links":{"self":[{"href":"https:\/\/us.edu.pl\/instytut\/ich\/wp-json\/wp\/v2\/pages\/317"}],"collection":[{"href":"https:\/\/us.edu.pl\/instytut\/ich\/wp-json\/wp\/v2\/pages"}],"about":[{"href":"https:\/\/us.edu.pl\/instytut\/ich\/wp-json\/wp\/v2\/types\/page"}],"author":[{"embeddable":true,"href":"https:\/\/us.edu.pl\/instytut\/ich\/wp-json\/wp\/v2\/users\/99"}],"replies":[{"embeddable":true,"href":"https:\/\/us.edu.pl\/instytut\/ich\/wp-json\/wp\/v2\/comments?post=317"}],"version-history":[{"count":4,"href":"https:\/\/us.edu.pl\/instytut\/ich\/wp-json\/wp\/v2\/pages\/317\/revisions"}],"predecessor-version":[{"id":1259,"href":"https:\/\/us.edu.pl\/instytut\/ich\/wp-json\/wp\/v2\/pages\/317\/revisions\/1259"}],"up":[{"embeddable":true,"href":"https:\/\/us.edu.pl\/instytut\/ich\/wp-json\/wp\/v2\/pages\/315"}],"wp:attachment":[{"href":"https:\/\/us.edu.pl\/instytut\/ich\/wp-json\/wp\/v2\/media?parent=317"}],"curies":[{"name":"wp","href":"https:\/\/api.w.org\/{rel}","templated":true}]}}

prof. dr hab. Rafał Sitko

<p>[vc_row][vc_column width=&#8221;1/12&#8243;][/vc_column][vc_column width=&#8221;3/6&#8243;]
                <div class="text-modules">
                    <div class="container">
                        <h3 class="page-title text__title">prof. dr hab. Rafał Sitko</h3>
                        <div class="text-modules__content"><p><a href="https://ab.us.edu.pl/emp?id=24802">Uniwersytet Śląski</a></p>
<p><a href="https://www.scopus.com/authid/detail.uri?authorId=55885537900" target="_blank" rel="noopener noreferrer">Scopus</a></p>
<p><a href="https://orcid.org/0000-0002-0469-5159" target="_blank" rel="noopener noreferrer">ORCID</a></p>
<hr />
<p>Informacje:</p>
<p>Doktorat: <em>1999 &#8211; Wydział Matematyki, Fizyki i Chemii Uniwersytetu Śląskiego</em><br />
Habilitacja: <em>2009 &#8211; Wydział Chemiczny Politechniki Łódzkiej</em><br />
Profesor tytularny: <em>2017</em></p>
<hr />
<p>Dane kontaktowe:</p>
<p>e-mail: <em>rafal.sitko@us.edu.pl<br />
</em>telefon: <em>(32) 359-15-56</em><br />
adres: <em>pok. <strong>31</strong>, ul. Szkolna 9, 40-006 Katowice</em></p>
<hr />
<p>Nagrody, wyróżnienia, pełnione funkcje:</p>
<ul>
<li>Kierownik studiów doktoranckich w Instytucie Chemii UŚ</li>
<li>Członek komitetu redakcyjnego Journal of Spectroscopy</li>
<li>Członek Komisji Nauk Chemicznych PAN oddział Katowice</li>
<li>Członek Polskiego Towarzystwa Chemicznego</li>
<li>Nagrody indywidualne I, II i III stopnia za działalność naukowo-badawczą przyznane przez JM Rektora UŚ</li>
</ul>
<hr />
<p>Informacje o współpracy z innymi ośrodkami/zespołami:</p>
<ul>
<li>Department of Chemistry, University of Girona, Girona, Hiszpania</li>
<li>Institute of Earth Sciences &#8222;Jaume Almera&#8221;, CSIC, Barcelona, Hiszpania</li>
<li>Institute of Environmental Assessment and Water Research, IDAEA-CSIC, Barcelona, Hiszpania</li>
<li>Instytut Niskich Temperatur i Badań Strukturalnych, Polska Akademia Nauk, Wrocław</li>
<li>Instytut Fizyki, Uniwersytet Śląski</li>
<li>Wydział Nauk Przyrodniczych, Uniwersytet Śląski</li>
</ul>
<hr />
<p>
</div>
                    </div>
                </div>[/vc_column][vc_column width=&#8221;2/6&#8243;][/vc_column][vc_column width=&#8221;1/12&#8243;][/vc_column][/vc_row]</p>
