{"id":448,"date":"2020-04-16T11:20:44","date_gmt":"2020-04-16T09:20:44","guid":{"rendered":"http:\/\/us.edu.pl\/instytut\/ich\/?page_id=448"},"modified":"2024-08-12T11:17:39","modified_gmt":"2024-08-12T09:17:39","slug":"barbara-hachula","status":"publish","type":"page","link":"https:\/\/us.edu.pl\/instytut\/ich\/dzialalnosc-naukowa\/badacze-indywidualni\/barbara-hachula\/","title":{"rendered":"dr hab. Barbara Hachu\u0142a, prof. U\u015a"},"content":{"rendered":"<p>[vc_row][vc_column][vc_column_text][\/vc_column_text][\/vc_column][\/vc_row][vc_row][vc_column][vc_column_text][\/vc_column_text][\/vc_column][\/vc_row][vc_row][vc_column width=&#8221;1\/12&#8243;][\/vc_column][vc_column width=&#8221;3\/6&#8243;]\r\n                <div class=\"text-modules\">\r\n                    <div class=\"container\">\r\n                        <h3 class=\"page-title text__title\">dr hab. Barbara Hachu\u0142a, prof. U\u015a<\/h3>\r\n                        <div class=\"text-modules__content\"><p><a href=\"https:\/\/ab.us.edu.pl\/emp?id=42871\">Uniwersytet \u015al\u0105ski<\/a><\/p>\n<p><a href=\"https:\/\/www.scopus.com\/authid\/detail.uri?authorId=16244468500\" target=\"_blank\" rel=\"noopener noreferrer\">Scopus<\/a><\/p>\n<p><a href=\"https:\/\/orcid.org\/0000-0001-9886-1076\" target=\"_blank\" rel=\"noopener noreferrer\">ORCID<\/a><\/p>\n<hr \/>\n<p>Informacje:<\/p>\n<p>Doktorat: <em>2009 &#8211; Uniwersytet \u015al\u0105ski w Katowicach<\/em><br \/>\nHabilitacja: <em>2018 &#8211; Uniwersytet \u015al\u0105ski w Katowicach<\/em><\/p>\n<hr \/>\n<p>Dane kontaktowe:<\/p>\n<p>e-mail: <em>barbara.hachula@us.edu.pl<br \/>\n<\/em>telefon: <em>(32) 359-15-98<\/em><br \/>\nadres: <em>pok. <strong>122<\/strong>, ul. Bankowa 14, 40-007 Katowice<\/em><\/p>\n<hr \/>\n<p>Informacje o wsp\u00f3\u0142pracy z innymi o\u015brodkami\/zespo\u0142ami:<\/p>\n<ul>\n<li>Dr Najeh Rekik, Physics Department, College of Sciences, University of Ha\u2019il, Saudi Arabia and Department of Chemistry, University of Alberta, Edmonton, Alberta T6G 2G2, Canada<\/li>\n<li>Dr hab. Kamil Kami\u0144ski, prof. U\u015a, Zak\u0142ad Biofizyki i Fizyki Molekularnej, Instytut Fizyki, Uniwersytet \u015al\u0105ski w Katowicach<\/li>\n<li>Dr hab. Magdalena Jab\u0142o\u0144ska-Czapla, Zak\u0142ad gospodarki odpadami i analiz \u015brodowiskowych, Instytut Podstaw In\u017cynierii \u015arodowiska Polskiej Akademii Nauk w Zabrzu<\/li>\n<li>Dr in\u017c. Agnieszka Stolarczyk, Wydzia\u0142 Chemiczny, Katedra Fizykochemii i Technologii Polimer\u00f3w, Politechnika \u015al\u0105ska, Gliwice<\/li>\n<\/ul>\n<hr \/>\n<p>Tematyka bada\u0144:<\/p>\n<p>Zainteresowania naukowe dr hab. Barbary Hachu\u0142y koncentruj\u0105 si\u0119 na badaniu oddzia\u0142ywa\u0144 mi\u0119dzymolekularnych, przy wykorzystaniu technik spektroskopii oscylacyjnej, w szczeg\u00f3lno\u015bci spektroskopii w podczerwieni. Tematyka zar\u00f3wno jej pracy doktorskiej, jak i rozprawy habilitacyjnej dotyczy\u0142a bada\u0144 w\u0142asno\u015bci spektralnych wi\u0105zania wodorowego w podczerwieni, w\u0142\u0105cznie z efektami polaryzacyjnymi, temperaturowymi i rozcie\u0144czenia izotopowego H\/D, w oparciu o struktur\u0119 elektronow\u0105 asocjuj\u0105cych cz\u0105steczek. Prowadzone obecnie badania spektroskopowe dotycz\u0105 proces\u00f3w tworzenia si\u0119 supramolekularnych struktur, o zr\u00f3\u017cnicowanej architekturze przestrzennej, w zmieniaj\u0105cych si\u0119 warunkach termodynamicznych. W\u015br\u00f3d zainteresowa\u0144 dr hab. Barbary Hachu\u0142y s\u0105 tak\u017ce badania przemian polimorficznych i innych przej\u015b\u0107 fazowych (amorfizacja, krystalizacja) metodami spektroskopii oscylacyjnej oraz zastosowanie spektroskopii i obrazowania ramanowskiego w badaniu r\u00f3\u017cnego rodzaju materia\u0142\u00f3w (m.in. materia\u0142\u00f3w farmaceutycznych, nanomateria\u0142\u00f3w oraz polimer\u00f3w).<\/p>\n<hr \/>\n<p>Projekty:<\/p>\n<ul>\n<li>Wykonawca: Projekt badawczy pt.: Innowacyjna metodyka dla produkt\u00f3w leczniczych w fazie rozwoju\u201d finansowany przez Program Operacyjny Inteligentny Rozw\u00f3j 2014-2020 Narodowego Centrum Bada\u0144 i Rozwoju (Projekty Aplikacyjne; poddzia\u0142anie 4.1.4; POIR.04.01.04-00-0142\/17-00)<\/li>\n<li>Wykonawca: Projekt badawczy pt.: Wysokoci\u015bnieniowe badania spektroskopowe i dyfrakcyjne jako klucz do zrozumienia osobliwego zachowania asocjuj\u0105cych cieczy z wi\u0105zaniami wodorowymi i oddzia\u0142ywaniami van der Waalsa\u201d finansowany przez Narodowe Centrum Nauki 2020-2024 (OPUS 18; 2019\/35\/B\/ST3\/02670)<\/li>\n<\/ul>\n<hr \/>\n<p>Wybrane publikacje:<\/p>\n<ol>\n<li>Magdalena Tarnacka, Marcin Wojtyniak, Agnieszka Brz\u00f3zka, Agnieszka Talik, <strong>Barbara Hachu\u0142a<\/strong>, Ewa Kami\u0144ska, Grzegorz D. Sulka, Kamil Kaminski, Marian Paluch, Unique Behavior of Poly(propylene glycols) Confined within Alumina Templates Having a Nanostructured Interface, Nano Letters, <strong>2020<\/strong>, 20, 8, 5714\u20135719 (IF= 11.238)<\/li>\n<li>Agnieszka Talik, Magdalena Tarnacka; Monika Geppert-Rybczynska, <strong>Barbara Hachu\u0142a<\/strong>, Roksana Bernat, Agnieszka Chrzanowska, Kamil Kaminski, Marian Paluch, Are hydrogen supramolecular structures being suppressed upon nanoscale confinement? The case of monohydroxy alcohols, Journal of Colloid and Interface Science, <strong>2020<\/strong>, 576, 217-229 (IF=7.489)<\/li>\n<li>Magdalena Tarnacka, Karolina Jurkiewicz, <strong>Barbara Hachu\u0142a<\/strong>, Zaneta Wojnarowska, Roman Wrzalik, Rafa\u0142 Bielas, Agnieszka Talik, Paulina Maksym, Kamil Kaminski, Marian Paluch, Correlation between Locally Ordered (Hydrogen-Bonded) Nanodomains and Puzzling Dynamics of Polymethysiloxane Derivative, Macromolecules, <strong>2020<\/strong>, 53, 22, 10225\u201310233 (5.918)<\/li>\n<li>Karolina Jurkiewicz, S\u0142awomir Ko\u0142odziej, <strong>Barbara Hachula<\/strong>, Katarzyna Grzybowska, Malgorzata Musial, Joanna Grelska, Rafal Bielas, Agnieszka Talik, Sebastian Pawlus, Kamil Kaminski, Marian Paluch, Interplay between structural static and dynamical parameters as a key factor to understand peculiar behaviour of associated liquids, Journal of Molecular Liquids, <strong>2020<\/strong>, 319, 114084 (IF=5.065)<\/li>\n<li>Ewa Kaminska, Aldona Minecka, Magdalena Tarnacka, <strong>Barbara Hachu\u0142a<\/strong>, Kamil Kaminski, Marian Paluch, Influence of annealing in the close vicinity of T<sub>g<\/sub> on the reorganization within dimers and its impact on the crystallization kinetics of Gemfibrozil&#8221;, Molecular Pharmaceutics, <strong>2020<\/strong>, 17, 3, 990-1000 (IF= 4.321)<\/li>\n<li>Paulina Maksym, Magdalena Tarnacka, Rafa\u0142 Bielas, <strong>Barbara Hachula<\/strong>, Adrian Zajac, Andrea Szpecht, Marcin \u015amiglak, Kamil Kaminski, Marian Paluch, Structure-property relationships of tailored imidazolium- and pyrrolidinium-based poly(ionic liquid)s. Solid-like vs. gel-like systems, Polymer, <strong>2020<\/strong>, 192, 122262-1-9 (4.231)<\/li>\n<li>Karolina Jurkiewicz, <strong>Barbara Hachu\u0142a<\/strong>, Ewa Kaminska, Katarzyna Grzybowska, Sebastian Pawlus, Roman Wrzalik, Kamil Kaminski, Marian Paluch, Relationship between Nanoscale Supramolecular Structure, Effectiveness of Hydrogen Bonds, and Appearance of Debye Process, The Journal of Physical Chemistry C <strong>2020<\/strong>, 124, 4, 2672-2679 (IF= 4.189)<\/li>\n<li>Agnieszka Talik, Magdalena Tarnacka, Monika Geppert-Rybczy\u0144ska, <strong>Barbara Hachu\u0142a<\/strong>, Kamil Kaminski, Marian Paluch, The Impact of Confinement on the Dynamics and H-Bonding Pattern in Low-Molecular Weight Poly(propylene Glycols), The Journal of Physical Chemistry C, <strong>2020<\/strong>, 124, 32, 17607\u201317621 (IF=4.189)<\/li>\n<li>Aldona Minecka, Ewa Kami\u0144ska, Karolina Jurkiewicz, Dawid Heczko, <strong>Barbara Hachu\u0142a<\/strong>, Wojciech Pisarski, Kamil Kami\u0144ski, Marian Paluch, Studies on the internal medium-range ordering and high pressure dynamics in modified ibuprofens, Physical Chemistry Chemical Physics, <strong>2020<\/strong>, 22, 295-305 (IF= 3.430)<\/li>\n<li>Rafa\u0142 Juroszek, Maria Czaja, Rados\u0142aw Lisiecki, Biljana Kr\u00fcger, <strong>Barbara Hachu\u0142a<\/strong>, Irina Galuskina, Spectroscopic and structural investigations of blue afwillite from Ma\u2019ale Adummim locality, Palestinian Autonomy, Spectrochim. Acta A <strong>2020<\/strong>, 227, 117688 (IF=3.232)<\/li>\n<li>Najeh Rekik, Henryk T. Flakus, <strong>Barbara Hachu\u0142a<\/strong>, Saed Salman, Adil Alshoaibi, Umer Farooq, How far the vibrational exciton interactions are responsible for the generation of the infrared spectra of oxindole crystals?, Spectrochimica Acta Part A: Molecular and Biomolecular Spectroscopy, <strong>2020<\/strong>, 237, 118302 (3.232)<\/li>\n<li>Katarzyna Pytlakowska, Karina Kocot, <strong>Barbara Hachula<\/strong>, Michal Pilch, Roman Wrzalik, Maciej Zubko, Determination of heavy metal ions by energy dispersive X-ray fluorescence spectrometry using reduced graphene oxide decorated with molybdenum disulfide as solid adsorbent, Spectrochimica Acta Part B: Atomic Spectroscopy, <strong>2020<\/strong>, 167, 105846 (3.086)<\/li>\n<li>Aldona Minecka, Magdalena Tarnacka, Karolina Jurkiewicz, <strong>Barbara Hachu\u0142a<\/strong>, Kamil Kaminski, Marian Paluch, Ewa Kaminska, Influence of the Internal Structure and Intermolecular Interactions on the Correlation Between Structural (\u03b1) and Secondary (\u03b2-JG)-Relaxation below the Glass Transition Temperature in Neat Probucol and its Binary Mixtures with Modified Saccharides, Journal of Physical Chemistry B, <strong>2020<\/strong>, 124, 23, 4821\u20134834 (IF= 2.857)<\/li>\n<li>Paulina Maksym, Magdalena Tarnacka, Roksana Bernat, Rafa\u0142 Bielas, Anna Miela\u0144czyk, <strong>Barbara Hachu\u0142a<\/strong>, Kamil Kaminski, Marian Paluch, Pressure-assisted strategy for the synthesis of vinyl pyrrolidone-based macro-star photoiniferters. A route to star block copolymers, Journal of Polymer Science, <strong>2020<\/strong>, 58, 10, 1393-1399 (IF=2.591)<\/li>\n<\/ol>\n<p>\n<\/div>\r\n                    <\/div>\r\n                <\/div>[\/vc_column][vc_column width=&#8221;2\/6&#8243;][vc_single_image image=&#8221;2879&#8243; img_size=&#8221;large&#8221; alignment=&#8221;center&#8221; css_animation=&#8221;top-to-bottom&#8221;][\/vc_column][vc_column width=&#8221;1\/12&#8243;][\/vc_column][\/vc_row][vc_row][vc_column][vc_column_text][\/vc_column_text][\/vc_column][\/vc_row][vc_row][vc_column][vc_column_text][\/vc_column_text][\/vc_column][\/vc_row]<\/p>","protected":false},"excerpt":{"rendered":"<p>[vc_row][vc_column][vc_column_text][\/vc_column_text][\/vc_column][\/vc_row][vc_row][vc_column][vc_column_text][\/vc_column_text][\/vc_column][\/vc_row][vc_row][vc_column width=&#8221;1\/12&#8243;][\/vc_column][vc_column width=&#8221;3\/6&#8243;][\/vc_column][vc_column width=&#8221;2\/6&#8243;][vc_single_image image=&#8221;2879&#8243; img_size=&#8221;large&#8221; alignment=&#8221;center&#8221; css_animation=&#8221;top-to-bottom&#8221;][\/vc_column][vc_column width=&#8221;1\/12&#8243;][\/vc_column][\/vc_row][vc_row][vc_column][vc_column_text][\/vc_column_text][\/vc_column][\/vc_row][vc_row][vc_column][vc_column_text][\/vc_column_text][\/vc_column][\/vc_row] [&#8230;]<\/p>\n<p><a class=\"btn btn-secondary understrap-read-more-link\" href=\"https:\/\/us.edu.pl\/instytut\/ich\/dzialalnosc-naukowa\/badacze-indywidualni\/barbara-hachula\/\">Read More&#8230;<\/a><\/p>\n","protected":false},"author":99,"featured_media":0,"parent":128,"menu_order":0,"comment_status":"closed","ping_status":"closed","template":"","meta":{"_expiration-date-status":"","_expiration-date":0,"_expiration-date-type":"","_expiration-date-categories":[],"_expiration-date-options":[]},"acf":[],"_links":{"self":[{"href":"https:\/\/us.edu.pl\/instytut\/ich\/wp-json\/wp\/v2\/pages\/448"}],"collection":[{"href":"https:\/\/us.edu.pl\/instytut\/ich\/wp-json\/wp\/v2\/pages"}],"about":[{"href":"https:\/\/us.edu.pl\/instytut\/ich\/wp-json\/wp\/v2\/types\/page"}],"author":[{"embeddable":true,"href":"https:\/\/us.edu.pl\/instytut\/ich\/wp-json\/wp\/v2\/users\/99"}],"replies":[{"embeddable":true,"href":"https:\/\/us.edu.pl\/instytut\/ich\/wp-json\/wp\/v2\/comments?post=448"}],"version-history":[{"count":6,"href":"https:\/\/us.edu.pl\/instytut\/ich\/wp-json\/wp\/v2\/pages\/448\/revisions"}],"predecessor-version":[{"id":2882,"href":"https:\/\/us.edu.pl\/instytut\/ich\/wp-json\/wp\/v2\/pages\/448\/revisions\/2882"}],"up":[{"embeddable":true,"href":"https:\/\/us.edu.pl\/instytut\/ich\/wp-json\/wp\/v2\/pages\/128"}],"wp:attachment":[{"href":"https:\/\/us.edu.pl\/instytut\/ich\/wp-json\/wp\/v2\/media?parent=448"}],"curies":[{"name":"wp","href":"https:\/\/api.w.org\/{rel}","templated":true}]}}