{"id":1119,"date":"2021-03-26T09:49:20","date_gmt":"2021-03-26T08:49:20","guid":{"rendered":"https:\/\/us.edu.pl\/instytut\/idkm\/?page_id=1119"},"modified":"2021-03-26T09:53:32","modified_gmt":"2021-03-26T08:53:32","slug":"odeszla-ilona-neffe","status":"publish","type":"page","link":"https:\/\/us.edu.pl\/instytut\/idkm\/dla-pracownika\/ogloszenia-biezace\/odeszla-ilona-neffe\/","title":{"rendered":"Odesz\u0142a Ilona Neffe"},"content":{"rendered":"<p><\/p>\n<p style=\"padding-left: 40px\"><span style=\"font-size: 14pt\">Z wielkim smutkiem zawiadamiamy, \u017ce odesz\u0142a z naszej wsp\u00f3lnoty akademickiej Pani mgr Ilona Neffe, wieloletnia Pracownica Instytutu Nauk Politycznych i Dziennikarstwa U\u015a oraz Instytutu Dziennikarstwa i Komunikacji Medialnej U\u015a.<\/span><br \/>\n<span style=\"font-size: 14pt\">Z pasj\u0105 przekazywa\u0142a swoj\u0105 wiedz\u0119 na temat nowych technologii. B\u0119dziemy J\u0105 wspomina\u0107 jako osob\u0119 niezwykle zaanga\u017cowan\u0105 w kszta\u0142cenie wielu pokole\u0144 student\u00f3w, \u017cyczliw\u0105 i kompetentn\u0105.<\/span><br \/>\n<span style=\"font-size: 14pt\">Cze\u015b\u0107 Jej pami\u0119ci!<\/span><\/p>\n<p style=\"text-align: center\"><img class=\"alignnone wp-image-1116\" src=\"https:\/\/us.edu.pl\/instytut\/idkm\/wp-content\/uploads\/sites\/30\/Nieprzypisane\/DSCF7fghk6fgdfdf12-300x200.jpg\" alt=\"\" width=\"640\" height=\"427\" srcset=\"https:\/\/us.edu.pl\/instytut\/idkm\/wp-content\/uploads\/sites\/30\/Nieprzypisane\/DSCF7fghk6fgdfdf12-300x200.jpg 300w, https:\/\/us.edu.pl\/instytut\/idkm\/wp-content\/uploads\/sites\/30\/Nieprzypisane\/DSCF7fghk6fgdfdf12-768x512.jpg 768w, https:\/\/us.edu.pl\/instytut\/idkm\/wp-content\/uploads\/sites\/30\/Nieprzypisane\/DSCF7fghk6fgdfdf12-575x383.jpg 575w, https:\/\/us.edu.pl\/instytut\/idkm\/wp-content\/uploads\/sites\/30\/Nieprzypisane\/DSCF7fghk6fgdfdf12.jpg 960w\" sizes=\"(max-width: 640px) 100vw, 640px\" \/><\/p>\n<p><\/p>","protected":false},"excerpt":{"rendered":"<p>Z wielkim smutkiem zawiadamiamy, \u017ce odesz\u0142a z naszej wsp\u00f3lnoty akademickiej Pani mgr Ilona Neffe, wieloletnia Pracownica Instytutu Nauk Politycznych i Dziennikarstwa U\u015a oraz Instytutu Dziennikarstwa i Komunikacji Medialnej U\u015a. Z pasj\u0105 przekazywa\u0142a swoj\u0105 wiedz\u0119 na temat nowych technologii. B\u0119dziemy J\u0105 wspomina\u0107 jako osob\u0119 niezwykle zaanga\u017cowan\u0105 w kszta\u0142cenie wielu pokole\u0144 student\u00f3w, \u017cyczliw\u0105 i kompetentn\u0105. Cze\u015b\u0107 Jej [&#8230;]<\/p>\n<p><a class=\"btn btn-secondary understrap-read-more-link\" href=\"https:\/\/us.edu.pl\/instytut\/idkm\/dla-pracownika\/ogloszenia-biezace\/odeszla-ilona-neffe\/\">Read More&#8230;<\/a><\/p>\n","protected":false},"author":202,"featured_media":1116,"parent":182,"menu_order":0,"comment_status":"closed","ping_status":"closed","template":"","meta":{"_expiration-date-status":"saved","_expiration-date":0,"_expiration-date-type":"","_expiration-date-categories":[],"_expiration-date-options":[]},"acf":[],"_links":{"self":[{"href":"https:\/\/us.edu.pl\/instytut\/idkm\/wp-json\/wp\/v2\/pages\/1119"}],"collection":[{"href":"https:\/\/us.edu.pl\/instytut\/idkm\/wp-json\/wp\/v2\/pages"}],"about":[{"href":"https:\/\/us.edu.pl\/instytut\/idkm\/wp-json\/wp\/v2\/types\/page"}],"author":[{"embeddable":true,"href":"https:\/\/us.edu.pl\/instytut\/idkm\/wp-json\/wp\/v2\/users\/202"}],"replies":[{"embeddable":true,"href":"https:\/\/us.edu.pl\/instytut\/idkm\/wp-json\/wp\/v2\/comments?post=1119"}],"version-history":[{"count":2,"href":"https:\/\/us.edu.pl\/instytut\/idkm\/wp-json\/wp\/v2\/pages\/1119\/revisions"}],"predecessor-version":[{"id":1123,"href":"https:\/\/us.edu.pl\/instytut\/idkm\/wp-json\/wp\/v2\/pages\/1119\/revisions\/1123"}],"up":[{"embeddable":true,"href":"https:\/\/us.edu.pl\/instytut\/idkm\/wp-json\/wp\/v2\/pages\/182"}],"wp:featuredmedia":[{"embeddable":true,"href":"https:\/\/us.edu.pl\/instytut\/idkm\/wp-json\/wp\/v2\/media\/1116"}],"wp:attachment":[{"href":"https:\/\/us.edu.pl\/instytut\/idkm\/wp-json\/wp\/v2\/media?parent=1119"}],"curies":[{"name":"wp","href":"https:\/\/api.w.org\/{rel}","templated":true}]}}

Odeszła Ilona Neffe

<p></p>
<p style="padding-left: 40px"><span style="font-size: 14pt">Z wielkim smutkiem zawiadamiamy, że odeszła z naszej wspólnoty akademickiej Pani mgr Ilona Neffe, wieloletnia Pracownica Instytutu Nauk Politycznych i Dziennikarstwa UŚ oraz Instytutu Dziennikarstwa i Komunikacji Medialnej UŚ.</span><br />
<span style="font-size: 14pt">Z pasją przekazywała swoją wiedzę na temat nowych technologii. Będziemy Ją wspominać jako osobę niezwykle zaangażowaną w kształcenie wielu pokoleń studentów, życzliwą i kompetentną.</span><br />
<span style="font-size: 14pt">Cześć Jej pamięci!</span></p>
<p style="text-align: center"><img class="alignnone wp-image-1116" src="https://us.edu.pl/instytut/idkm/wp-content/uploads/sites/30/Nieprzypisane/DSCF7fghk6fgdfdf12-300x200.jpg" alt="" width="640" height="427" srcset="https://us.edu.pl/instytut/idkm/wp-content/uploads/sites/30/Nieprzypisane/DSCF7fghk6fgdfdf12-300x200.jpg 300w, https://us.edu.pl/instytut/idkm/wp-content/uploads/sites/30/Nieprzypisane/DSCF7fghk6fgdfdf12-768x512.jpg 768w, https://us.edu.pl/instytut/idkm/wp-content/uploads/sites/30/Nieprzypisane/DSCF7fghk6fgdfdf12-575x383.jpg 575w, https://us.edu.pl/instytut/idkm/wp-content/uploads/sites/30/Nieprzypisane/DSCF7fghk6fgdfdf12.jpg 960w" sizes="(max-width: 640px) 100vw, 640px" /></p>
<p></p>

<p>Z wielkim smutkiem zawiadamiamy, że odeszła z naszej wspólnoty akademickiej Pani mgr Ilona Neffe, wieloletnia Pracownica Instytutu Nauk Politycznych i Dziennikarstwa UŚ oraz Instytutu Dziennikarstwa i Komunikacji Medialnej UŚ. Z pasją przekazywała swoją wiedzę na temat nowych technologii. Będziemy Ją wspominać jako osobę niezwykle zaangażowaną w kształcenie wielu pokoleń studentów, życzliwą i kompetentną. Cześć Jej [&#8230;]</p>
<p><a class="btn btn-secondary understrap-read-more-link" href="https://us.edu.pl/instytut/idkm/dla-pracownika/ogloszenia-biezace/odeszla-ilona-neffe/">Read More&#8230;</a></p>
