{"id":2507,"date":"2025-05-08T21:00:11","date_gmt":"2025-05-08T19:00:11","guid":{"rendered":"https:\/\/us.edu.pl\/instytut\/idkm\/?page_id=2507"},"modified":"2025-05-08T21:18:41","modified_gmt":"2025-05-08T19:18:41","slug":"dla-studenta","status":"publish","type":"page","link":"https:\/\/us.edu.pl\/instytut\/idkm\/dla-studenta\/","title":{"rendered":"dla studenta"},"content":{"rendered":"<p><\/p>\n<h3 style=\"padding-left: 40px;\"><span style=\"font-size: 18pt;\">Procedura odbywania i zaliczania praktyk &#8211; informacje og\u00f3lne:<\/span><\/h3>\n<p style=\"padding-left: 40px;\"><span style=\"font-size: 18pt;\">OPIEKUNOWIE PRAKTYK:<\/span><\/p>\n<ul>\n<li style=\"list-style-type: none;\">\n<ul>\n<li><span style=\"font-size: 18pt;\">dr Barnard Grzonka, prof. U\u015a \u2013 I stopie\u0144 studi\u00f3w stacjonarnych &#8211; I rok (pierwsza praktyka, zaliczenie po II roku) oraz studia niestacjonarne I stopnia;<\/span><\/li>\n<li><span style=\"font-size: 18pt;\">dr hab. Miros\u0142awa Wielopolska-Szymura &#8211; III rok (druga praktyka, zaliczenie po 6 semestrze) na studiach I stopnia oraz praktyka na II stopniu st. stacjonarnych.<\/span><\/li>\n<\/ul>\n<\/li>\n<\/ul>\n<p style=\"padding-left: 40px;\"><span style=\"font-size: 18pt;\"><strong>Praktyki mo\u017cna realizowa\u0107 w dowolnym miejscu \u2013 firmie, organizacji, instytucji \u2013 kt\u00f3rej dzia\u0142alno\u015b\u0107 zgodna jest z programem i efektami uczenia si\u0119 dla kierunku studi\u00f3w dziennikarstwo i komunikacja spo\u0142eczna. Czas praktyki to \u0142\u0105cznie 160 godzin (mo\u017ce by\u0107 realizowana jako praktyka miesi\u0119czna lub roz\u0142o\u017cona w czasie).<\/strong><\/span><\/p>\n<p style=\"padding-left: 40px;\"><span style=\"font-size: 18pt;\"><strong>I. W przypadku tradycyjnych praktyk wakacyjnych wymagane jest:<\/strong><\/span><\/p>\n<ul>\n<li style=\"list-style-type: none;\">\n<ul>\n<li><span style=\"font-size: 18pt;\">Porozumienie o praktykach (2 egz.),<\/span><\/li>\n<li><span style=\"font-size: 18pt;\">Skierowanie na praktyki;<\/span><\/li>\n<li><span style=\"font-size: 18pt;\">O\u015bwiadczenie uczestnika praktyki;<\/span><\/li>\n<li><span style=\"font-size: 18pt;\">Raport z praktyk podpisany (plus piecz\u0105tka) przez przedstawiciela firmy.<\/span><\/li>\n<\/ul>\n<\/li>\n<\/ul>\n<p style=\"padding-left: 40px;\"><span style=\"font-size: 18pt;\">Aby rozpocz\u0105\u0107 praktyk\u0119, niezb\u0119dne jest wystawienie przez U\u015a Porozumienia\u00a0o praktykach &#8211; wystawia je opiekun praktyk, podpisuje Pani Prodziekan dr M. \u017bak. Aby je uzyska\u0107, nale\u017cy przes\u0142a\u0107 do opiekuna (emailem lub czat w MSTeams) na <strong>CO NAJMNIEJ DWA TYGODNIE<\/strong> przed terminem rozpocz\u0119cia praktyk informacje o:<\/span><\/p>\n<ul>\n<li style=\"list-style-type: none;\">\n<ul>\n<li><span style=\"font-size: 18pt;\">danych studenta\/ki (nazwisko, imi\u0119, rok i poziom studi\u00f3w).<\/span><\/li>\n<li><span style=\"font-size: 18pt;\">miejscu praktyki (nazwa i pe\u0142en adres firmy),<\/span><\/li>\n<li><span style=\"font-size: 18pt;\">termin praktyki (od &#8211; do, nie mniej ni\u017c 160h);<\/span><\/li>\n<li><span style=\"font-size: 18pt;\">nazwisko osoby upowa\u017cnionej do podpisania Porozumienia w imieniu firmy\/instytucji<\/span><\/li>\n<\/ul>\n<\/li>\n<\/ul>\n<p style=\"padding-left: 40px;\"><span style=\"font-size: 18pt;\"><em>Wcze\u015bniejsze wyst\u0105pienie o Porozumienie jest niezb\u0119dne, poniewa\u017c Pani Dziekan nie zawsze jest dost\u0119pna i nie zawsze od razu mo\u017ce podpisa\u0107 Porozumienie, ponadto, powinno ono by\u0107 podpisane PRZED realizacj\u0105 praktyki, nie w trakcie lub po. Po podpisaniu dokument\u00f3w zostanie przekazana wiadomo\u015b\u0107 o mo\u017cliwo\u015bci ich odbioru (w pokoju 10, WNS, w godz. 8.00-14.30). <\/em><\/span><\/p>\n<ul>\n<li style=\"list-style-type: none;\">\n<ul>\n<li><span style=\"font-size: 18pt;\"><strong>Porozumienie trzeba przekaza\u0107 do podpisu firmie, jeden egzemplarz nale\u017cy przynie\u015b\u0107 z powrotem wraz z O\u015bwiadczeniem\u00a0<\/strong>(mo\u017ce by\u0107 przy rozliczeniu praktyki).<\/span><\/li>\n<li><span style=\"font-size: 18pt;\"><strong>Skierowanie nale\u017cy zostawi\u0107 w firmie<\/strong>, w kt\u00f3rej s\u0105 praktyki (nam niepotrzebne).<\/span><\/li>\n<li><span style=\"font-size: 18pt;\"><strong>Raport z praktyki wype\u0142niony, podpisany wraz z piecz\u0119ci\u0105 firmy\/instytucji<\/strong>, powinien by\u0107 dostarczony po zako\u0144czeniu praktyk do zaliczenia przez opiekuna praktyki i przekazany do Dziekanatu (do akt osobowych studenta\/ki).<\/span><\/li>\n<\/ul>\n<\/li>\n<\/ul>\n<p style=\"padding-left: 40px;\"><span style=\"font-size: 18pt;\"><strong>II.\u00a0Zaliczenie praktyki na podstawie udokumentowanej pracy zawodowej lub sta\u0142ej wsp\u00f3\u0142pracy z mediami:<\/strong><\/span><\/p>\n<p style=\"padding-left: 40px;\"><span style=\"font-size: 18pt;\">Istnieje mo\u017cliwo\u015b\u0107 uznania pracy zawodowej (zgodnej z kierunkiem studi\u00f3w i efektami uczenia si\u0119 dla kierunku), sta\u0142ej wsp\u00f3\u0142pracy z mediami akademickimi (lub innymi), wydawnictwami, agencjami reklamy lub PR, lub innej dzia\u0142alno\u015bci (np. ob\u00f3z dziennikarski), je\u015bli spe\u0142niaj\u0105 podstawowe kryteria, za praktyki.<\/span><\/p>\n<p style=\"padding-left: 40px;\"><span style=\"font-size: 18pt;\">Nale\u017cy dostarczy\u0107 do opiekuna praktyki:<\/span><\/p>\n<ul>\n<li style=\"list-style-type: none;\">\n<ul>\n<li><span style=\"font-size: 18pt;\"><strong>Wniosek o z<\/strong><strong>aliczenie praktyki na podstawie udokumentowanej pracy zawodowej<\/strong>,<\/span><\/li>\n<li><span style=\"font-size: 18pt;\">Za\u015bwiadczenie o zatrudnieniu lub kopi\u0119 umowy\u00a0o prac\u0119 (do wgl\u0105du),<\/span><\/li>\n<li><span style=\"font-size: 18pt;\">Raport z praktyk podpisany przez pracodawc\u0119 (z piecz\u0105tk\u0105)<\/span><\/li>\n<\/ul>\n<\/li>\n<\/ul>\n<p style=\"padding-left: 40px;\"><span style=\"font-size: 18pt;\">W nietypowych sytuacjach (bran\u017ca, rodzaj wykonywanych dzia\u0142a\u0144,\u00a0przeniesienie praktyki z\u00a0poprzedniego\u00a0semestru)\u00a0nale\u017cy zwraca\u0107 si\u0119 indywidualnie do opiekuna praktyki.<\/span><\/p>\n<p style=\"padding-left: 40px;\"><span style=\"font-size: 18pt;\"><strong>WSZELKIE SPRAWY Z DOKUMENTACJ\u0104 NA PRAKTYKI NALE\u017bY ZA\u0141ATWI\u0106 DO KO\u0143CA CZERWCA<\/strong> &#8211; <strong>W LIPCU I SIERPNIU NIE B\u0118DZIE JU\u017b TAKIEJ MO\u017bLIWO\u015aCI<\/strong> (URLOPY NA WYDZIALE). KOLEJNA MO\u017bLIWO\u015a\u0106 WYSTAWIANIA DOKUMENT\u00d3W I ZALICZE\u0143 B\u0118DZIE <strong>WE WRZE\u015aNIU<\/strong>.<\/span><\/p>\n<p style=\"padding-left: 40px;\"><span style=\"font-size: 18pt;\">Wpis\u00f3w w USOS opiekun praktyki dokonuje\u00a0na podstawie z\u0142o\u017conych dokument\u00f3w. Po uzyskaniu zaliczenia student\/ka dostarcza dokumenty do Dziekanatu.<\/span><\/p>\n<p style=\"padding-left: 40px;\"><span style=\"font-size: 18pt;\">Osoby, kt\u00f3re nie uzyska\u0142y zaliczenia za praktyk\u0119 w terminie sesji, wyst\u0119puj\u0105 o przed\u0142u\u017cenie sesji, a je\u015bli nadal nie zrealizuj\u0105 praktyki, wyst\u0119puj\u0105 o powtarzanie modu\u0142u<\/span><\/p>\n<h3 style=\"text-align: center;\">NIEZB\u0118DNE DOKUMENTY:<\/h3>\n<hr \/>\n<p style=\"text-align: center;\"><strong><span style=\"font-size: 18pt;\"><a href=\"https:\/\/us.edu.pl\/instytut\/idkm\/wp-content\/uploads\/sites\/30\/Bez-kategorii\/praktyki_oswiadczenie-1.docx\" class=\"mtli_attachment mtli_docx\" data-mtli=\"mtli_filesize12,83kB\">O\u015aWIADCZENIE<\/a><\/span><\/strong><\/p>\n<p style=\"text-align: center;\"><strong><span style=\"font-size: 18pt;\"><a href=\"https:\/\/us.edu.pl\/instytut\/idkm\/wp-content\/uploads\/sites\/30\/slider\/praktyki_raport.docx\" class=\"mtli_attachment mtli_docx\" data-mtli=\"mtli_filesize14,94kB\">RAPORT<\/a><\/span><\/strong><\/p>\n<p style=\"text-align: center;\"><strong><span style=\"font-size: 18pt;\"><a href=\"https:\/\/us.edu.pl\/instytut\/idkm\/wp-content\/uploads\/sites\/30\/slider\/praktyki_zgoda.docx\" class=\"mtli_attachment mtli_docx\" data-mtli=\"mtli_filesize14,96kB\">WNIOSEK<\/a><\/span><\/strong><\/p>\n<p><\/p>\n<style type=\"text\/css\">a[data-mtli~=\"mtli_filesize12,83kB\"]:after {content:\" (12,83 kB)\"}a[data-mtli~=\"mtli_filesize14,94kB\"]:after {content:\" (14,94 kB)\"}a[data-mtli~=\"mtli_filesize14,96kB\"]:after {content:\" (14,96 kB)\"}<\/style>","protected":false},"excerpt":{"rendered":"<p>Procedura odbywania i zaliczania praktyk &#8211; informacje og\u00f3lne: OPIEKUNOWIE PRAKTYK: dr Barnard Grzonka, prof. U\u015a \u2013 I stopie\u0144 studi\u00f3w stacjonarnych &#8211; I rok (pierwsza praktyka, zaliczenie po II roku) oraz studia niestacjonarne I stopnia; dr hab. Miros\u0142awa Wielopolska-Szymura &#8211; III rok (druga praktyka, zaliczenie po 6 semestrze) na studiach I stopnia oraz praktyka na II [&#8230;]<\/p>\n<p><a class=\"btn btn-secondary understrap-read-more-link\" href=\"https:\/\/us.edu.pl\/instytut\/idkm\/dla-studenta\/\">Read More&#8230;<\/a><\/p>\n","protected":false},"author":202,"featured_media":2514,"parent":0,"menu_order":0,"comment_status":"closed","ping_status":"closed","template":"","meta":{"_expiration-date-status":"","_expiration-date":0,"_expiration-date-type":"","_expiration-date-categories":[],"_expiration-date-options":[]},"acf":[],"_links":{"self":[{"href":"https:\/\/us.edu.pl\/instytut\/idkm\/wp-json\/wp\/v2\/pages\/2507"}],"collection":[{"href":"https:\/\/us.edu.pl\/instytut\/idkm\/wp-json\/wp\/v2\/pages"}],"about":[{"href":"https:\/\/us.edu.pl\/instytut\/idkm\/wp-json\/wp\/v2\/types\/page"}],"author":[{"embeddable":true,"href":"https:\/\/us.edu.pl\/instytut\/idkm\/wp-json\/wp\/v2\/users\/202"}],"replies":[{"embeddable":true,"href":"https:\/\/us.edu.pl\/instytut\/idkm\/wp-json\/wp\/v2\/comments?post=2507"}],"version-history":[{"count":8,"href":"https:\/\/us.edu.pl\/instytut\/idkm\/wp-json\/wp\/v2\/pages\/2507\/revisions"}],"predecessor-version":[{"id":2544,"href":"https:\/\/us.edu.pl\/instytut\/idkm\/wp-json\/wp\/v2\/pages\/2507\/revisions\/2544"}],"wp:featuredmedia":[{"embeddable":true,"href":"https:\/\/us.edu.pl\/instytut\/idkm\/wp-json\/wp\/v2\/media\/2514"}],"wp:attachment":[{"href":"https:\/\/us.edu.pl\/instytut\/idkm\/wp-json\/wp\/v2\/media?parent=2507"}],"curies":[{"name":"wp","href":"https:\/\/api.w.org\/{rel}","templated":true}]}}