{"id":744,"date":"2020-11-08T11:28:10","date_gmt":"2020-11-08T10:28:10","guid":{"rendered":"https:\/\/us.edu.pl\/instytut\/idkm\/?page_id=744"},"modified":"2020-11-08T11:28:27","modified_gmt":"2020-11-08T10:28:27","slug":"odszedl-profesor-zbigniew-oniszczuk","status":"publish","type":"page","link":"https:\/\/us.edu.pl\/instytut\/idkm\/odszedl-profesor-zbigniew-oniszczuk\/","title":{"rendered":"Odszed\u0142 Profesor Zbigniew Oniszczuk"},"content":{"rendered":"<p><\/p>\n<p style=\"padding-left: 40px\"><span style=\"font-size: 14pt\">Z wielkim b\u00f3lem i smutkiem pragniemy Pa\u0144stwa powiadomi\u0107, \u017ce po ci\u0119\u017ckiej chorobie odszed\u0142 od nas Dr hab. Prof. U\u015a Zbigniew Oniszczuk.<\/span><br \/>\n<span style=\"font-size: 14pt\">By\u0142 wspania\u0142ym naukowcem i niezwykle znan\u0105 postaci\u0105 \u015brodowiska medioznawc\u00f3w. Dla nas wszystkich to ogromny cios, \u017ce zn\u00f3w \u017cegnamy si\u0119 z kim\u015b, kto tworzy\u0142 nasz\u0105 wsp\u00f3lnot\u0119 akademick\u0105.<\/span><\/p>\n<p><\/p>","protected":false},"excerpt":{"rendered":"<p>Z wielkim b\u00f3lem i smutkiem pragniemy Pa\u0144stwa powiadomi\u0107, \u017ce po ci\u0119\u017ckiej chorobie odszed\u0142 od nas Dr hab. Prof. U\u015a Zbigniew Oniszczuk. By\u0142 wspania\u0142ym naukowcem i niezwykle znan\u0105 postaci\u0105 \u015brodowiska medioznawc\u00f3w. Dla nas wszystkich to ogromny cios, \u017ce zn\u00f3w \u017cegnamy si\u0119 z kim\u015b, kto tworzy\u0142 nasz\u0105 wsp\u00f3lnot\u0119 akademick\u0105. [&#8230;]<\/p>\n<p><a class=\"btn btn-secondary understrap-read-more-link\" href=\"https:\/\/us.edu.pl\/instytut\/idkm\/odszedl-profesor-zbigniew-oniszczuk\/\">Read More&#8230;<\/a><\/p>\n","protected":false},"author":202,"featured_media":745,"parent":0,"menu_order":0,"comment_status":"closed","ping_status":"closed","template":"","meta":{"_expiration-date-status":"saved","_expiration-date":0,"_expiration-date-type":"","_expiration-date-categories":[],"_expiration-date-options":[]},"acf":[],"_links":{"self":[{"href":"https:\/\/us.edu.pl\/instytut\/idkm\/wp-json\/wp\/v2\/pages\/744"}],"collection":[{"href":"https:\/\/us.edu.pl\/instytut\/idkm\/wp-json\/wp\/v2\/pages"}],"about":[{"href":"https:\/\/us.edu.pl\/instytut\/idkm\/wp-json\/wp\/v2\/types\/page"}],"author":[{"embeddable":true,"href":"https:\/\/us.edu.pl\/instytut\/idkm\/wp-json\/wp\/v2\/users\/202"}],"replies":[{"embeddable":true,"href":"https:\/\/us.edu.pl\/instytut\/idkm\/wp-json\/wp\/v2\/comments?post=744"}],"version-history":[{"count":1,"href":"https:\/\/us.edu.pl\/instytut\/idkm\/wp-json\/wp\/v2\/pages\/744\/revisions"}],"predecessor-version":[{"id":746,"href":"https:\/\/us.edu.pl\/instytut\/idkm\/wp-json\/wp\/v2\/pages\/744\/revisions\/746"}],"wp:featuredmedia":[{"embeddable":true,"href":"https:\/\/us.edu.pl\/instytut\/idkm\/wp-json\/wp\/v2\/media\/745"}],"wp:attachment":[{"href":"https:\/\/us.edu.pl\/instytut\/idkm\/wp-json\/wp\/v2\/media?parent=744"}],"curies":[{"name":"wp","href":"https:\/\/api.w.org\/{rel}","templated":true}]}}

Odszedł Profesor Zbigniew Oniszczuk

<p></p>
<p style="padding-left: 40px"><span style="font-size: 14pt">Z wielkim bólem i smutkiem pragniemy Państwa powiadomić, że po ciężkiej chorobie odszedł od nas Dr hab. Prof. UŚ Zbigniew Oniszczuk.</span><br />
<span style="font-size: 14pt">Był wspaniałym naukowcem i niezwykle znaną postacią środowiska medioznawców. Dla nas wszystkich to ogromny cios, że znów żegnamy się z kimś, kto tworzył naszą wspólnotę akademicką.</span></p>
<p></p>

<p>Z wielkim bólem i smutkiem pragniemy Państwa powiadomić, że po ciężkiej chorobie odszedł od nas Dr hab. Prof. UŚ Zbigniew Oniszczuk. Był wspaniałym naukowcem i niezwykle znaną postacią środowiska medioznawców. Dla nas wszystkich to ogromny cios, że znów żegnamy się z kimś, kto tworzył naszą wspólnotę akademicką. [&#8230;]</p>
<p><a class="btn btn-secondary understrap-read-more-link" href="https://us.edu.pl/instytut/idkm/odszedl-profesor-zbigniew-oniszczuk/">Read More&#8230;</a></p>
