{"id":7720,"date":"2025-11-13T17:11:16","date_gmt":"2025-11-13T16:11:16","guid":{"rendered":"https:\/\/us.edu.pl\/instytut\/ifiz\/?post_type=event&#038;p=7720"},"modified":"2025-12-02T11:43:44","modified_gmt":"2025-12-02T10:43:44","slug":"kwantowy-swiat-czy-wiemy-juz-czego-nie-wiemy","status":"publish","type":"event","link":"https:\/\/us.edu.pl\/instytut\/ifiz\/event\/kwantowy-swiat-czy-wiemy-juz-czego-nie-wiemy\/","title":{"rendered":"Kwantowy \u015bwiat: czy wiemy ju\u017c czego nie wiemy?"},"content":{"rendered":"<p><strong><span style=\"font-size: 14pt;\">2025 Rokiem Kwantowej Nauki i Technologii<\/span><\/strong><\/p>\n<p><span style=\"font-size: 14pt;\">Jak to mo\u017cliwe, \u017ce cz\u0105stka mo\u017ce by\u0107 w dw\u00f3ch miejscach naraz? Czy spl\u0105tanie dzia\u0142a na odleg\u0142o\u015b\u0107? I co fizyka kwantowa ma wsp\u00f3lnego z komputerami przysz\u0142o\u015bci, r\u00f3wnie\u017c tymi umo\u017cliwiaj\u0105cymi rozw\u00f3j AI?<\/span><\/p>\n<p><span style=\"font-size: 14pt;\">Zapraszamy uczni\u00f3w szk\u00f3\u0142 \u015brednich na wyj\u0105tkowe spotkanie z nauk\u0105, kt\u00f3ra zmienia nasz spos\u00f3b my\u015blenia o \u015bwiecie i kszta\u0142tuje technologie jutra.<\/span><\/p>\n<p><span style=\"font-size: 14pt;\">W programie wyst\u0105pienia profesor\u00f3w akademickich, popularyzator\u00f3w nauki oraz przedstawicieli \u015bwiata biznesu, kt\u00f3rzy poka\u017c\u0105, jak fizyka kwantowa znajduje zastosowanie w przemy\u015ble i informatyce.<\/span><\/p>\n<p><span style=\"font-size: 14pt;\">Zrozum \u2013 zobacz \u2013 zapytaj. \u015awiat kwant\u00f3w czeka!<\/span><\/p>","protected":false},"excerpt":{"rendered":"<p>2025 Rokiem Kwantowej Nauki i Technologii Jak to mo\u017cliwe, \u017ce cz\u0105stka mo\u017ce by\u0107 w dw\u00f3ch miejscach naraz? Czy spl\u0105tanie dzia\u0142a na odleg\u0142o\u015b\u0107? I co fizyka kwantowa ma wsp\u00f3lnego z komputerami przysz\u0142o\u015bci, r\u00f3wnie\u017c tymi umo\u017cliwiaj\u0105cymi rozw\u00f3j AI? Zapraszamy uczni\u00f3w szk\u00f3\u0142 \u015brednich na wyj\u0105tkowe spotkanie z nauk\u0105, kt\u00f3ra zmienia nasz spos\u00f3b my\u015blenia o \u015bwiecie i kszta\u0142tuje technologie [&#8230;]<\/p>\n<p><a class=\"btn btn-secondary understrap-read-more-link\" href=\"https:\/\/us.edu.pl\/instytut\/ifiz\/event\/kwantowy-swiat-czy-wiemy-juz-czego-nie-wiemy\/\">Read More&#8230;<\/a><\/p>\n","protected":false},"author":6706,"featured_media":7721,"template":"","meta":{"_expiration-date-status":"","_expiration-date":0,"_expiration-date-type":"","_expiration-date-categories":[],"_expiration-date-options":[]},"acf":[],"_links":{"self":[{"href":"https:\/\/us.edu.pl\/instytut\/ifiz\/wp-json\/wp\/v2\/event\/7720"}],"collection":[{"href":"https:\/\/us.edu.pl\/instytut\/ifiz\/wp-json\/wp\/v2\/event"}],"about":[{"href":"https:\/\/us.edu.pl\/instytut\/ifiz\/wp-json\/wp\/v2\/types\/event"}],"author":[{"embeddable":true,"href":"https:\/\/us.edu.pl\/instytut\/ifiz\/wp-json\/wp\/v2\/users\/6706"}],"version-history":[{"count":0,"href":"https:\/\/us.edu.pl\/instytut\/ifiz\/wp-json\/wp\/v2\/event\/7720\/revisions"}],"wp:featuredmedia":[{"embeddable":true,"href":"https:\/\/us.edu.pl\/instytut\/ifiz\/wp-json\/wp\/v2\/media\/7721"}],"wp:attachment":[{"href":"https:\/\/us.edu.pl\/instytut\/ifiz\/wp-json\/wp\/v2\/media?parent=7720"}],"curies":[{"name":"wp","href":"https:\/\/api.w.org\/{rel}","templated":true}]}}

Kwantowy świat: czy wiemy już czego nie wiemy?

<p><strong><span style="font-size: 14pt;">2025 Rokiem Kwantowej Nauki i Technologii</span></strong></p>
<p><span style="font-size: 14pt;">Jak to możliwe, że cząstka może być w dwóch miejscach naraz? Czy splątanie działa na odległość? I co fizyka kwantowa ma wspólnego z komputerami przyszłości, również tymi umożliwiającymi rozwój AI?</span></p>
<p><span style="font-size: 14pt;">Zapraszamy uczniów szkół średnich na wyjątkowe spotkanie z nauką, która zmienia nasz sposób myślenia o świecie i kształtuje technologie jutra.</span></p>
<p><span style="font-size: 14pt;">W programie wystąpienia profesorów akademickich, popularyzatorów nauki oraz przedstawicieli świata biznesu, którzy pokażą, jak fizyka kwantowa znajduje zastosowanie w przemyśle i informatyce.</span></p>
<p><span style="font-size: 14pt;">Zrozum – zobacz – zapytaj. Świat kwantów czeka!</span></p>

<p>2025 Rokiem Kwantowej Nauki i Technologii Jak to możliwe, że cząstka może być w dwóch miejscach naraz? Czy splątanie działa na odległość? I co fizyka kwantowa ma wspólnego z komputerami przyszłości, również tymi umożliwiającymi rozwój AI? Zapraszamy uczniów szkół średnich na wyjątkowe spotkanie z nauką, która zmienia nasz sposób myślenia o świecie i kształtuje technologie [&#8230;]</p>
<p><a class="btn btn-secondary understrap-read-more-link" href="https://us.edu.pl/instytut/ifiz/event/kwantowy-swiat-czy-wiemy-juz-czego-nie-wiemy/">Read More&#8230;</a></p>
