{"id":5634,"date":"2023-12-18T19:45:15","date_gmt":"2023-12-18T18:45:15","guid":{"rendered":"https:\/\/us.edu.pl\/instytut\/ifiz\/?post_type=multimedia&#038;p=5634"},"modified":"2024-11-19T18:38:43","modified_gmt":"2024-11-19T17:38:43","slug":"rok-kopernika-kosmos-i-my","status":"publish","type":"multimedia","link":"https:\/\/us.edu.pl\/instytut\/ifiz\/multimedia\/rok-kopernika-kosmos-i-my\/","title":{"rendered":"Rok Kopernika: Kosmos i My | prof. dr hab. Jan Sk\u0142adkowski, Kr\u00f3tka Historia Wszech\u015bwiata"},"content":{"rendered":"<p>https:\/\/youtu.be\/dxPFDjahrCs?start=2671&amp;end=4841<\/p>","protected":false},"excerpt":{"rendered":"<p>https:\/\/youtu.be\/dxPFDjahrCs?start=2671&amp;end=4841 [&#8230;]<\/p>\n<p><a class=\"btn btn-secondary understrap-read-more-link\" href=\"https:\/\/us.edu.pl\/instytut\/ifiz\/multimedia\/rok-kopernika-kosmos-i-my\/\">Read More&#8230;<\/a><\/p>\n","protected":false},"author":6706,"featured_media":5662,"template":"","meta":{"_expiration-date-status":"","_expiration-date":0,"_expiration-date-type":"","_expiration-date-categories":[],"_expiration-date-options":[]},"acf":[],"_links":{"self":[{"href":"https:\/\/us.edu.pl\/instytut\/ifiz\/wp-json\/wp\/v2\/multimedia\/5634"}],"collection":[{"href":"https:\/\/us.edu.pl\/instytut\/ifiz\/wp-json\/wp\/v2\/multimedia"}],"about":[{"href":"https:\/\/us.edu.pl\/instytut\/ifiz\/wp-json\/wp\/v2\/types\/multimedia"}],"author":[{"embeddable":true,"href":"https:\/\/us.edu.pl\/instytut\/ifiz\/wp-json\/wp\/v2\/users\/6706"}],"version-history":[{"count":0,"href":"https:\/\/us.edu.pl\/instytut\/ifiz\/wp-json\/wp\/v2\/multimedia\/5634\/revisions"}],"wp:featuredmedia":[{"embeddable":true,"href":"https:\/\/us.edu.pl\/instytut\/ifiz\/wp-json\/wp\/v2\/media\/5662"}],"wp:attachment":[{"href":"https:\/\/us.edu.pl\/instytut\/ifiz\/wp-json\/wp\/v2\/media?parent=5634"}],"curies":[{"name":"wp","href":"https:\/\/api.w.org\/{rel}","templated":true}]}}

Rok Kopernika: Kosmos i My | prof. dr hab. Jan Składkowski, Krótka Historia Wszechświata
