{"id":1536,"date":"2020-04-21T16:18:17","date_gmt":"2020-04-21T14:18:17","guid":{"rendered":"http:\/\/us.edu.pl\/instytut\/ifiz\/?page_id=1536"},"modified":"2024-02-21T13:04:22","modified_gmt":"2024-02-21T12:04:22","slug":"zastosowanie-metod-eksperymentalnych-fizyki-w-badaniach-fazy-skondensowanej","status":"publish","type":"page","link":"https:\/\/us.edu.pl\/instytut\/ifiz\/nauka\/zespoly-badawcze\/zastosowanie-metod-eksperymentalnych-fizyki-w-badaniach-fazy-skondensowanej\/","title":{"rendered":"Zesp\u00f3\u0142 fizyki kryszta\u0142\u00f3w"},"content":{"rendered":"<p>[vc_row][vc_column]\r\n                <div class=\"text-modules\">\r\n                    <div class=\"container\">\r\n                        \r\n                        <div class=\"text-modules__content\"><p><strong>Lider:<\/strong><\/p>\n<ul>\n<li><a href=\"https:\/\/ab.us.edu.pl\/emp?id=20702\">prof. dr hab. Sebastian Pawlus<\/a><\/li>\n<\/ul>\n<p><strong>Pracownicy badawczy i badawczo-dydaktyczni:<\/strong><\/p>\n<ul>\n<li><a href=\"https:\/\/ab.us.edu.pl\/emp?id=37771\">dr Monika Oboz<\/a><\/li>\n<li><a href=\"https:\/\/ab.us.edu.pl\/emp?id=27402\">dr Magdalena Szubka<\/a><\/li>\n<\/ul>\n<p><strong>Pracownicy techniczni:<\/strong><\/p>\n<ul>\n<li><a href=\"https:\/\/ab.us.edu.pl\/emp?id=8042\">dr Adam Guzik<\/a><\/li>\n<\/ul>\n<p>\n<\/div>\r\n                    <\/div>\r\n                <\/div>[\/vc_column][\/vc_row]<\/p>","protected":false},"excerpt":{"rendered":"<p>[vc_row][vc_column][\/vc_column][\/vc_row] [&#8230;]<\/p>\n<p><a class=\"btn btn-secondary understrap-read-more-link\" href=\"https:\/\/us.edu.pl\/instytut\/ifiz\/nauka\/zespoly-badawcze\/zastosowanie-metod-eksperymentalnych-fizyki-w-badaniach-fazy-skondensowanej\/\">Read More&#8230;<\/a><\/p>\n","protected":false},"author":104,"featured_media":0,"parent":321,"menu_order":120,"comment_status":"closed","ping_status":"closed","template":"","meta":{"_expiration-date-status":"","_expiration-date":0,"_expiration-date-type":"","_expiration-date-categories":[],"_expiration-date-options":[]},"acf":[],"_links":{"self":[{"href":"https:\/\/us.edu.pl\/instytut\/ifiz\/wp-json\/wp\/v2\/pages\/1536"}],"collection":[{"href":"https:\/\/us.edu.pl\/instytut\/ifiz\/wp-json\/wp\/v2\/pages"}],"about":[{"href":"https:\/\/us.edu.pl\/instytut\/ifiz\/wp-json\/wp\/v2\/types\/page"}],"author":[{"embeddable":true,"href":"https:\/\/us.edu.pl\/instytut\/ifiz\/wp-json\/wp\/v2\/users\/104"}],"replies":[{"embeddable":true,"href":"https:\/\/us.edu.pl\/instytut\/ifiz\/wp-json\/wp\/v2\/comments?post=1536"}],"version-history":[{"count":0,"href":"https:\/\/us.edu.pl\/instytut\/ifiz\/wp-json\/wp\/v2\/pages\/1536\/revisions"}],"up":[{"embeddable":true,"href":"https:\/\/us.edu.pl\/instytut\/ifiz\/wp-json\/wp\/v2\/pages\/321"}],"wp:attachment":[{"href":"https:\/\/us.edu.pl\/instytut\/ifiz\/wp-json\/wp\/v2\/media?parent=1536"}],"curies":[{"name":"wp","href":"https:\/\/api.w.org\/{rel}","templated":true}]}}

Zespół fizyki kryształów
