{"id":1581,"date":"2020-04-23T11:43:07","date_gmt":"2020-04-23T09:43:07","guid":{"rendered":"http:\/\/us.edu.pl\/instytut\/ifiz\/?page_id=1581"},"modified":"2026-03-06T14:38:30","modified_gmt":"2026-03-06T13:38:30","slug":"pracownia-hodowli-komorek","status":"publish","type":"page","link":"https:\/\/us.edu.pl\/instytut\/ifiz\/nauka\/laboratoria\/pracownia-hodowli-komorek\/","title":{"rendered":"Pracownia hodowli kom\u00f3rek"},"content":{"rendered":"<p>[vc_row][vc_column]\r\n                <div class=\"text-modules\">\r\n                    <div class=\"container\">\r\n                        <h3 class=\"page-title text__title\">Pracownia hodowli kom\u00f3rek<\/h3>\r\n                        <div class=\"text-modules__content\"><p><strong>Kierownik:<\/strong> dr hab. Anna Mrozek-Wilczkiewicz, <a href=\"mailto:anna.mrozek-wilczkiewicz@us.edu.pl\">anna.mrozek-wilczkiewicz@us.edu.pl<\/a><\/p>\n<p><strong>Opiekun:<\/strong> dr Katarzyna Malarz, <a href=\"mailto:katarzyna.malarz@us.edu.pl\">katarzyna.malarz@us.edu.pl<\/a><\/p>\n<p><strong>Tel.\/Phone:<\/strong> + 32 349 76 69<\/p>\n<p><strong>Lokalizacja:<\/strong> F\/1\/06<\/p>\n<p>&nbsp;<\/p>\n<h3>O NAS<\/h3>\n<p>Prace badawcze realizowane w sterylnej pracowni hodowli kom\u00f3rek obejmuj\u0105 g\u0142\u00f3wnie charakterystyk\u0119 nowych pochodnych z grupy tiosemikarbazon\u00f3w, chinolin, chinazolin, glikokoniugat\u00f3w oraz nanomateria\u0142\u00f3w fullerenowych i cieczy jonowych pod k\u0105tem ich zastosowania jako potencjalnych lek\u00f3w przeciwnowotworowych. Po wst\u0119pnej ocenie cytotoksyczno\u015bci oraz selektywno\u015bci na kilku liniach kom\u00f3rek nowotworowych oraz prawid\u0142owych, prowadzone s\u0105 dalsze badania maj\u0105ce na celu ustalenie mechanizmu dzia\u0142ania, w tym odpowiedzi stosowanych zwi\u0105zk\u00f3w na zmiany ekspresji w zakresie genomu oraz proteomu. Dodatkowo, dla zasad Schiffa oraz pochodnych opartych na pier\u015bcieniu fenotiazyny prowadzone s\u0105 oznaczenia pod k\u0105tem potencjalnego zastosowania jako sond do barwienia organelli kom\u00f3rkowych.<\/p>\n<p>Ponadto, na szczeg\u00f3ln\u0105 uwag\u0119 zas\u0142uguje rozwijany w pracowni nurt zastosowania badanych pochodnych w innych terapiach jak terapia fotodynamiczna (PDT) i jej modyfikacje, w tym immunoterapia oraz terapia ALA-PDT z chelatorami \u017celaza. Takie innowacyjne podej\u015bcie \u0142\u0105cz\u0105ce ma\u0142oinwazyjn\u0105 terapii fotodynamicznej z celowan\u0105 immunoterapi\u0105 lub chelatorami \u017celaza daje nie tylko bardzo skuteczny efekt, ale przede wszystkim niski poziom toksyczno\u015bci w stosunku do zdrowych tkanek. Terapie te ze wzgl\u0119du na stopie\u0144 zaawansowania bada\u0144 maj\u0105 du\u017cy potencja\u0142 aplikacyjny.<\/p>\n<p>Innym kierunkiem bada\u0144 s\u0105 prace dotycz\u0105ce toksyczno\u015bci nanomateria\u0142\u00f3w, w tym w szczeg\u00f3lno\u015bci nanocz\u0105stek srebra, miedzi oraz materia\u0142\u00f3w dentystycznych PEEK, Ti i ZrO2, kt\u00f3rych powierzchnia jest wcze\u015bniej fotofunkcjonalizowana wobec linii kom\u00f3rek prawid\u0142owych, typu fibroblast\u00f3w. Okre\u015blenie toksyczno\u015bci otrzymywanych nanomateria\u0142\u00f3w jest niezwykle istotne ze wzgl\u0119du na potencjalne zastosowanie tych kompozyt\u00f3w przy wyrobie materia\u0142\u00f3w codziennego u\u017cytku, powierzchni u\u017cytkowych, czy te\u017c implant\u00f3w. Dodatkowo, prowadzone s\u0105 badania przyczepno\u015bci i wzrostu kom\u00f3rek na materia\u0142ach.<\/p>\n<h3>NASZA APARATURA<\/h3>\n<ul>\n<li>Komora laminarna II klasy bezpiecze\u0144stwa, model KS12 firmy Thermo Scientific;<\/li>\n<li>2 komory laminarne II klasy bezpiecze\u0144stwa model BIO100 firmy Alpina;<\/li>\n<li>Licznik kom\u00f3rek Biorad TC10;<\/li>\n<li>2 inkubatory CO2 Heracell\u2122 150i firmy Thermo Scientific;<\/li>\n<li>Stanowisko do na\u015bwietlania kom\u00f3rek \u2013 m.in. diody Thorlabs;<\/li>\n<\/ul>\n<h3>TEMATYKA BADAWCZA<\/h3>\n<ul>\n<li>Charakterystyka nowych pod k\u0105tem ich zastosowania jako potencjalnych lek\u00f3w przeciwnowotworowych;<\/li>\n<li>Okre\u015blenie selektywno\u015bci wzgl\u0119dem kom\u00f3rek prawid\u0142owych;<\/li>\n<li>Ustalenie mechanizmu dzia\u0142ania w\/w pochodnych w oparciu o analiz\u0119 ekspresji gen\u00f3w, zmian poziomu bia\u0142ek, zmiany morfologiczne i inne.<\/li>\n<\/ul>\n<h3>ZAKRES US\u0141UG<\/h3>\n<ul>\n<li>Sterylna hodowla kom\u00f3rek ludzkich\/zwierz\u0119cych;<\/li>\n<li>Badanie cytotoksyczno\u015bci potencjalnych lek\u00f3w;<\/li>\n<li>Analiza mechanizmu dzia\u0142ania potencjalnych lek\u00f3w.<\/li>\n<\/ul>\n<p>\n<\/div>\r\n                    <\/div>\r\n                <\/div>            \r\n                    <div class=\"container\">\r\n                        <div class=\"gallery gallery_3\" data-images-in-row=\"3\">\r\n                            \r\n                            <div class=\"row m-0\">\r\n                                <a data-fancybox-group=\"button\" title=\"\" data-fancybox=\"2913\" href=\"https:\/\/us.edu.pl\/instytut\/ifiz\/wp-content\/uploads\/sites\/39\/Laboratoria\/Pracownia-hodowli-kom\u00f3rek.jpg\" class=\"gallery__item thumbnail\"\r\n                                    style=\"background-image: url(https:\/\/us.edu.pl\/instytut\/ifiz\/wp-content\/uploads\/sites\/39\/Laboratoria\/Pracownia-hodowli-kom\u00f3rek-1024x576.jpg)\"> <span class=\"d-none\">https:\/\/us.edu.pl\/instytut\/ifiz\/wp-content\/uploads\/sites\/39\/Laboratoria\/Pracownia-hodowli-kom\u00f3rek.jpg<\/span> <\/a>\r\n                            <\/div>\r\n                    <\/div>\r\n                <\/div>[\/vc_column][\/vc_row]<\/p>","protected":false},"excerpt":{"rendered":"<p>[vc_row][vc_column][\/vc_column][\/vc_row] [&#8230;]<\/p>\n<p><a class=\"btn btn-secondary understrap-read-more-link\" href=\"https:\/\/us.edu.pl\/instytut\/ifiz\/nauka\/laboratoria\/pracownia-hodowli-komorek\/\">Read More&#8230;<\/a><\/p>\n","protected":false},"author":104,"featured_media":0,"parent":1177,"menu_order":230,"comment_status":"closed","ping_status":"closed","template":"","meta":{"_expiration-date-status":"","_expiration-date":0,"_expiration-date-type":"","_expiration-date-categories":[],"_expiration-date-options":[]},"acf":[],"_links":{"self":[{"href":"https:\/\/us.edu.pl\/instytut\/ifiz\/wp-json\/wp\/v2\/pages\/1581"}],"collection":[{"href":"https:\/\/us.edu.pl\/instytut\/ifiz\/wp-json\/wp\/v2\/pages"}],"about":[{"href":"https:\/\/us.edu.pl\/instytut\/ifiz\/wp-json\/wp\/v2\/types\/page"}],"author":[{"embeddable":true,"href":"https:\/\/us.edu.pl\/instytut\/ifiz\/wp-json\/wp\/v2\/users\/104"}],"replies":[{"embeddable":true,"href":"https:\/\/us.edu.pl\/instytut\/ifiz\/wp-json\/wp\/v2\/comments?post=1581"}],"version-history":[{"count":0,"href":"https:\/\/us.edu.pl\/instytut\/ifiz\/wp-json\/wp\/v2\/pages\/1581\/revisions"}],"up":[{"embeddable":true,"href":"https:\/\/us.edu.pl\/instytut\/ifiz\/wp-json\/wp\/v2\/pages\/1177"}],"wp:attachment":[{"href":"https:\/\/us.edu.pl\/instytut\/ifiz\/wp-json\/wp\/v2\/media?parent=1581"}],"curies":[{"name":"wp","href":"https:\/\/api.w.org\/{rel}","templated":true}]}}