{"id":1770,"date":"2020-06-02T11:52:11","date_gmt":"2020-06-02T09:52:11","guid":{"rendered":"https:\/\/us.edu.pl\/instytut\/ifiz\/?page_id=1770"},"modified":"2021-01-20T19:48:01","modified_gmt":"2021-01-20T18:48:01","slug":"techniki-spektrometrii-jadrowej-w-badaniach-srodowiskowych-i-medycznych","status":"publish","type":"page","link":"https:\/\/us.edu.pl\/instytut\/ifiz\/nauka\/zespoly-badawcze\/fizyka-jadrowa-w-badaniach-oddzialywan-i-jej-zastosowania\/techniki-spektrometrii-jadrowej-w-badaniach-srodowiskowych-i-medycznych\/","title":{"rendered":"Techniki spektrometrii j\u0105drowej w badaniach \u015brodowiskowych i medycznych"},"content":{"rendered":"<p>[vc_row el_class=&#8221;container&#8221;][vc_column][vc_row_inner][vc_column_inner width=&#8221;1\/4&#8243;]\r\n                <div class=\"text-modules\">\r\n                    <div class=\"container\">\r\n                        \r\n                        <div class=\"text-modules__content\"><p>Grupa badawcza:<\/p>\n<ul>\n<li><a href=\"https:\/\/ab.us.edu.pl\/emp?id=13022\">dr hab. Beata Koz\u0142owska<\/a><\/li>\n<li>dr Agata Walencik-\u0141ata<\/li>\n<li>dr Katarzyna Szkliniarz<\/li>\n<\/ul>\n<p>\n<\/div>\r\n                    <\/div>\r\n                <\/div>[\/vc_column_inner][vc_column_inner width=&#8221;3\/4&#8243;]\r\n                <div class=\"text-modules\">\r\n                    <div class=\"container\">\r\n                        \r\n                        <div class=\"text-modules__content\"><\/p>\n<header class=\"entry-header\">\n<h4 class=\"entry-title\" style=\"text-align: left\">Techniki spektrometrii j\u0105drowej w badaniach \u015brodowiskowych i medycznych<\/h4>\n<\/header>\n<p>Badania naukowe prowadzone w Laboratorium Badania Niskich Aktywno\u015bci (LabNA) koncentruj\u0105 si\u0119 g\u0142\u00f3wnie wok\u00f3\u0142 pomiar\u00f3w promieniotw\u00f3rczo\u015bci naturalnej i sztucznej w pr\u00f3bach \u015brodowiskowych sta\u0142ych i ciek\u0142ych.<\/p>\n<p>G\u0142\u00f3wnym nurtem prowadzonych bada\u0144 s\u0105 pomiary st\u0119\u017ce\u0144 aktywno\u015bci izotop\u00f3w <sup>226<\/sup>Ra, <sup>232<\/sup>Th(<sup>228<\/sup>Ac), <sup>40<\/sup>K w pr\u00f3bach sta\u0142ych z wykorzystaniem techniki spektrometrii gamma i izotop\u00f3w <sup>234,238<\/sup>U w pr\u00f3bach sta\u0142ych i ciek\u0142ych z u\u017cyciem spektrometrii alfa. Prowadzone badania dotycz\u0105 zawarto\u015bci tych izotop\u00f3w w materia\u0142ach takich jak gleby, ska\u0142y zbiornikowe, w\u0119giel i produkty jego spalania. Pomiary promieniotw\u00f3rczo\u015bci w\u00f3d (g\u0142\u00f3wnie z obszaru po\u0142udniowej Polski) dotycz\u0105 obecno\u015bci izotop\u00f3w <sup>234,238<\/sup>U (spektrometria alfa), <sup>226,228<\/sup>Ra oraz gazowego <sup>222<\/sup>Rn (technika ciek\u0142oscyntylacyjna). Izotopy radonu analizowane s\u0105 r\u00f3wnie\u017c w powietrzu mieszkalnym i glebowym z u\u017cyciem przeno\u015bnego spektrometru RAD7 firmy Durridge, USA. Prowadzona jest wsp\u00f3\u0142praca naukowa w ramach dzia\u0142alno\u015bci Centrum Radonowego-Pozarz\u0105dowej Polskiej Sieci Naukowej (<a href=\"http:\/\/centrum-radonowe.gig.eu\/\">http:\/\/centrum-radonowe.gig.eu\/<\/a>). W ramach realizowanych projekt\u00f3w BSUIN i EUL badana jest promieniotw\u00f3rczo\u015b\u0107 naturalna w podziemnych laboratoriach regionu Morza Ba\u0142tyckigo. Ponadto, w LabNA prowadzone s\u0105 badania polegaj\u0105ce na testach zastosowania i wdro\u017cenia nowych detektor\u00f3w w dozymetrii medycznej.<\/p>\n<p><a href=\"https:\/\/us.edu.pl\/instytut\/ifiz\/nauka\/laboratoria\/laboratorium-badania-niskich-aktywnosci\/\">Link do strony laboratorium<\/a><\/p>\n<\/div>\r\n                    <\/div>\r\n                <\/div>[\/vc_column_inner][\/vc_row_inner][\/vc_column][\/vc_row]<\/p>","protected":false},"excerpt":{"rendered":"<p>[vc_row el_class=&#8221;container&#8221;][vc_column][vc_row_inner][vc_column_inner width=&#8221;1\/4&#8243;][\/vc_column_inner][vc_column_inner width=&#8221;3\/4&#8243;][\/vc_column_inner][\/vc_row_inner][\/vc_column][\/vc_row] [&#8230;]<\/p>\n<p><a class=\"btn btn-secondary understrap-read-more-link\" href=\"https:\/\/us.edu.pl\/instytut\/ifiz\/nauka\/zespoly-badawcze\/fizyka-jadrowa-w-badaniach-oddzialywan-i-jej-zastosowania\/techniki-spektrometrii-jadrowej-w-badaniach-srodowiskowych-i-medycznych\/\">Read More&#8230;<\/a><\/p>\n","protected":false},"author":104,"featured_media":0,"parent":1416,"menu_order":0,"comment_status":"closed","ping_status":"closed","template":"","meta":{"_expiration-date-status":"saved","_expiration-date":0,"_expiration-date-type":"","_expiration-date-categories":[],"_expiration-date-options":[]},"acf":[],"_links":{"self":[{"href":"https:\/\/us.edu.pl\/instytut\/ifiz\/wp-json\/wp\/v2\/pages\/1770"}],"collection":[{"href":"https:\/\/us.edu.pl\/instytut\/ifiz\/wp-json\/wp\/v2\/pages"}],"about":[{"href":"https:\/\/us.edu.pl\/instytut\/ifiz\/wp-json\/wp\/v2\/types\/page"}],"author":[{"embeddable":true,"href":"https:\/\/us.edu.pl\/instytut\/ifiz\/wp-json\/wp\/v2\/users\/104"}],"replies":[{"embeddable":true,"href":"https:\/\/us.edu.pl\/instytut\/ifiz\/wp-json\/wp\/v2\/comments?post=1770"}],"version-history":[{"count":0,"href":"https:\/\/us.edu.pl\/instytut\/ifiz\/wp-json\/wp\/v2\/pages\/1770\/revisions"}],"up":[{"embeddable":true,"href":"https:\/\/us.edu.pl\/instytut\/ifiz\/wp-json\/wp\/v2\/pages\/1416"}],"wp:attachment":[{"href":"https:\/\/us.edu.pl\/instytut\/ifiz\/wp-json\/wp\/v2\/media?parent=1770"}],"curies":[{"name":"wp","href":"https:\/\/api.w.org\/{rel}","templated":true}]}}