{"id":1914,"date":"2020-07-13T12:11:44","date_gmt":"2020-07-13T10:11:44","guid":{"rendered":"https:\/\/us.edu.pl\/instytut\/ifiz\/?page_id=1914"},"modified":"2026-03-06T15:09:59","modified_gmt":"2026-03-06T14:09:59","slug":"pracownie-technologii-suchej-i-mokrej","status":"publish","type":"page","link":"https:\/\/us.edu.pl\/instytut\/ifiz\/nauka\/laboratoria\/pracownie-technologii-suchej-i-mokrej\/","title":{"rendered":"Pracownie: Technologii Suchej i Mokrej"},"content":{"rendered":"<p>[vc_row][vc_column]\r\n                <div class=\"text-modules\">\r\n                    <div class=\"container\">\r\n                        <h3 class=\"page-title text__title\">Pracownie: Technologii Suchej i Mokrej<\/h3>\r\n                        <div class=\"text-modules__content\"><p><strong>Kierownik: <\/strong>prof. dr hab. Krystian Roleder, <a href=\"mailto:krystian.roleder@us.edu.pl\">krystian.roleder@us.edu.pl<\/a><\/p>\n<p><strong>Opiekunowie: <\/strong>mgr Irena Gruszka, <a href=\"mailto:irena.gruszka@us.edu.pl\">irena.gruszka@us.edu.pl<\/a><\/p>\n<p><strong>Tel.\/Phone:<\/strong> +32 349 3811<\/p>\n<p><strong>Lokalizacja:<\/strong> 021, 022 (przyziemie budynek L)<\/p>\n<p>&nbsp;<\/p>\n<h3>O NAS<\/h3>\n<p>Tematyka prac badawczych realizowanych w pracowniach technologicznych obejmuje syntez\u0119 materia\u0142\u00f3w zar\u00f3wno w postaci polikrystalicznych ceramik jak i monokryszta\u0142\u00f3w oraz wymian\u0119 protonow\u0105. Synteza prowadzona jest przy zastosowaniu nast\u0119puj\u0105cych technologii: reakcji w fazie sta\u0142ej, reakcji w roztworach i hodowli monokryszta\u0142\u00f3w ze stopionych soli. Przygotowane \u00a0w pracowniach zwi\u0105zki poddane s\u0105 obr\u00f3bce termicznej w specjalistycznych piecach wysokotemperaturowych.\u00a0 Uzyskane materia\u0142y poddawane s\u0105 analizie sk\u0142adu, po czym badane pod wzgl\u0119dem w\u0142asno\u015bci elektrycznych, mechanicznych i optycznych. Ponadto korzystaj\u0105c z aparatury do wymiany protonowej mo\u017cna przeprowadzi\u0107 modyfikacj\u0119 warstwy powierzchniowej kryszta\u0142\u00f3w. Reakcja chemiczna prowadzona jest w \u015brodowisku st\u0119\u017conego kwasu\u00a0 azotowego(V), w temperaturze nie przekraczaj\u0105cej\u00a0 120\u00b0C, dla wielogodzinnych przedzia\u0142\u00f3w czasowych (np. 120h, 240h, 480h, 720h).<\/p>\n<h3>NASZA APARATURA<\/h3>\n<ul>\n<li>Komora laminarna Erlab;<\/li>\n<li>Komora wyci\u0105gowa Vetox 120;<\/li>\n<li>Komory manipulacyjne Dy-15;<\/li>\n<li>M\u0142yn planetarno \u2013kulowy PM 100;<\/li>\n<li>M\u0142yn miksuj\u0105cy MM200;<\/li>\n<li>Przesiewacz AS 200;<\/li>\n<li>Wagi analityczne (2 szt.);<\/li>\n<li>Prasy hydrauliczne (2 szt.);<\/li>\n<li>Myjka ultrad\u017awi\u0119kowa UR 1;<\/li>\n<li>Laboratoryjna wir\u00f3wka elektryczna;<\/li>\n<li>Suszarka laboratoryjna;<\/li>\n<li>Aparatura do wymiany protonowej.<\/li>\n<\/ul>\n<h3>TEMATYKA BADAWCZA<\/h3>\n<ul>\n<li>Otrzymywanie wielosk\u0142adnikowych materia\u0142\u00f3w tlenkowych g\u0142\u00f3wnie typu ABO<sub>3 <\/sub>o strukturze perowskitu oraz typu ABO<sub>4<\/sub> o strukturze szelitu (wolframitu). Powy\u017csze zwi\u0105zki uzyskiwane s\u0105 za pomoc\u0105 klasycznej metody syntezy w fazie sta\u0142ej, techniki zol-\u017cel oraz wysokotemperaturowej hodowli monokryszta\u0142\u00f3w metod\u0105 flux.<\/li>\n<li>Modyfikacja warstwy powierzchniowej kryszta\u0142\u00f3w.<\/li>\n<\/ul>\n<h3>ZAKRES US\u0141UG<\/h3>\n<p>Pracownia technologii suchej wyposa\u017cona jest w niezb\u0119dne urz\u0105dzenia umo\u017cliwiaj\u0105ce przygotowywanie materia\u0142\u00f3w wyj\u015bciowych i po\u015brednich, z kt\u00f3rych ostatecznie otrzymywane s\u0105 polikrystaliczne materia\u0142y ceramiczne oraz kryszta\u0142y o za\u0142o\u017conym sk\u0142adzie stechiometrycznym. Dobrej jako\u015bci materia\u0142y mo\u017cna uzyska\u0107 stosuj\u0105c r\u00f3\u017cne technologie, w szczeg\u00f3lno\u015bci klasyczn\u0105 metod\u0119 reakcji w fazie sta\u0142ej.<\/p>\n<p>Pracownia technologii mokrej jest wyposa\u017cona w niezb\u0119dne dygestoria, dzi\u0119ki kt\u00f3rym w spos\u00f3b bezpieczny mo\u017cna prowadzi\u0107 reakcje chemiczne w roztworach. Niejednokrotnie stosuj\u0105c bardzo agresywne reagenty chemiczne. Jako przyk\u0142ad mo\u017ce pos\u0142u\u017cy\u0107 prowadzenie reakcji wymiany protonowej w kryszta\u0142ach w \u015brodowisku agresywnego st\u0119\u017conego kwasu azotowego(V) oraz zastosowanie techniki zol- \u017cel do otrzymywania nanoproszk\u00f3w.<\/p>\n<\/div>\r\n                    <\/div>\r\n                <\/div>            \r\n                    <div class=\"container\">\r\n                        <div class=\"gallery gallery_3\" data-images-in-row=\"3\">\r\n                            \r\n                            <div class=\"row m-0\">\r\n                                <a data-fancybox-group=\"button\" title=\"\" data-fancybox=\"5547\" href=\"https:\/\/us.edu.pl\/instytut\/ifiz\/wp-content\/uploads\/sites\/39\/Laboratoria\/Pracownie-Technologii-Suchej-i-Mokrej-1.jpg\" class=\"gallery__item thumbnail\"\r\n                                    style=\"background-image: url(https:\/\/us.edu.pl\/instytut\/ifiz\/wp-content\/uploads\/sites\/39\/Laboratoria\/Pracownie-Technologii-Suchej-i-Mokrej-1.jpg)\"> <span class=\"d-none\">https:\/\/us.edu.pl\/instytut\/ifiz\/wp-content\/uploads\/sites\/39\/Laboratoria\/Pracownie-Technologii-Suchej-i-Mokrej-1.jpg<\/span> <\/a><a data-fancybox-group=\"button\" title=\"\" data-fancybox=\"5547\" href=\"https:\/\/us.edu.pl\/instytut\/ifiz\/wp-content\/uploads\/sites\/39\/Laboratoria\/Pracownie-Technologii-Suchej-i-Mokrej-3.jpg\" class=\"gallery__item thumbnail\"\r\n                                    style=\"background-image: url(https:\/\/us.edu.pl\/instytut\/ifiz\/wp-content\/uploads\/sites\/39\/Laboratoria\/Pracownie-Technologii-Suchej-i-Mokrej-3.jpg)\"> <span class=\"d-none\">https:\/\/us.edu.pl\/instytut\/ifiz\/wp-content\/uploads\/sites\/39\/Laboratoria\/Pracownie-Technologii-Suchej-i-Mokrej-3.jpg<\/span> <\/a><a data-fancybox-group=\"button\" title=\"\" data-fancybox=\"5547\" href=\"https:\/\/us.edu.pl\/instytut\/ifiz\/wp-content\/uploads\/sites\/39\/Laboratoria\/Pracownie-Technologii-Suchej-i-Mokrej-2.jpg\" class=\"gallery__item thumbnail\"\r\n                                    style=\"background-image: url(https:\/\/us.edu.pl\/instytut\/ifiz\/wp-content\/uploads\/sites\/39\/Laboratoria\/Pracownie-Technologii-Suchej-i-Mokrej-2.jpg)\"> <span class=\"d-none\">https:\/\/us.edu.pl\/instytut\/ifiz\/wp-content\/uploads\/sites\/39\/Laboratoria\/Pracownie-Technologii-Suchej-i-Mokrej-2.jpg<\/span> <\/a>\r\n                            <\/div>\r\n                    <\/div>\r\n                <\/div>[\/vc_column][\/vc_row]<\/p>","protected":false},"excerpt":{"rendered":"<p>[vc_row][vc_column][\/vc_column][\/vc_row] [&#8230;]<\/p>\n<p><a class=\"btn btn-secondary understrap-read-more-link\" href=\"https:\/\/us.edu.pl\/instytut\/ifiz\/nauka\/laboratoria\/pracownie-technologii-suchej-i-mokrej\/\">Read More&#8230;<\/a><\/p>\n","protected":false},"author":104,"featured_media":0,"parent":1177,"menu_order":310,"comment_status":"closed","ping_status":"closed","template":"","meta":{"_expiration-date-status":"","_expiration-date":0,"_expiration-date-type":"","_expiration-date-categories":[],"_expiration-date-options":[]},"acf":[],"_links":{"self":[{"href":"https:\/\/us.edu.pl\/instytut\/ifiz\/wp-json\/wp\/v2\/pages\/1914"}],"collection":[{"href":"https:\/\/us.edu.pl\/instytut\/ifiz\/wp-json\/wp\/v2\/pages"}],"about":[{"href":"https:\/\/us.edu.pl\/instytut\/ifiz\/wp-json\/wp\/v2\/types\/page"}],"author":[{"embeddable":true,"href":"https:\/\/us.edu.pl\/instytut\/ifiz\/wp-json\/wp\/v2\/users\/104"}],"replies":[{"embeddable":true,"href":"https:\/\/us.edu.pl\/instytut\/ifiz\/wp-json\/wp\/v2\/comments?post=1914"}],"version-history":[{"count":0,"href":"https:\/\/us.edu.pl\/instytut\/ifiz\/wp-json\/wp\/v2\/pages\/1914\/revisions"}],"up":[{"embeddable":true,"href":"https:\/\/us.edu.pl\/instytut\/ifiz\/wp-json\/wp\/v2\/pages\/1177"}],"wp:attachment":[{"href":"https:\/\/us.edu.pl\/instytut\/ifiz\/wp-json\/wp\/v2\/media?parent=1914"}],"curies":[{"name":"wp","href":"https:\/\/api.w.org\/{rel}","templated":true}]}}