{"id":2229,"date":"2020-11-06T11:49:55","date_gmt":"2020-11-06T10:49:55","guid":{"rendered":"https:\/\/us.edu.pl\/instytut\/ifiz\/?page_id=2229"},"modified":"2020-11-10T18:45:11","modified_gmt":"2020-11-10T17:45:11","slug":"synchrotron-solaris-najwieksze-polskie-narzedzie-badawcze","status":"publish","type":"page","link":"https:\/\/us.edu.pl\/instytut\/ifiz\/synchrotron-solaris-najwieksze-polskie-narzedzie-badawcze\/","title":{"rendered":"Synchrotron SOLARIS \u2013 najwi\u0119ksze polskie narz\u0119dzie badawcze"},"content":{"rendered":"<p>[vc_row][vc_column]\r\n                <div class=\"text-modules\">\r\n                    <div class=\"container\">\r\n                        <h3 class=\"page-title text__title\">Synchrotron SOLARIS \u2013 najwi\u0119ksze polskie narz\u0119dzie badawcze<\/h3>\r\n                        <div class=\"text-modules__content\"><p>W Polsce od kilku lat dzia\u0142a i szybko si\u0119 rozwija pot\u0119\u017cne narz\u0119dzie badawcze \u2013 synchrotron SOLARIS. W trakcie wyk\u0142adu przedstawi\u0119 jak dzia\u0142a synchrotron i jaka jest specyfika SOLARIS-a. Poka\u017c\u0119 jakie badania mo\u017cna tam wykonywa\u0107 obecnie i w kt\u00f3r\u0105 stron\u0119 skierowany jest rozw\u00f3j synchrotronu w najbli\u017cszych latach. Synchrotron pracuje w Krakowie, ale jego zwi\u0105zek z Instytutem Fizyki Uniwersytetu \u015al\u0105skiego jest bardzo bliski \u2013 w\u0142a\u015bnie trwaj\u0105 testy linii badawczej PHELIX, kt\u00f3ra powsta\u0142a we wsp\u00f3\u0142pracy SOLARIS-a i naszego Instytutu.<\/p>\n<\/div>\r\n                    <\/div>\r\n                <\/div>\r\n                <div class=\"text-modules\">\r\n                    <div class=\"container\">\r\n                        <h3 class=\"page-title text__title\">Jacek Szade<\/h3>\r\n                        <div class=\"text-modules__content\"><p><img class=\"alignnone size-full wp-image-2162\" src=\"https:\/\/us.edu.pl\/instytut\/ifiz\/wp-content\/uploads\/sites\/39\/Rok_Fizyki_2020\/Prof-Szade-o.jpg\" alt=\"\" width=\"250\" height=\"250\" srcset=\"https:\/\/us.edu.pl\/instytut\/ifiz\/wp-content\/uploads\/sites\/39\/Rok_Fizyki_2020\/Prof-Szade-o.jpg 250w, https:\/\/us.edu.pl\/instytut\/ifiz\/wp-content\/uploads\/sites\/39\/Rok_Fizyki_2020\/Prof-Szade-o-150x150.jpg 150w\" sizes=\"(max-width: 250px) 100vw, 250px\" \/><\/p>\n<p>Prof. Jacek Szade kieruje Laboratorium Fizyki Powierzchni w Instytucie Fizyki U\u015a. Laboratorium to sk\u0142ada si\u0119 z zaawansowanych urz\u0105dze\u0144 do wzrostu cienkich warstw i charakteryzacji materia\u0142\u00f3w z wykorzystaniem spektroskopii fotoelektronowej (XPS i UPS), spektroskopii masowej (TOF SIMS), spektroskopii elektronowej Auger (AES), mikroskopii sond skanuj\u0105cych (AFM\/STM), dyfrakcji elektron\u00f3w. Prof. Szade jest liderem zespo\u0142u badawczego \u201eW\u0142a\u015bciwo\u015bci strukturalne, elektronowe i magnetyczne materia\u0142\u00f3w litych oraz nano- i bio-uk\u0142ad\u00f3w\u201d. Badania w jego grupie koncentruj\u0105 si\u0119 na ultra-cienkich warstwach izolator\u00f3w topologicznych, badaniach przej\u015b\u0107 izolator-metal w materia\u0142ach tlenkowych, badaniach nanocz\u0105steczek, powierzchni implant\u00f3w i wielu innych nowoczesnych materia\u0142\u00f3w. Od ponad 20 lat zajmuje si\u0119 te\u017c badaniami z wykorzystaniem promieniowania synchrotronowego, a obecnie jest kierownikiem Dzia\u0142u Naukowego Narodowego Centrum Promieniowania Synchrotronowego SOLARIS.<\/p>\n<\/div>\r\n                    <\/div>\r\n                <\/div>[\/vc_column][\/vc_row]<\/p>","protected":false},"excerpt":{"rendered":"<p>[vc_row][vc_column][\/vc_column][\/vc_row] [&#8230;]<\/p>\n<p><a class=\"btn btn-secondary understrap-read-more-link\" href=\"https:\/\/us.edu.pl\/instytut\/ifiz\/synchrotron-solaris-najwieksze-polskie-narzedzie-badawcze\/\">Read More&#8230;<\/a><\/p>\n","protected":false},"author":104,"featured_media":0,"parent":0,"menu_order":20,"comment_status":"closed","ping_status":"closed","template":"","meta":{"_expiration-date-status":"saved","_expiration-date":0,"_expiration-date-type":"","_expiration-date-categories":[],"_expiration-date-options":[]},"acf":[],"_links":{"self":[{"href":"https:\/\/us.edu.pl\/instytut\/ifiz\/wp-json\/wp\/v2\/pages\/2229"}],"collection":[{"href":"https:\/\/us.edu.pl\/instytut\/ifiz\/wp-json\/wp\/v2\/pages"}],"about":[{"href":"https:\/\/us.edu.pl\/instytut\/ifiz\/wp-json\/wp\/v2\/types\/page"}],"author":[{"embeddable":true,"href":"https:\/\/us.edu.pl\/instytut\/ifiz\/wp-json\/wp\/v2\/users\/104"}],"replies":[{"embeddable":true,"href":"https:\/\/us.edu.pl\/instytut\/ifiz\/wp-json\/wp\/v2\/comments?post=2229"}],"version-history":[{"count":0,"href":"https:\/\/us.edu.pl\/instytut\/ifiz\/wp-json\/wp\/v2\/pages\/2229\/revisions"}],"wp:attachment":[{"href":"https:\/\/us.edu.pl\/instytut\/ifiz\/wp-json\/wp\/v2\/media?parent=2229"}],"curies":[{"name":"wp","href":"https:\/\/api.w.org\/{rel}","templated":true}]}}

Synchrotron SOLARIS – największe polskie narzędzie badawcze

<p>[vc_row][vc_column]
                <div class="text-modules">
                    <div class="container">
                        <h3 class="page-title text__title">Synchrotron SOLARIS – największe polskie narzędzie badawcze</h3>
                        <div class="text-modules__content"><p>W Polsce od kilku lat działa i szybko się rozwija potężne narzędzie badawcze – synchrotron SOLARIS. W trakcie wykładu przedstawię jak działa synchrotron i jaka jest specyfika SOLARIS-a. Pokażę jakie badania można tam wykonywać obecnie i w którą stronę skierowany jest rozwój synchrotronu w najbliższych latach. Synchrotron pracuje w Krakowie, ale jego związek z Instytutem Fizyki Uniwersytetu Śląskiego jest bardzo bliski – właśnie trwają testy linii badawczej PHELIX, która powstała we współpracy SOLARIS-a i naszego Instytutu.</p>
</div>
                    </div>
                </div>
                <div class="text-modules">
                    <div class="container">
                        <h3 class="page-title text__title">Jacek Szade</h3>
                        <div class="text-modules__content"><p><img class="alignnone size-full wp-image-2162" src="https://us.edu.pl/instytut/ifiz/wp-content/uploads/sites/39/Rok_Fizyki_2020/Prof-Szade-o.jpg" alt="" width="250" height="250" srcset="https://us.edu.pl/instytut/ifiz/wp-content/uploads/sites/39/Rok_Fizyki_2020/Prof-Szade-o.jpg 250w, https://us.edu.pl/instytut/ifiz/wp-content/uploads/sites/39/Rok_Fizyki_2020/Prof-Szade-o-150x150.jpg 150w" sizes="(max-width: 250px) 100vw, 250px" /></p>
<p>Prof. Jacek Szade kieruje Laboratorium Fizyki Powierzchni w Instytucie Fizyki UŚ. Laboratorium to składa się z zaawansowanych urządzeń do wzrostu cienkich warstw i charakteryzacji materiałów z wykorzystaniem spektroskopii fotoelektronowej (XPS i UPS), spektroskopii masowej (TOF SIMS), spektroskopii elektronowej Auger (AES), mikroskopii sond skanujących (AFM/STM), dyfrakcji elektronów. Prof. Szade jest liderem zespołu badawczego „Właściwości strukturalne, elektronowe i magnetyczne materiałów litych oraz nano- i bio-układów”. Badania w jego grupie koncentrują się na ultra-cienkich warstwach izolatorów topologicznych, badaniach przejść izolator-metal w materiałach tlenkowych, badaniach nanocząsteczek, powierzchni implantów i wielu innych nowoczesnych materiałów. Od ponad 20 lat zajmuje się też badaniami z wykorzystaniem promieniowania synchrotronowego, a obecnie jest kierownikiem Działu Naukowego Narodowego Centrum Promieniowania Synchrotronowego SOLARIS.</p>
</div>
                    </div>
                </div>[/vc_column][/vc_row]</p>
